-- https://www.phpmyadmin.net/
--




--
-- Database: `wowy`
--

-- --------------------------------------------------------

--
-- Table structure for table `activations`
--

CREATE TABLE `activations` (
  `id` bigint(20) UNSIGNED NOT NULL,
  `user_id` int(10) UNSIGNED NOT NULL,
  `code` varchar(120) COLLATE utf8mb4_unicode_ci NOT NULL,
  `completed` tinyint(1) NOT NULL DEFAULT '0',
  `completed_at` timestamp NULL DEFAULT NULL,
  `created_at` timestamp NULL DEFAULT NULL,
  `updated_at` timestamp NULL DEFAULT NULL
) ENGINE=InnoDB DEFAULT CHARSET=utf8mb4 COLLATE=utf8mb4_unicode_ci;

--
-- Dumping data for table `activations`
--

INSERT INTO `activations` (`id`, `user_id`, `code`, `completed`, `completed_at`, `created_at`, `updated_at`) VALUES
(1, 1, 'ImFrOoHWuiTLUf03hrhakPXvKFji0mC7', 1, '2021-08-24 08:00:27', '2021-08-24 08:00:27', '2021-08-24 08:00:27');

-- --------------------------------------------------------

--
-- Table structure for table `ads`
--

CREATE TABLE `ads` (
  `id` bigint(20) UNSIGNED NOT NULL,
  `name` varchar(255) COLLATE utf8mb4_unicode_ci NOT NULL,
  `expired_at` datetime DEFAULT NULL,
  `location` varchar(120) COLLATE utf8mb4_unicode_ci DEFAULT NULL,
  `key` varchar(120) COLLATE utf8mb4_unicode_ci NOT NULL,
  `image` varchar(255) COLLATE utf8mb4_unicode_ci DEFAULT NULL,
  `url` varchar(255) COLLATE utf8mb4_unicode_ci DEFAULT NULL,
  `clicked` bigint(20) NOT NULL DEFAULT '0',
  `order` int(11) DEFAULT '0',
  `status` varchar(60) COLLATE utf8mb4_unicode_ci NOT NULL DEFAULT 'published',
  `created_at` timestamp NULL DEFAULT NULL,
  `updated_at` timestamp NULL DEFAULT NULL
) ENGINE=InnoDB DEFAULT CHARSET=utf8mb4 COLLATE=utf8mb4_unicode_ci;

--
-- Dumping data for table `ads`
--

INSERT INTO `ads` (`id`, `name`, `expired_at`, `location`, `key`, `image`, `url`, `clicked`, `order`, `status`, `created_at`, `updated_at`) VALUES
(1, 'Smart Offer', '2026-08-24 00:00:00', 'not_set', 'IZ6WU8KUALYD', 'promotion/1.png', '/products', 0, 1, 'published', '2021-08-24 08:00:33', '2021-08-24 08:00:33'),
(2, 'Sale off', '2026-08-24 00:00:00', 'not_set', 'ILSFJVYFGCPZ', 'promotion/2.png', '/products', 0, 2, 'published', '2021-08-24 08:00:33', '2021-08-24 08:00:33'),
(3, 'New Arrivals', '2026-08-24 00:00:00', 'not_set', 'ILSDKVYFGXPH', 'promotion/3.png', '/products', 0, 3, 'published', '2021-08-24 08:00:33', '2021-08-24 08:00:33'),
(4, 'Gaming Area', '2026-08-24 00:00:00', 'not_set', 'ILSDKVYFGXPJ', 'promotion/4.png', '/products', 0, 4, 'published', '2021-08-24 08:00:33', '2021-08-24 08:00:33'),
(5, 'Smart Offer', '2026-08-24 00:00:00', 'not_set', 'IZ6WU8KUALYE', 'promotion/5.png', '/products', 0, 5, 'published', '2021-08-24 08:00:33', '2021-08-24 08:00:33'),
(6, 'Repair Services', '2026-08-24 00:00:00', 'banner-big', 'IZ6WU8KUALYF', 'promotion/6.png', '/products', 0, 6, 'published', '2021-08-24 08:00:33', '2021-08-24 08:00:33');

-- --------------------------------------------------------

--
-- Table structure for table `audit_histories`
--

CREATE TABLE `audit_histories` (
  `id` bigint(20) UNSIGNED NOT NULL,
  `user_id` int(10) UNSIGNED NOT NULL,
  `module` varchar(60) COLLATE utf8mb4_unicode_ci NOT NULL,
  `request` text COLLATE utf8mb4_unicode_ci,
  `action` varchar(120) COLLATE utf8mb4_unicode_ci NOT NULL,
  `user_agent` text COLLATE utf8mb4_unicode_ci,
  `ip_address` varchar(39) COLLATE utf8mb4_unicode_ci DEFAULT NULL,
  `reference_user` int(10) UNSIGNED NOT NULL,
  `reference_id` int(10) UNSIGNED NOT NULL,
  `reference_name` varchar(255) COLLATE utf8mb4_unicode_ci NOT NULL,
  `type` varchar(20) COLLATE utf8mb4_unicode_ci NOT NULL,
  `created_at` timestamp NULL DEFAULT NULL,
  `updated_at` timestamp NULL DEFAULT NULL
) ENGINE=InnoDB DEFAULT CHARSET=utf8mb4 COLLATE=utf8mb4_unicode_ci;

-- --------------------------------------------------------

--
-- Table structure for table `categories`
--

CREATE TABLE `categories` (
  `id` bigint(20) UNSIGNED NOT NULL,
  `name` varchar(120) COLLATE utf8mb4_unicode_ci NOT NULL,
  `parent_id` int(10) UNSIGNED NOT NULL DEFAULT '0',
  `description` varchar(400) COLLATE utf8mb4_unicode_ci DEFAULT NULL,
  `status` varchar(60) COLLATE utf8mb4_unicode_ci NOT NULL DEFAULT 'published',
  `author_id` int(11) NOT NULL,
  `author_type` varchar(255) COLLATE utf8mb4_unicode_ci NOT NULL DEFAULT 'Botble\\ACL\\Models\\User',
  `icon` varchar(60) COLLATE utf8mb4_unicode_ci DEFAULT NULL,
  `order` tinyint(4) NOT NULL DEFAULT '0',
  `is_featured` tinyint(4) NOT NULL DEFAULT '0',
  `is_default` tinyint(3) UNSIGNED NOT NULL DEFAULT '0',
  `created_at` timestamp NULL DEFAULT NULL,
  `updated_at` timestamp NULL DEFAULT NULL
) ENGINE=InnoDB DEFAULT CHARSET=utf8mb4 COLLATE=utf8mb4_unicode_ci;

--
-- Dumping data for table `categories`
--

INSERT INTO `categories` (`id`, `name`, `parent_id`, `description`, `status`, `author_id`, `author_type`, `icon`, `order`, `is_featured`, `is_default`, `created_at`, `updated_at`) VALUES
(1, 'Ecommerce', 0, 'In facilis saepe quo asperiores doloremque fuga. Est quas nesciunt libero omnis tempore tempora. Optio voluptate deleniti voluptas. Ab eligendi aspernatur cum vel.', 'published', 1, 'Botble\\ACL\\Models\\User', NULL, 0, 0, 1, '2021-08-24 08:00:26', '2021-08-24 08:00:26'),
(2, 'Fashion', 0, 'Odio explicabo praesentium corrupti odio aut nulla explicabo. Alias aperiam aut rerum tenetur aut et repudiandae. Sunt quo et fugit doloribus aut tenetur. Porro rerum doloremque dolores est qui et.', 'published', 1, 'Botble\\ACL\\Models\\User', NULL, 0, 1, 0, '2021-08-24 08:00:26', '2021-08-24 08:00:26'),
(3, 'Electronic', 0, 'Voluptatem enim qui excepturi qui est ut rerum. Et adipisci eius dolor assumenda quis. Hic eum est optio consectetur omnis expedita. Perspiciatis omnis exercitationem sequi accusamus quod porro ut.', 'published', 1, 'Botble\\ACL\\Models\\User', NULL, 0, 1, 0, '2021-08-24 08:00:26', '2021-08-24 08:00:26'),
(4, 'Commercial', 0, 'Quae voluptatem distinctio eius ad. Cumque ut optio aliquam qui eos. Aut earum nesciunt blanditiis. Amet ea et quisquam dolorem aliquid.', 'published', 1, 'Botble\\ACL\\Models\\User', NULL, 0, 1, 0, '2021-08-24 08:00:26', '2021-08-24 08:00:26'),
(5, 'Thương mại điện tử', 0, 'Ex aliquam magni voluptatem aspernatur voluptatum voluptatum quibusdam. Corrupti qui neque mollitia quia. Magnam minima et nam at expedita. Nam eius est dolorem tempora sunt.', 'published', 1, 'Botble\\ACL\\Models\\User', NULL, 0, 0, 1, '2021-08-24 08:00:26', '2021-08-24 08:00:26'),
(6, 'Fashion', 0, 'Suscipit deserunt qui sit sunt ut nam. Sunt fugit enim repellendus porro hic. Reiciendis id et eius modi nulla. Repudiandae perspiciatis porro sunt commodi facilis.', 'published', 1, 'Botble\\ACL\\Models\\User', NULL, 0, 1, 0, '2021-08-24 08:00:26', '2021-08-24 08:00:26'),
(7, 'Electronic', 0, 'Quis nihil delectus et voluptas. Sit sit omnis quisquam laborum nihil. Consequuntur nesciunt sit accusantium ad fugiat debitis odio.', 'published', 1, 'Botble\\ACL\\Models\\User', NULL, 0, 1, 0, '2021-08-24 08:00:26', '2021-08-24 08:00:26'),
(8, 'Thương mại', 0, 'Dignissimos ut et error iusto tempora. Unde consequatur expedita ullam magni aspernatur iusto enim quo. Consequatur tenetur qui minus odit iure modi dolor. Deserunt ut repellat quo nostrum corrupti.', 'published', 1, 'Botble\\ACL\\Models\\User', NULL, 0, 1, 0, '2021-08-24 08:00:26', '2021-08-24 08:00:26');

-- --------------------------------------------------------

--
-- Table structure for table `contacts`
--

CREATE TABLE `contacts` (
  `id` bigint(20) UNSIGNED NOT NULL,
  `name` varchar(60) COLLATE utf8mb4_unicode_ci NOT NULL,
  `email` varchar(60) COLLATE utf8mb4_unicode_ci NOT NULL,
  `phone` varchar(60) COLLATE utf8mb4_unicode_ci DEFAULT NULL,
  `address` varchar(120) COLLATE utf8mb4_unicode_ci DEFAULT NULL,
  `subject` varchar(120) COLLATE utf8mb4_unicode_ci DEFAULT NULL,
  `content` longtext COLLATE utf8mb4_unicode_ci NOT NULL,
  `status` varchar(60) COLLATE utf8mb4_unicode_ci NOT NULL DEFAULT 'unread',
  `created_at` timestamp NULL DEFAULT NULL,
  `updated_at` timestamp NULL DEFAULT NULL
) ENGINE=InnoDB DEFAULT CHARSET=utf8mb4 COLLATE=utf8mb4_unicode_ci;

-- --------------------------------------------------------

--
-- Table structure for table `contact_replies`
--

CREATE TABLE `contact_replies` (
  `id` bigint(20) UNSIGNED NOT NULL,
  `message` longtext COLLATE utf8mb4_unicode_ci NOT NULL,
  `contact_id` int(11) NOT NULL,
  `created_at` timestamp NULL DEFAULT NULL,
  `updated_at` timestamp NULL DEFAULT NULL
) ENGINE=InnoDB DEFAULT CHARSET=utf8mb4 COLLATE=utf8mb4_unicode_ci;

-- --------------------------------------------------------

--
-- Table structure for table `dashboard_widgets`
--

CREATE TABLE `dashboard_widgets` (
  `id` bigint(20) UNSIGNED NOT NULL,
  `name` varchar(120) COLLATE utf8mb4_unicode_ci NOT NULL,
  `created_at` timestamp NULL DEFAULT NULL,
  `updated_at` timestamp NULL DEFAULT NULL
) ENGINE=InnoDB DEFAULT CHARSET=utf8mb4 COLLATE=utf8mb4_unicode_ci;

-- --------------------------------------------------------

--
-- Table structure for table `dashboard_widget_settings`
--

CREATE TABLE `dashboard_widget_settings` (
  `id` bigint(20) UNSIGNED NOT NULL,
  `settings` text COLLATE utf8mb4_unicode_ci,
  `user_id` int(10) UNSIGNED NOT NULL,
  `widget_id` int(10) UNSIGNED NOT NULL,
  `order` tinyint(3) UNSIGNED NOT NULL DEFAULT '0',
  `status` tinyint(3) UNSIGNED NOT NULL DEFAULT '1',
  `created_at` timestamp NULL DEFAULT NULL,
  `updated_at` timestamp NULL DEFAULT NULL
) ENGINE=InnoDB DEFAULT CHARSET=utf8mb4 COLLATE=utf8mb4_unicode_ci;

-- --------------------------------------------------------

--
-- Table structure for table `ec_brands`
--

CREATE TABLE `ec_brands` (
  `id` bigint(20) UNSIGNED NOT NULL,
  `name` varchar(191) COLLATE utf8mb4_unicode_ci NOT NULL,
  `description` mediumtext COLLATE utf8mb4_unicode_ci,
  `website` varchar(255) COLLATE utf8mb4_unicode_ci DEFAULT NULL,
  `logo` varchar(255) COLLATE utf8mb4_unicode_ci DEFAULT NULL,
  `status` varchar(60) COLLATE utf8mb4_unicode_ci NOT NULL DEFAULT 'published',
  `order` tinyint(3) UNSIGNED NOT NULL DEFAULT '0',
  `is_featured` tinyint(3) UNSIGNED NOT NULL DEFAULT '0',
  `created_at` timestamp NULL DEFAULT NULL,
  `updated_at` timestamp NULL DEFAULT NULL
) ENGINE=InnoDB DEFAULT CHARSET=utf8mb4 COLLATE=utf8mb4_unicode_ci;

--
-- Dumping data for table `ec_brands`
--

INSERT INTO `ec_brands` (`id`, `name`, `description`, `website`, `logo`, `status`, `order`, `is_featured`, `created_at`, `updated_at`) VALUES
(1, 'Perxsion', NULL, NULL, 'brands/1.png', 'published', 0, 1, '2021-08-24 07:58:09', '2021-08-24 07:58:09'),
(2, 'Hiching', NULL, NULL, 'brands/2.png', 'published', 1, 1, '2021-08-24 07:58:09', '2021-08-24 07:58:09'),
(3, 'Kepslo', NULL, NULL, 'brands/3.png', 'published', 2, 1, '2021-08-24 07:58:09', '2021-08-24 07:58:09'),
(4, 'Groneba', NULL, NULL, 'brands/4.png', 'published', 3, 1, '2021-08-24 07:58:09', '2021-08-24 07:58:09'),
(5, 'Babian', NULL, NULL, 'brands/5.png', 'published', 4, 1, '2021-08-24 07:58:09', '2021-08-24 07:58:09'),
(6, 'Valorant', NULL, NULL, 'brands/6.png', 'published', 5, 1, '2021-08-24 07:58:09', '2021-08-24 07:58:09'),
(7, 'Pure', NULL, NULL, 'brands/7.png', 'published', 6, 1, '2021-08-24 07:58:09', '2021-08-24 07:58:09');

-- --------------------------------------------------------

--
-- Table structure for table `ec_brands_translations`
--

CREATE TABLE `ec_brands_translations` (
  `lang_code` varchar(191) COLLATE utf8mb4_unicode_ci NOT NULL,
  `ec_brands_id` int(11) NOT NULL,
  `name` varchar(191) COLLATE utf8mb4_unicode_ci DEFAULT NULL,
  `description` varchar(191) COLLATE utf8mb4_unicode_ci DEFAULT NULL
) ENGINE=InnoDB DEFAULT CHARSET=utf8mb4 COLLATE=utf8mb4_unicode_ci;

--
-- Dumping data for table `ec_brands_translations`
--

INSERT INTO `ec_brands_translations` (`lang_code`, `ec_brands_id`, `name`, `description`) VALUES
('vi', 1, 'Perxsion', NULL),
('vi', 2, 'Hiching', NULL),
('vi', 3, 'Kepslo', NULL),
('vi', 4, 'Groneba', NULL),
('vi', 5, 'Babian', NULL),
('vi', 6, 'Valorant', NULL),
('vi', 7, 'Pure', NULL);

-- --------------------------------------------------------

--
-- Table structure for table `ec_cart`
--

CREATE TABLE `ec_cart` (
  `identifier` varchar(191) COLLATE utf8mb4_unicode_ci NOT NULL,
  `instance` varchar(191) COLLATE utf8mb4_unicode_ci NOT NULL,
  `content` longtext COLLATE utf8mb4_unicode_ci NOT NULL,
  `created_at` timestamp NULL DEFAULT NULL,
  `updated_at` timestamp NULL DEFAULT NULL
) ENGINE=InnoDB DEFAULT CHARSET=utf8mb4 COLLATE=utf8mb4_unicode_ci;

-- --------------------------------------------------------

--
-- Table structure for table `ec_currencies`
--

CREATE TABLE `ec_currencies` (
  `id` bigint(20) UNSIGNED NOT NULL,
  `title` varchar(191) COLLATE utf8mb4_unicode_ci NOT NULL,
  `symbol` varchar(10) COLLATE utf8mb4_unicode_ci NOT NULL,
  `is_prefix_symbol` tinyint(3) UNSIGNED NOT NULL DEFAULT '0',
  `decimals` tinyint(3) UNSIGNED DEFAULT '0',
  `order` int(10) UNSIGNED DEFAULT '0',
  `is_default` tinyint(4) NOT NULL DEFAULT '0',
  `exchange_rate` double NOT NULL DEFAULT '1',
  `created_at` timestamp NULL DEFAULT NULL,
  `updated_at` timestamp NULL DEFAULT NULL
) ENGINE=InnoDB DEFAULT CHARSET=utf8mb4 COLLATE=utf8mb4_unicode_ci;

--
-- Dumping data for table `ec_currencies`
--

INSERT INTO `ec_currencies` (`id`, `title`, `symbol`, `is_prefix_symbol`, `decimals`, `order`, `is_default`, `exchange_rate`, `created_at`, `updated_at`) VALUES
(1, 'USD', '$', 1, 2, 0, 1, 1, '2021-08-24 07:58:09', '2021-08-24 07:58:09'),
(2, 'EUR', '€', 0, 2, 1, 0, 0.84, '2021-08-24 07:58:09', '2021-08-24 07:58:09'),
(3, 'VND', '₫', 0, 0, 2, 0, 23203, '2021-08-24 07:58:09', '2021-08-24 07:58:09');

-- --------------------------------------------------------

--
-- Table structure for table `ec_customers`
--

CREATE TABLE `ec_customers` (
  `id` bigint(20) UNSIGNED NOT NULL,
  `name` varchar(191) COLLATE utf8mb4_unicode_ci NOT NULL,
  `email` varchar(191) COLLATE utf8mb4_unicode_ci NOT NULL,
  `password` varchar(191) COLLATE utf8mb4_unicode_ci NOT NULL,
  `avatar` varchar(255) COLLATE utf8mb4_unicode_ci DEFAULT NULL,
  `dob` date DEFAULT NULL,
  `phone` varchar(25) COLLATE utf8mb4_unicode_ci DEFAULT NULL,
  `remember_token` varchar(100) COLLATE utf8mb4_unicode_ci DEFAULT NULL,
  `created_at` timestamp NULL DEFAULT NULL,
  `updated_at` timestamp NULL DEFAULT NULL,
  `confirmed_at` datetime DEFAULT NULL,
  `email_verify_token` varchar(120) COLLATE utf8mb4_unicode_ci DEFAULT NULL
) ENGINE=InnoDB DEFAULT CHARSET=utf8mb4 COLLATE=utf8mb4_unicode_ci;

--
-- Dumping data for table `ec_customers`
--

INSERT INTO `ec_customers` (`id`, `name`, `email`, `password`, `avatar`, `dob`, `phone`, `remember_token`, `created_at`, `updated_at`, `confirmed_at`, `email_verify_token`) VALUES
(1, 'John Smith', 'john.smith@botble.com', '$2y$10$Cop7kY7TuTeNsc2ZTLoJVO6OTZy7cpC.q9tu7DfehtfiLH4/Fhgsq', 'customers/1.jpg', NULL, '+19850096400', NULL, '2021-08-24 07:59:30', '2021-08-24 07:59:30', '2021-08-24 14:59:30', NULL),
(2, 'Marlon Prosacco', 'ohara.stephania@example.net', '$2y$10$PVQETofeD9bLgofzlLwgTul4Y8xd2vnGicBrWhWwwdZ6IUB2VUMFi', 'customers/1.jpg', NULL, '+17024032875', NULL, '2021-08-24 07:59:30', '2021-08-24 07:59:31', '2021-08-24 14:59:31', NULL),
(3, 'Caleb Miller', 'deangelo.kuphal@example.com', '$2y$10$/coIss6seZd.r6gAnLlw7O40HwUWt1gmrGT1bJ/Wq1m6B4zFXnd2O', 'customers/2.jpg', NULL, '+19548192017', NULL, '2021-08-24 07:59:31', '2021-08-24 07:59:31', '2021-08-24 14:59:31', NULL),
(4, 'Dr. Emmett Schroeder', 'qhilpert@example.com', '$2y$10$0TUKpLn4W6nrZktgawB01uVZQvdpyMpBFhiy/g6St3wT89xNYCZU6', 'customers/3.jpg', NULL, '+17342008884', NULL, '2021-08-24 07:59:31', '2021-08-24 07:59:31', '2021-08-24 14:59:31', NULL),
(5, 'Dr. Dominic Corkery Jr.', 'vhintz@example.org', '$2y$10$JltwWkEpGe7gSDNqiLt.nOCIU11TKms.iDLscG43LAWtJThCLahMS', 'customers/4.jpg', NULL, '+18020070877', NULL, '2021-08-24 07:59:32', '2021-08-24 07:59:32', '2021-08-24 14:59:32', NULL),
(6, 'Priscilla Blick', 'kade.hettinger@example.com', '$2y$10$8mW50.NmZUzdytTz5KrqcuGg6o3B7KMS0YrXrj8tkcvGt7FKspwha', 'customers/5.jpg', NULL, '+12481135337', NULL, '2021-08-24 07:59:32', '2021-08-24 07:59:32', '2021-08-24 14:59:32', NULL),
(7, 'Rosalinda Wilderman', 'jayce.bauch@example.org', '$2y$10$uuVf9JjJ0oF3Byq48hbg.ufj9qCebBNR0gOnGiC6wYfLkfyvqEYF.', 'customers/6.jpg', NULL, '+17023126209', NULL, '2021-08-24 07:59:32', '2021-08-24 07:59:32', '2021-08-24 14:59:32', NULL),
(8, 'Dr. Tyrell Mohr', 'wiegand.rosamond@example.org', '$2y$10$4p7zC/qZYqa4lXPgj8lIpObll43rmNOI6zaycPhvb8wqQKntUKsoy', 'customers/7.jpg', NULL, '+12817827991', NULL, '2021-08-24 07:59:33', '2021-08-24 07:59:33', '2021-08-24 14:59:33', NULL),
(9, 'Chadrick Kshlerin', 'aliya.schmidt@example.net', '$2y$10$7p3GPNyPxuJcuek8Pj6T5eeMffk.ybPTVyJsAikDtAZI8TS72xmHW', 'customers/8.jpg', NULL, '+16509410015', NULL, '2021-08-24 07:59:33', '2021-08-24 07:59:33', '2021-08-24 14:59:33', NULL);

-- --------------------------------------------------------

--
-- Table structure for table `ec_customer_addresses`
--

CREATE TABLE `ec_customer_addresses` (
  `id` bigint(20) UNSIGNED NOT NULL,
  `name` varchar(191) COLLATE utf8mb4_unicode_ci NOT NULL,
  `email` varchar(60) COLLATE utf8mb4_unicode_ci DEFAULT NULL,
  `phone` varchar(191) COLLATE utf8mb4_unicode_ci NOT NULL,
  `country` varchar(120) COLLATE utf8mb4_unicode_ci DEFAULT NULL,
  `state` varchar(120) COLLATE utf8mb4_unicode_ci DEFAULT NULL,
  `city` varchar(120) COLLATE utf8mb4_unicode_ci DEFAULT NULL,
  `address` varchar(191) COLLATE utf8mb4_unicode_ci NOT NULL,
  `customer_id` int(10) UNSIGNED NOT NULL,
  `is_default` tinyint(3) UNSIGNED NOT NULL DEFAULT '0',
  `created_at` timestamp NULL DEFAULT NULL,
  `updated_at` timestamp NULL DEFAULT NULL,
  `zip_code` varchar(20) COLLATE utf8mb4_unicode_ci DEFAULT NULL
) ENGINE=InnoDB DEFAULT CHARSET=utf8mb4 COLLATE=utf8mb4_unicode_ci;

--
-- Dumping data for table `ec_customer_addresses`
--

INSERT INTO `ec_customer_addresses` (`id`, `name`, `email`, `phone`, `country`, `state`, `city`, `address`, `customer_id`, `is_default`, `created_at`, `updated_at`, `zip_code`) VALUES
(1, 'John Smith', 'john.smith@botble.com', '+13417565197', 'ER', 'Washington', 'West Clemens', '178 Haag Causeway Apt. 636', 1, 1, '2021-08-24 07:59:30', '2021-08-24 07:59:30', '59364-1518'),
(2, 'John Smith', 'john.smith@botble.com', '+16801562202', 'GF', 'Maine', 'New Lela', '94457 Nienow Center', 1, 0, '2021-08-24 07:59:30', '2021-08-24 07:59:30', '44642'),
(3, 'Marlon Prosacco', 'ohara.stephania@example.net', '+17650443031', 'BM', 'Rhode Island', 'North Frederikland', '85119 Wisozk Ramp Apt. 319', 2, 1, '2021-08-24 07:59:31', '2021-08-24 07:59:31', '90255'),
(4, 'Caleb Miller', 'deangelo.kuphal@example.com', '+15184376406', 'TV', 'Oklahoma', 'Port Anjali', '328 Hickle Meadow', 3, 1, '2021-08-24 07:59:31', '2021-08-24 07:59:31', '37349'),
(5, 'Dr. Emmett Schroeder', 'qhilpert@example.com', '+16606935375', 'DM', 'Washington', 'Westville', '345 Javon Port Suite 626', 4, 1, '2021-08-24 07:59:31', '2021-08-24 07:59:31', '60392'),
(6, 'Dr. Dominic Corkery Jr.', 'vhintz@example.org', '+15805494223', 'VG', 'Illinois', 'Lake Matteofurt', '4833 Turcotte Course', 5, 1, '2021-08-24 07:59:32', '2021-08-24 07:59:32', '41541-7514'),
(7, 'Priscilla Blick', 'kade.hettinger@example.com', '+16028465973', 'AU', 'North Dakota', 'Sengerstad', '9347 Jordyn Burg Apt. 057', 6, 1, '2021-08-24 07:59:32', '2021-08-24 07:59:32', '91800-7244'),
(8, 'Rosalinda Wilderman', 'jayce.bauch@example.org', '+17206542749', 'WS', 'Indiana', 'South Uriahstad', '603 Augusta Ferry', 7, 1, '2021-08-24 07:59:32', '2021-08-24 07:59:32', '06888'),
(9, 'Dr. Tyrell Mohr', 'wiegand.rosamond@example.org', '+14697160365', 'JO', 'North Carolina', 'Fayberg', '94564 O\'Conner Coves Apt. 758', 8, 1, '2021-08-24 07:59:33', '2021-08-24 07:59:33', '88259-8814'),
(10, 'Chadrick Kshlerin', 'aliya.schmidt@example.net', '+15643560571', 'ST', 'Virginia', 'Kingstad', '507 Lebsack Lake Suite 345', 9, 1, '2021-08-24 07:59:33', '2021-08-24 07:59:33', '89084-2393');

-- --------------------------------------------------------

--
-- Table structure for table `ec_customer_password_resets`
--

CREATE TABLE `ec_customer_password_resets` (
  `email` varchar(191) COLLATE utf8mb4_unicode_ci NOT NULL,
  `token` varchar(191) COLLATE utf8mb4_unicode_ci NOT NULL,
  `created_at` timestamp NULL DEFAULT NULL
) ENGINE=InnoDB DEFAULT CHARSET=utf8mb4 COLLATE=utf8mb4_unicode_ci;

-- --------------------------------------------------------

--
-- Table structure for table `ec_discounts`
--

CREATE TABLE `ec_discounts` (
  `id` bigint(20) UNSIGNED NOT NULL,
  `title` varchar(120) COLLATE utf8mb4_unicode_ci DEFAULT NULL,
  `code` varchar(20) COLLATE utf8mb4_unicode_ci DEFAULT NULL,
  `start_date` datetime DEFAULT NULL,
  `end_date` datetime DEFAULT NULL,
  `quantity` int(11) DEFAULT NULL,
  `total_used` int(10) UNSIGNED NOT NULL DEFAULT '0',
  `value` double DEFAULT NULL,
  `type` varchar(60) COLLATE utf8mb4_unicode_ci DEFAULT 'coupon',
  `can_use_with_promotion` tinyint(1) NOT NULL DEFAULT '0',
  `discount_on` varchar(20) COLLATE utf8mb4_unicode_ci DEFAULT NULL,
  `product_quantity` int(10) UNSIGNED DEFAULT NULL,
  `type_option` varchar(100) COLLATE utf8mb4_unicode_ci NOT NULL DEFAULT 'amount',
  `target` varchar(100) COLLATE utf8mb4_unicode_ci NOT NULL DEFAULT 'all-orders',
  `min_order_price` decimal(15,2) DEFAULT NULL,
  `created_at` timestamp NULL DEFAULT NULL,
  `updated_at` timestamp NULL DEFAULT NULL
) ENGINE=InnoDB DEFAULT CHARSET=utf8mb4 COLLATE=utf8mb4_unicode_ci;

-- --------------------------------------------------------

--
-- Table structure for table `ec_discount_customers`
--

CREATE TABLE `ec_discount_customers` (
  `discount_id` int(10) UNSIGNED NOT NULL,
  `customer_id` int(10) UNSIGNED NOT NULL
) ENGINE=InnoDB DEFAULT CHARSET=utf8mb4 COLLATE=utf8mb4_unicode_ci;

-- --------------------------------------------------------

--
-- Table structure for table `ec_discount_products`
--

CREATE TABLE `ec_discount_products` (
  `discount_id` int(10) UNSIGNED NOT NULL,
  `product_id` int(10) UNSIGNED NOT NULL
) ENGINE=InnoDB DEFAULT CHARSET=utf8mb4 COLLATE=utf8mb4_unicode_ci;

-- --------------------------------------------------------

--
-- Table structure for table `ec_discount_product_collections`
--

CREATE TABLE `ec_discount_product_collections` (
  `discount_id` int(10) UNSIGNED NOT NULL,
  `product_collection_id` int(10) UNSIGNED NOT NULL
) ENGINE=InnoDB DEFAULT CHARSET=utf8mb4 COLLATE=utf8mb4_unicode_ci;

-- --------------------------------------------------------

--
-- Table structure for table `ec_flash_sales`
--

CREATE TABLE `ec_flash_sales` (
  `id` bigint(20) UNSIGNED NOT NULL,
  `name` varchar(255) COLLATE utf8mb4_unicode_ci NOT NULL,
  `end_date` datetime NOT NULL,
  `status` varchar(60) COLLATE utf8mb4_unicode_ci NOT NULL DEFAULT 'published',
  `created_at` timestamp NULL DEFAULT NULL,
  `updated_at` timestamp NULL DEFAULT NULL
) ENGINE=InnoDB DEFAULT CHARSET=utf8mb4 COLLATE=utf8mb4_unicode_ci;

--
-- Dumping data for table `ec_flash_sales`
--

INSERT INTO `ec_flash_sales` (`id`, `name`, `end_date`, `status`, `created_at`, `updated_at`) VALUES
(1, 'Deal of the Day.', '2021-09-24 00:00:00', 'published', '2021-08-24 07:59:34', '2021-08-24 07:59:34'),
(2, 'Gadgets & Accessories', '2021-09-29 00:00:00', 'published', '2021-08-24 07:59:34', '2021-08-24 07:59:34');

-- --------------------------------------------------------

--
-- Table structure for table `ec_flash_sales_translations`
--

CREATE TABLE `ec_flash_sales_translations` (
  `lang_code` varchar(191) COLLATE utf8mb4_unicode_ci NOT NULL,
  `ec_flash_sales_id` int(11) NOT NULL,
  `name` varchar(191) COLLATE utf8mb4_unicode_ci DEFAULT NULL
) ENGINE=InnoDB DEFAULT CHARSET=utf8mb4 COLLATE=utf8mb4_unicode_ci;

--
-- Dumping data for table `ec_flash_sales_translations`
--

INSERT INTO `ec_flash_sales_translations` (`lang_code`, `ec_flash_sales_id`, `name`) VALUES
('vi', 1, 'Khuyến mãi trong ngày.'),
('vi', 2, 'Tiện ích & Phụ kiện');

-- --------------------------------------------------------

--
-- Table structure for table `ec_flash_sale_products`
--

CREATE TABLE `ec_flash_sale_products` (
  `flash_sale_id` int(10) UNSIGNED NOT NULL,
  `product_id` int(10) UNSIGNED NOT NULL,
  `price` double UNSIGNED DEFAULT NULL,
  `quantity` int(10) UNSIGNED DEFAULT NULL,
  `sold` int(10) UNSIGNED NOT NULL DEFAULT '0'
) ENGINE=InnoDB DEFAULT CHARSET=utf8mb4 COLLATE=utf8mb4_unicode_ci;

--
-- Dumping data for table `ec_flash_sale_products`
--

INSERT INTO `ec_flash_sale_products` (`flash_sale_id`, `product_id`, `price`, `quantity`, `sold`) VALUES
(1, 1, 265.32, 8, 5),
(2, 11, 86.4, 11, 1);

-- --------------------------------------------------------

--
-- Table structure for table `ec_grouped_products`
--

CREATE TABLE `ec_grouped_products` (
  `id` bigint(20) UNSIGNED NOT NULL,
  `parent_product_id` int(10) UNSIGNED NOT NULL,
  `product_id` int(10) UNSIGNED NOT NULL,
  `fixed_qty` int(11) NOT NULL DEFAULT '1'
) ENGINE=InnoDB DEFAULT CHARSET=utf8mb4 COLLATE=utf8mb4_unicode_ci;

-- --------------------------------------------------------

--
-- Table structure for table `ec_orders`
--

CREATE TABLE `ec_orders` (
  `id` bigint(20) UNSIGNED NOT NULL,
  `user_id` int(10) UNSIGNED NOT NULL,
  `shipping_option` varchar(60) COLLATE utf8mb4_unicode_ci DEFAULT NULL,
  `shipping_method` varchar(60) COLLATE utf8mb4_unicode_ci NOT NULL DEFAULT 'default',
  `status` varchar(120) COLLATE utf8mb4_unicode_ci NOT NULL DEFAULT 'pending',
  `amount` decimal(15,2) NOT NULL,
  `tax_amount` decimal(15,2) DEFAULT NULL,
  `shipping_amount` decimal(15,2) DEFAULT NULL,
  `description` text COLLATE utf8mb4_unicode_ci,
  `coupon_code` varchar(120) COLLATE utf8mb4_unicode_ci DEFAULT NULL,
  `discount_amount` decimal(15,2) DEFAULT NULL,
  `sub_total` decimal(15,2) NOT NULL,
  `is_confirmed` tinyint(1) NOT NULL DEFAULT '0',
  `discount_description` varchar(255) COLLATE utf8mb4_unicode_ci DEFAULT NULL,
  `is_finished` tinyint(1) DEFAULT '1',
  `token` varchar(120) COLLATE utf8mb4_unicode_ci DEFAULT NULL,
  `payment_id` int(10) UNSIGNED DEFAULT NULL,
  `created_at` timestamp NULL DEFAULT NULL,
  `updated_at` timestamp NULL DEFAULT NULL
) ENGINE=InnoDB DEFAULT CHARSET=utf8mb4 COLLATE=utf8mb4_unicode_ci;

--
-- Dumping data for table `ec_orders`
--

INSERT INTO `ec_orders` (`id`, `user_id`, `shipping_option`, `shipping_method`, `status`, `amount`, `tax_amount`, `shipping_amount`, `description`, `coupon_code`, `discount_amount`, `sub_total`, `is_confirmed`, `discount_description`, `is_finished`, `token`, `payment_id`, `created_at`, `updated_at`) VALUES
(1, 8, '1', 'default', 'completed', '486.90', '23.90', '0.00', NULL, NULL, '0.00', '463.00', 1, NULL, 1, 's8y2ITRJoBQaMUCKUhGgTOMG5CkWT', 1, '2021-08-17 15:59:35', '2021-08-24 07:59:36'),
(2, 7, '1', 'default', 'pending', '475.70', '22.70', '0.00', NULL, NULL, '0.00', '453.00', 1, NULL, 1, 'hYW1WdYZyi9ZrPcCREptAOHh0fcwP', 2, '2021-08-10 01:59:35', '2021-08-24 07:59:35'),
(3, 6, '1', 'default', 'pending', '1082.00', '44.00', '0.00', NULL, NULL, '0.00', '1038.00', 1, NULL, 1, 'LHX2UV4PdUb4daXcCOR4ZFfaTPBaV', 3, '2021-08-16 19:59:35', '2021-08-24 07:59:35'),
(4, 6, '1', 'default', 'pending', '1442.70', '68.70', '0.00', NULL, NULL, '0.00', '1374.00', 1, NULL, 1, 'UsVaRLF14E6TdJI4cvaapGptruRdx', 4, '2021-08-21 11:59:35', '2021-08-24 07:59:35'),
(5, 8, '1', 'default', 'pending', '1050.90', '44.90', '0.00', NULL, NULL, '0.00', '1006.00', 1, NULL, 1, 'F7RjjlrLUaYrksbrXFCu1WPdSBMmE', 5, '2021-08-16 07:59:35', '2021-08-24 07:59:35'),
(6, 6, '1', 'default', 'pending', '271.70', '24.70', '0.00', NULL, NULL, '0.00', '247.00', 1, NULL, 1, '2UllkkPWifnMFQ2PT2lk9LCBFvoRL', 6, '2021-08-14 07:59:35', '2021-08-24 07:59:35'),
(7, 8, '1', 'default', 'completed', '1953.10', '74.10', '0.00', NULL, NULL, '0.00', '1879.00', 1, NULL, 1, '67hhvbSPWQ5T4V0IjShEZko1Hr9SX', 7, '2021-08-23 03:59:35', '2021-08-24 07:59:36'),
(8, 8, '1', 'default', 'pending', '713.00', '23.00', '0.00', NULL, NULL, '0.00', '690.00', 1, NULL, 1, 'PBUYEVyD6hHrj4sZE17jLI4RunLHd', 8, '2021-08-21 01:59:35', '2021-08-24 07:59:35'),
(9, 7, '1', 'default', 'pending', '788.30', '29.30', '0.00', NULL, NULL, '0.00', '759.00', 1, NULL, 1, 'VNN3d1vgTp37QPEMAJgefFWYhfys9', 9, '2021-08-22 07:59:35', '2021-08-24 07:59:35'),
(10, 7, '1', 'default', 'completed', '259.10', '16.10', '0.00', NULL, NULL, '0.00', '243.00', 1, NULL, 1, 'zqaZgODiG8xb87dvc1caKwSDNp1QH', 10, '2021-08-16 01:59:35', '2021-08-24 07:59:36'),
(11, 9, '1', 'default', 'pending', '894.00', '40.00', '0.00', NULL, NULL, '0.00', '854.00', 1, NULL, 1, 'tlYlWFG3QxoL26VgKIkHq5SIDZoJv', 11, '2021-08-17 15:59:35', '2021-08-24 07:59:35'),
(12, 3, '1', 'default', 'pending', '619.30', '37.30', '0.00', NULL, NULL, '0.00', '582.00', 1, NULL, 1, 'nDOiJQoRBvkXHf4IAlLldWiajuuj3', 12, '2021-08-21 07:59:35', '2021-08-24 07:59:35'),
(13, 8, '1', 'default', 'pending', '1325.80', '46.80', '0.00', NULL, NULL, '0.00', '1279.00', 1, NULL, 1, 'WEGGUxQUm4fj8IiDrpRcCZUm1U2ee', 13, '2021-08-22 23:59:35', '2021-08-24 07:59:35'),
(14, 8, '1', 'default', 'completed', '624.00', '24.00', '0.00', NULL, NULL, '0.00', '600.00', 1, NULL, 1, 'Gigp4cFchvqr16gVhVNxqGwfwnY0s', 14, '2021-08-20 19:59:35', '2021-08-24 07:59:36'),
(15, 2, '1', 'default', 'completed', '502.90', '19.90', '0.00', NULL, NULL, '0.00', '483.00', 1, NULL, 1, 's6XLh2q24CiyLNS2VjEfKEGfLZ8IQ', 15, '2021-08-19 07:59:35', '2021-08-24 07:59:36'),
(16, 6, '1', 'default', 'completed', '364.80', '22.80', '0.00', NULL, NULL, '0.00', '342.00', 1, NULL, 1, 'WudlBa7mlpQ7NsEdh4vJkvbuBjyFf', 16, '2021-08-20 23:59:35', '2021-08-24 07:59:36'),
(17, 3, '1', 'default', 'pending', '1336.10', '43.10', '0.00', NULL, NULL, '0.00', '1293.00', 1, NULL, 1, 'ALHcMq3jdG0SeWrBPn7sSwO9Fh2IJ', 17, '2021-08-23 23:59:35', '2021-08-24 07:59:35'),
(18, 6, '1', 'default', 'completed', '1482.70', '51.70', '0.00', NULL, NULL, '0.00', '1431.00', 1, NULL, 1, '2ZnYt1t1V3rist89G8b5oJGE3OBuS', 18, '2021-08-22 13:59:35', '2021-08-24 07:59:36'),
(19, 1, '1', 'default', 'pending', '400.40', '36.40', '0.00', NULL, NULL, '0.00', '364.00', 1, NULL, 1, 'zKGJlJSg6ZEc9y7wezCZeXd6ReITq', 19, '2021-08-23 15:59:35', '2021-08-24 07:59:35'),
(20, 5, '1', 'default', 'pending', '800.40', '62.40', '0.00', NULL, NULL, '0.00', '738.00', 1, NULL, 1, 'O2leqjiNEll7GtpCmNjg5pNpT5tFN', 20, '2021-08-23 13:59:35', '2021-08-24 07:59:35');

-- --------------------------------------------------------

--
-- Table structure for table `ec_order_addresses`
--

CREATE TABLE `ec_order_addresses` (
  `id` bigint(20) UNSIGNED NOT NULL,
  `name` varchar(191) COLLATE utf8mb4_unicode_ci NOT NULL,
  `phone` varchar(20) COLLATE utf8mb4_unicode_ci DEFAULT NULL,
  `email` varchar(191) COLLATE utf8mb4_unicode_ci DEFAULT NULL,
  `country` varchar(120) COLLATE utf8mb4_unicode_ci DEFAULT NULL,
  `state` varchar(120) COLLATE utf8mb4_unicode_ci DEFAULT NULL,
  `city` varchar(120) COLLATE utf8mb4_unicode_ci DEFAULT NULL,
  `address` varchar(255) COLLATE utf8mb4_unicode_ci DEFAULT NULL,
  `order_id` int(10) UNSIGNED NOT NULL,
  `zip_code` varchar(20) COLLATE utf8mb4_unicode_ci DEFAULT NULL
) ENGINE=InnoDB DEFAULT CHARSET=utf8mb4 COLLATE=utf8mb4_unicode_ci;

--
-- Dumping data for table `ec_order_addresses`
--

INSERT INTO `ec_order_addresses` (`id`, `name`, `phone`, `email`, `country`, `state`, `city`, `address`, `order_id`, `zip_code`) VALUES
(1, 'Dr. Tyrell Mohr', '+14697160365', 'wiegand.rosamond@example.org', 'JO', 'North Carolina', 'Fayberg', '94564 O\'Conner Coves Apt. 758', 1, '88259-8814'),
(2, 'Rosalinda Wilderman', '+17206542749', 'jayce.bauch@example.org', 'WS', 'Indiana', 'South Uriahstad', '603 Augusta Ferry', 2, '06888'),
(3, 'Priscilla Blick', '+16028465973', 'kade.hettinger@example.com', 'AU', 'North Dakota', 'Sengerstad', '9347 Jordyn Burg Apt. 057', 3, '91800-7244'),
(4, 'Priscilla Blick', '+16028465973', 'kade.hettinger@example.com', 'AU', 'North Dakota', 'Sengerstad', '9347 Jordyn Burg Apt. 057', 4, '91800-7244'),
(5, 'Dr. Tyrell Mohr', '+14697160365', 'wiegand.rosamond@example.org', 'JO', 'North Carolina', 'Fayberg', '94564 O\'Conner Coves Apt. 758', 5, '88259-8814'),
(6, 'Priscilla Blick', '+16028465973', 'kade.hettinger@example.com', 'AU', 'North Dakota', 'Sengerstad', '9347 Jordyn Burg Apt. 057', 6, '91800-7244'),
(7, 'Dr. Tyrell Mohr', '+14697160365', 'wiegand.rosamond@example.org', 'JO', 'North Carolina', 'Fayberg', '94564 O\'Conner Coves Apt. 758', 7, '88259-8814'),
(8, 'Dr. Tyrell Mohr', '+14697160365', 'wiegand.rosamond@example.org', 'JO', 'North Carolina', 'Fayberg', '94564 O\'Conner Coves Apt. 758', 8, '88259-8814'),
(9, 'Rosalinda Wilderman', '+17206542749', 'jayce.bauch@example.org', 'WS', 'Indiana', 'South Uriahstad', '603 Augusta Ferry', 9, '06888'),
(10, 'Rosalinda Wilderman', '+17206542749', 'jayce.bauch@example.org', 'WS', 'Indiana', 'South Uriahstad', '603 Augusta Ferry', 10, '06888'),
(11, 'Chadrick Kshlerin', '+15643560571', 'aliya.schmidt@example.net', 'ST', 'Virginia', 'Kingstad', '507 Lebsack Lake Suite 345', 11, '89084-2393'),
(12, 'Caleb Miller', '+15184376406', 'deangelo.kuphal@example.com', 'TV', 'Oklahoma', 'Port Anjali', '328 Hickle Meadow', 12, '37349'),
(13, 'Dr. Tyrell Mohr', '+14697160365', 'wiegand.rosamond@example.org', 'JO', 'North Carolina', 'Fayberg', '94564 O\'Conner Coves Apt. 758', 13, '88259-8814'),
(14, 'Dr. Tyrell Mohr', '+14697160365', 'wiegand.rosamond@example.org', 'JO', 'North Carolina', 'Fayberg', '94564 O\'Conner Coves Apt. 758', 14, '88259-8814'),
(15, 'Marlon Prosacco', '+17650443031', 'ohara.stephania@example.net', 'BM', 'Rhode Island', 'North Frederikland', '85119 Wisozk Ramp Apt. 319', 15, '90255'),
(16, 'Priscilla Blick', '+16028465973', 'kade.hettinger@example.com', 'AU', 'North Dakota', 'Sengerstad', '9347 Jordyn Burg Apt. 057', 16, '91800-7244'),
(17, 'Caleb Miller', '+15184376406', 'deangelo.kuphal@example.com', 'TV', 'Oklahoma', 'Port Anjali', '328 Hickle Meadow', 17, '37349'),
(18, 'Priscilla Blick', '+16028465973', 'kade.hettinger@example.com', 'AU', 'North Dakota', 'Sengerstad', '9347 Jordyn Burg Apt. 057', 18, '91800-7244'),
(19, 'John Smith', '+13417565197', 'john.smith@botble.com', 'ER', 'Washington', 'West Clemens', '178 Haag Causeway Apt. 636', 19, '59364-1518'),
(20, 'Dr. Dominic Corkery Jr.', '+15805494223', 'vhintz@example.org', 'VG', 'Illinois', 'Lake Matteofurt', '4833 Turcotte Course', 20, '41541-7514');

-- --------------------------------------------------------

--
-- Table structure for table `ec_order_histories`
--

CREATE TABLE `ec_order_histories` (
  `id` bigint(20) UNSIGNED NOT NULL,
  `action` varchar(120) COLLATE utf8mb4_unicode_ci NOT NULL,
  `description` varchar(255) COLLATE utf8mb4_unicode_ci NOT NULL,
  `user_id` int(10) UNSIGNED DEFAULT NULL,
  `order_id` int(10) UNSIGNED NOT NULL,
  `extras` text COLLATE utf8mb4_unicode_ci,
  `created_at` timestamp NULL DEFAULT NULL,
  `updated_at` timestamp NULL DEFAULT NULL
) ENGINE=InnoDB DEFAULT CHARSET=utf8mb4 COLLATE=utf8mb4_unicode_ci;

--
-- Dumping data for table `ec_order_histories`
--

INSERT INTO `ec_order_histories` (`id`, `action`, `description`, `user_id`, `order_id`, `extras`, `created_at`, `updated_at`) VALUES
(1, 'create_order_from_seeder', 'Order is created from the checkout page', NULL, 1, NULL, '2021-08-17 15:59:35', '2021-08-17 15:59:35'),
(2, 'confirm_order', 'Order was verified by %user_name%', 0, 1, NULL, '2021-08-17 15:59:35', '2021-08-17 15:59:35'),
(3, 'confirm_payment', 'Payment was confirmed (amount $486.90) by %user_name%', 0, 1, NULL, '2021-08-24 07:59:35', '2021-08-24 07:59:35'),
(4, 'create_shipment', 'Created shipment for order', 0, 1, NULL, '2021-08-24 07:59:35', '2021-08-24 07:59:35'),
(5, 'update_status', 'Changed status of shipping to : Delivered . Updated by: %user_name%', 0, 1, NULL, '2021-08-24 07:59:35', '2021-08-24 07:59:35'),
(6, 'create_order_from_seeder', 'Order is created from the checkout page', NULL, 2, NULL, '2021-08-10 01:59:35', '2021-08-10 01:59:35'),
(7, 'confirm_order', 'Order was verified by %user_name%', 0, 2, NULL, '2021-08-10 01:59:35', '2021-08-10 01:59:35'),
(8, 'confirm_payment', 'Payment was confirmed (amount $475.70) by %user_name%', 0, 2, NULL, '2021-08-24 07:59:35', '2021-08-24 07:59:35'),
(9, 'create_shipment', 'Created shipment for order', 0, 2, NULL, '2021-08-24 07:59:35', '2021-08-24 07:59:35'),
(10, 'create_order_from_seeder', 'Order is created from the checkout page', NULL, 3, NULL, '2021-08-16 19:59:35', '2021-08-16 19:59:35'),
(11, 'confirm_order', 'Order was verified by %user_name%', 0, 3, NULL, '2021-08-16 19:59:35', '2021-08-16 19:59:35'),
(12, 'create_shipment', 'Created shipment for order', 0, 3, NULL, '2021-08-24 07:59:35', '2021-08-24 07:59:35'),
(13, 'update_status', 'Changed status of shipping to : Delivered . Updated by: %user_name%', 0, 3, NULL, '2021-08-24 07:59:35', '2021-08-24 07:59:35'),
(14, 'create_order_from_seeder', 'Order is created from the checkout page', NULL, 4, NULL, '2021-08-21 11:59:35', '2021-08-21 11:59:35'),
(15, 'confirm_order', 'Order was verified by %user_name%', 0, 4, NULL, '2021-08-21 11:59:35', '2021-08-21 11:59:35'),
(16, 'confirm_payment', 'Payment was confirmed (amount $1,442.70) by %user_name%', 0, 4, NULL, '2021-08-24 07:59:35', '2021-08-24 07:59:35'),
(17, 'create_shipment', 'Created shipment for order', 0, 4, NULL, '2021-08-24 07:59:35', '2021-08-24 07:59:35'),
(18, 'create_order_from_seeder', 'Order is created from the checkout page', NULL, 5, NULL, '2021-08-16 07:59:35', '2021-08-16 07:59:35'),
(19, 'confirm_order', 'Order was verified by %user_name%', 0, 5, NULL, '2021-08-16 07:59:35', '2021-08-16 07:59:35'),
(20, 'create_shipment', 'Created shipment for order', 0, 5, NULL, '2021-08-24 07:59:35', '2021-08-24 07:59:35'),
(21, 'create_order_from_seeder', 'Order is created from the checkout page', NULL, 6, NULL, '2021-08-14 07:59:35', '2021-08-14 07:59:35'),
(22, 'confirm_order', 'Order was verified by %user_name%', 0, 6, NULL, '2021-08-14 07:59:35', '2021-08-14 07:59:35'),
(23, 'confirm_payment', 'Payment was confirmed (amount $271.70) by %user_name%', 0, 6, NULL, '2021-08-24 07:59:35', '2021-08-24 07:59:35'),
(24, 'create_shipment', 'Created shipment for order', 0, 6, NULL, '2021-08-24 07:59:35', '2021-08-24 07:59:35'),
(25, 'create_order_from_seeder', 'Order is created from the checkout page', NULL, 7, NULL, '2021-08-23 03:59:35', '2021-08-23 03:59:35'),
(26, 'confirm_order', 'Order was verified by %user_name%', 0, 7, NULL, '2021-08-23 03:59:35', '2021-08-23 03:59:35'),
(27, 'confirm_payment', 'Payment was confirmed (amount $1,953.10) by %user_name%', 0, 7, NULL, '2021-08-24 07:59:35', '2021-08-24 07:59:35'),
(28, 'create_shipment', 'Created shipment for order', 0, 7, NULL, '2021-08-24 07:59:35', '2021-08-24 07:59:35'),
(29, 'update_status', 'Changed status of shipping to : Delivered . Updated by: %user_name%', 0, 7, NULL, '2021-08-24 07:59:35', '2021-08-24 07:59:35'),
(30, 'create_order_from_seeder', 'Order is created from the checkout page', NULL, 8, NULL, '2021-08-21 01:59:35', '2021-08-21 01:59:35'),
(31, 'confirm_order', 'Order was verified by %user_name%', 0, 8, NULL, '2021-08-21 01:59:35', '2021-08-21 01:59:35'),
(32, 'create_shipment', 'Created shipment for order', 0, 8, NULL, '2021-08-24 07:59:35', '2021-08-24 07:59:35'),
(33, 'create_order_from_seeder', 'Order is created from the checkout page', NULL, 9, NULL, '2021-08-22 07:59:35', '2021-08-22 07:59:35'),
(34, 'confirm_order', 'Order was verified by %user_name%', 0, 9, NULL, '2021-08-22 07:59:35', '2021-08-22 07:59:35'),
(35, 'create_shipment', 'Created shipment for order', 0, 9, NULL, '2021-08-24 07:59:35', '2021-08-24 07:59:35'),
(36, 'update_status', 'Changed status of shipping to : Delivered . Updated by: %user_name%', 0, 9, NULL, '2021-08-24 07:59:35', '2021-08-24 07:59:35'),
(37, 'create_order_from_seeder', 'Order is created from the checkout page', NULL, 10, NULL, '2021-08-16 01:59:35', '2021-08-16 01:59:35'),
(38, 'confirm_order', 'Order was verified by %user_name%', 0, 10, NULL, '2021-08-16 01:59:35', '2021-08-16 01:59:35'),
(39, 'confirm_payment', 'Payment was confirmed (amount $259.10) by %user_name%', 0, 10, NULL, '2021-08-24 07:59:35', '2021-08-24 07:59:35'),
(40, 'create_shipment', 'Created shipment for order', 0, 10, NULL, '2021-08-24 07:59:35', '2021-08-24 07:59:35'),
(41, 'update_status', 'Changed status of shipping to : Delivered . Updated by: %user_name%', 0, 10, NULL, '2021-08-24 07:59:35', '2021-08-24 07:59:35'),
(42, 'create_order_from_seeder', 'Order is created from the checkout page', NULL, 11, NULL, '2021-08-17 15:59:35', '2021-08-17 15:59:35'),
(43, 'confirm_order', 'Order was verified by %user_name%', 0, 11, NULL, '2021-08-17 15:59:35', '2021-08-17 15:59:35'),
(44, 'confirm_payment', 'Payment was confirmed (amount $894.00) by %user_name%', 0, 11, NULL, '2021-08-24 07:59:35', '2021-08-24 07:59:35'),
(45, 'create_shipment', 'Created shipment for order', 0, 11, NULL, '2021-08-24 07:59:35', '2021-08-24 07:59:35'),
(46, 'create_order_from_seeder', 'Order is created from the checkout page', NULL, 12, NULL, '2021-08-21 07:59:35', '2021-08-21 07:59:35'),
(47, 'confirm_order', 'Order was verified by %user_name%', 0, 12, NULL, '2021-08-21 07:59:35', '2021-08-21 07:59:35'),
(48, 'confirm_payment', 'Payment was confirmed (amount $619.30) by %user_name%', 0, 12, NULL, '2021-08-24 07:59:35', '2021-08-24 07:59:35'),
(49, 'create_shipment', 'Created shipment for order', 0, 12, NULL, '2021-08-24 07:59:35', '2021-08-24 07:59:35'),
(50, 'create_order_from_seeder', 'Order is created from the checkout page', NULL, 13, NULL, '2021-08-22 23:59:35', '2021-08-22 23:59:35'),
(51, 'confirm_order', 'Order was verified by %user_name%', 0, 13, NULL, '2021-08-22 23:59:35', '2021-08-22 23:59:35'),
(52, 'create_shipment', 'Created shipment for order', 0, 13, NULL, '2021-08-24 07:59:35', '2021-08-24 07:59:35'),
(53, 'update_status', 'Changed status of shipping to : Delivered . Updated by: %user_name%', 0, 13, NULL, '2021-08-24 07:59:35', '2021-08-24 07:59:35'),
(54, 'create_order_from_seeder', 'Order is created from the checkout page', NULL, 14, NULL, '2021-08-20 19:59:35', '2021-08-20 19:59:35'),
(55, 'confirm_order', 'Order was verified by %user_name%', 0, 14, NULL, '2021-08-20 19:59:35', '2021-08-20 19:59:35'),
(56, 'confirm_payment', 'Payment was confirmed (amount $624.00) by %user_name%', 0, 14, NULL, '2021-08-24 07:59:35', '2021-08-24 07:59:35'),
(57, 'create_shipment', 'Created shipment for order', 0, 14, NULL, '2021-08-24 07:59:35', '2021-08-24 07:59:35'),
(58, 'update_status', 'Changed status of shipping to : Delivered . Updated by: %user_name%', 0, 14, NULL, '2021-08-24 07:59:35', '2021-08-24 07:59:35'),
(59, 'create_order_from_seeder', 'Order is created from the checkout page', NULL, 15, NULL, '2021-08-19 07:59:35', '2021-08-19 07:59:35'),
(60, 'confirm_order', 'Order was verified by %user_name%', 0, 15, NULL, '2021-08-19 07:59:35', '2021-08-19 07:59:35'),
(61, 'confirm_payment', 'Payment was confirmed (amount $502.90) by %user_name%', 0, 15, NULL, '2021-08-24 07:59:35', '2021-08-24 07:59:35'),
(62, 'create_shipment', 'Created shipment for order', 0, 15, NULL, '2021-08-24 07:59:35', '2021-08-24 07:59:35'),
(63, 'update_status', 'Changed status of shipping to : Delivered . Updated by: %user_name%', 0, 15, NULL, '2021-08-24 07:59:35', '2021-08-24 07:59:35'),
(64, 'create_order_from_seeder', 'Order is created from the checkout page', NULL, 16, NULL, '2021-08-20 23:59:35', '2021-08-20 23:59:35'),
(65, 'confirm_order', 'Order was verified by %user_name%', 0, 16, NULL, '2021-08-20 23:59:35', '2021-08-20 23:59:35'),
(66, 'confirm_payment', 'Payment was confirmed (amount $364.80) by %user_name%', 0, 16, NULL, '2021-08-24 07:59:35', '2021-08-24 07:59:35'),
(67, 'create_shipment', 'Created shipment for order', 0, 16, NULL, '2021-08-24 07:59:35', '2021-08-24 07:59:35'),
(68, 'update_status', 'Changed status of shipping to : Delivered . Updated by: %user_name%', 0, 16, NULL, '2021-08-24 07:59:35', '2021-08-24 07:59:35'),
(69, 'create_order_from_seeder', 'Order is created from the checkout page', NULL, 17, NULL, '2021-08-23 23:59:35', '2021-08-23 23:59:35'),
(70, 'confirm_order', 'Order was verified by %user_name%', 0, 17, NULL, '2021-08-23 23:59:35', '2021-08-23 23:59:35'),
(71, 'confirm_payment', 'Payment was confirmed (amount $1,336.10) by %user_name%', 0, 17, NULL, '2021-08-24 07:59:35', '2021-08-24 07:59:35'),
(72, 'create_shipment', 'Created shipment for order', 0, 17, NULL, '2021-08-24 07:59:35', '2021-08-24 07:59:35'),
(73, 'create_order_from_seeder', 'Order is created from the checkout page', NULL, 18, NULL, '2021-08-22 13:59:35', '2021-08-22 13:59:35'),
(74, 'confirm_order', 'Order was verified by %user_name%', 0, 18, NULL, '2021-08-22 13:59:35', '2021-08-22 13:59:35'),
(75, 'confirm_payment', 'Payment was confirmed (amount $1,482.70) by %user_name%', 0, 18, NULL, '2021-08-24 07:59:35', '2021-08-24 07:59:35'),
(76, 'create_shipment', 'Created shipment for order', 0, 18, NULL, '2021-08-24 07:59:35', '2021-08-24 07:59:35'),
(77, 'update_status', 'Changed status of shipping to : Delivered . Updated by: %user_name%', 0, 18, NULL, '2021-08-24 07:59:35', '2021-08-24 07:59:35'),
(78, 'create_order_from_seeder', 'Order is created from the checkout page', NULL, 19, NULL, '2021-08-23 15:59:35', '2021-08-23 15:59:35'),
(79, 'confirm_order', 'Order was verified by %user_name%', 0, 19, NULL, '2021-08-23 15:59:35', '2021-08-23 15:59:35'),
(80, 'create_shipment', 'Created shipment for order', 0, 19, NULL, '2021-08-24 07:59:35', '2021-08-24 07:59:35'),
(81, 'update_status', 'Changed status of shipping to : Delivered . Updated by: %user_name%', 0, 19, NULL, '2021-08-24 07:59:35', '2021-08-24 07:59:35'),
(82, 'create_order_from_seeder', 'Order is created from the checkout page', NULL, 20, NULL, '2021-08-23 13:59:35', '2021-08-23 13:59:35'),
(83, 'confirm_order', 'Order was verified by %user_name%', 0, 20, NULL, '2021-08-23 13:59:35', '2021-08-23 13:59:35'),
(84, 'confirm_payment', 'Payment was confirmed (amount $800.40) by %user_name%', 0, 20, NULL, '2021-08-24 07:59:35', '2021-08-24 07:59:35'),
(85, 'create_shipment', 'Created shipment for order', 0, 20, NULL, '2021-08-24 07:59:35', '2021-08-24 07:59:35'),
(86, 'update_status', 'Order confirmed by %user_name%', 0, 1, NULL, '2021-08-24 07:59:36', '2021-08-24 07:59:36'),
(87, 'update_status', 'Order confirmed by %user_name%', 0, 7, NULL, '2021-08-24 07:59:36', '2021-08-24 07:59:36'),
(88, 'update_status', 'Order confirmed by %user_name%', 0, 10, NULL, '2021-08-24 07:59:36', '2021-08-24 07:59:36'),
(89, 'update_status', 'Order confirmed by %user_name%', 0, 14, NULL, '2021-08-24 07:59:36', '2021-08-24 07:59:36'),
(90, 'update_status', 'Order confirmed by %user_name%', 0, 15, NULL, '2021-08-24 07:59:36', '2021-08-24 07:59:36'),
(91, 'update_status', 'Order confirmed by %user_name%', 0, 16, NULL, '2021-08-24 07:59:36', '2021-08-24 07:59:36'),
(92, 'update_status', 'Order confirmed by %user_name%', 0, 18, NULL, '2021-08-24 07:59:36', '2021-08-24 07:59:36');

-- --------------------------------------------------------

--
-- Table structure for table `ec_order_product`
--

CREATE TABLE `ec_order_product` (
  `id` bigint(20) UNSIGNED NOT NULL,
  `order_id` int(10) UNSIGNED NOT NULL,
  `qty` int(11) NOT NULL,
  `price` decimal(15,2) NOT NULL,
  `tax_amount` decimal(15,2) NOT NULL,
  `options` text COLLATE utf8mb4_unicode_ci,
  `product_id` int(10) UNSIGNED DEFAULT NULL,
  `product_name` varchar(191) COLLATE utf8mb4_unicode_ci NOT NULL,
  `weight` double(8,2) DEFAULT '0.00',
  `restock_quantity` int(10) UNSIGNED DEFAULT '0',
  `created_at` timestamp NULL DEFAULT NULL,
  `updated_at` timestamp NULL DEFAULT NULL
) ENGINE=InnoDB DEFAULT CHARSET=utf8mb4 COLLATE=utf8mb4_unicode_ci;

--
-- Dumping data for table `ec_order_product`
--

INSERT INTO `ec_order_product` (`id`, `order_id`, `qty`, `price`, `tax_amount`, `options`, `product_id`, `product_name`, `weight`, `restock_quantity`, `created_at`, `updated_at`) VALUES
(1, 1, 1, '127.00', '12.70', '[]', 42, 'Macbook Pro 2015', 621.00, 0, '2021-08-24 07:59:35', '2021-08-24 07:59:35'),
(2, 1, 3, '112.00', '11.20', '[]', 68, 'Black Smart Watches', 2355.00, 0, '2021-08-24 07:59:35', '2021-08-24 07:59:35'),
(3, 2, 1, '114.00', '11.40', '[]', 57, 'Apple Keyboard', 618.00, 0, '2021-08-24 07:59:35', '2021-08-24 07:59:35'),
(4, 2, 3, '113.00', '11.30', '[]', 76, 'Macbook Pro 2015 13 inch', 1671.00, 0, '2021-08-24 07:59:35', '2021-08-24 07:59:35'),
(5, 3, 1, '85.00', '8.50', '[]', 30, 'Chikie - Bluetooth Speaker', 567.00, 0, '2021-08-24 07:59:35', '2021-08-24 07:59:35'),
(6, 3, 3, '130.00', '13.00', '[]', 40, 'Apple iPhone 13 Plus', 2280.00, 0, '2021-08-24 07:59:35', '2021-08-24 07:59:35'),
(7, 3, 2, '112.00', '11.20', '[]', 68, 'Black Smart Watches', 1570.00, 0, '2021-08-24 07:59:35', '2021-08-24 07:59:35'),
(8, 3, 3, '113.00', '11.30', '[]', 76, 'Macbook Pro 2015 13 inch', 1671.00, 0, '2021-08-24 07:59:35', '2021-08-24 07:59:35'),
(9, 4, 2, '457.00', '45.70', '[]', 29, 'Boxed - Bluetooth Headphone', 1168.00, 0, '2021-08-24 07:59:35', '2021-08-24 07:59:35'),
(10, 4, 2, '110.00', '11.00', '[]', 66, 'Cool Smart Watches', 1666.00, 0, '2021-08-24 07:59:35', '2021-08-24 07:59:35'),
(11, 4, 2, '120.00', '12.00', '[]', 81, 'Black Glasses', 1366.00, 0, '2021-08-24 07:59:35', '2021-08-24 07:59:35'),
(12, 5, 1, '114.00', '11.40', '[]', 55, 'Apple Keyboard', 618.00, 0, '2021-08-24 07:59:35', '2021-08-24 07:59:35'),
(13, 5, 3, '110.00', '11.00', '[]', 66, 'Cool Smart Watches', 2499.00, 0, '2021-08-24 07:59:35', '2021-08-24 07:59:35'),
(14, 5, 2, '113.00', '11.30', '[]', 76, 'Macbook Pro 2015 13 inch', 1114.00, 0, '2021-08-24 07:59:35', '2021-08-24 07:59:35'),
(15, 5, 3, '112.00', '11.20', '[]', 82, 'Phillips Mouse', 1914.00, 0, '2021-08-24 07:59:35', '2021-08-24 07:59:35'),
(16, 6, 1, '120.00', '12.00', '[]', 48, 'Apple Watch Serial 7', 763.00, 0, '2021-08-24 07:59:35', '2021-08-24 07:59:35'),
(17, 6, 1, '127.00', '12.70', '[]', 50, 'Macbook Pro 13 inch', 836.00, 0, '2021-08-24 07:59:35', '2021-08-24 07:59:35'),
(18, 7, 3, '396.00', '39.60', '[]', 26, 'Smart Home Speaker', 1779.00, 0, '2021-08-24 07:59:35', '2021-08-24 07:59:35'),
(19, 7, 3, '113.00', '11.30', '[]', 59, 'MacSafe 80W', 2550.00, 0, '2021-08-24 07:59:35', '2021-08-24 07:59:35'),
(20, 7, 1, '112.00', '11.20', '[]', 67, 'Black Smart Watches', 785.00, 0, '2021-08-24 07:59:35', '2021-08-24 07:59:35'),
(21, 7, 2, '120.00', '12.00', '[]', 80, 'Black Glasses', 1366.00, 0, '2021-08-24 07:59:35', '2021-08-24 07:59:35'),
(22, 8, 3, '120.00', '12.00', '[]', 48, 'Apple Watch Serial 7', 2289.00, 0, '2021-08-24 07:59:35', '2021-08-24 07:59:35'),
(23, 8, 3, '110.00', '11.00', '[]', 83, 'Gaming Keyboard', 2160.00, 0, '2021-08-24 07:59:35', '2021-08-24 07:59:35'),
(24, 9, 1, '60.00', '6.00', '[]', 37, 'Camera Samsung SS-24', 692.00, 0, '2021-08-24 07:59:35', '2021-08-24 07:59:35'),
(25, 9, 3, '120.00', '12.00', '[]', 49, 'Apple Watch Serial 7', 2289.00, 0, '2021-08-24 07:59:35', '2021-08-24 07:59:35'),
(26, 9, 3, '113.00', '11.30', '[]', 74, 'Macbook Pro 2015 13 inch', 1671.00, 0, '2021-08-24 07:59:35', '2021-08-24 07:59:35'),
(27, 10, 3, '41.00', '4.10', '[]', 32, 'Camera Hikvision HK-35VS8', 1728.00, 0, '2021-08-24 07:59:35', '2021-08-24 07:59:35'),
(28, 10, 1, '120.00', '12.00', '[]', 47, 'Apple Watch Serial 7', 763.00, 0, '2021-08-24 07:59:35', '2021-08-24 07:59:35'),
(29, 11, 3, '60.00', '6.00', '[]', 37, 'Camera Samsung SS-24', 2076.00, 0, '2021-08-24 07:59:35', '2021-08-24 07:59:35'),
(30, 11, 2, '114.00', '11.40', '[]', 63, 'Apple Airpods Serial 3', 1420.00, 0, '2021-08-24 07:59:35', '2021-08-24 07:59:35'),
(31, 11, 1, '116.00', '11.60', '[]', 72, 'Leather Watch Band Serial 3', 772.00, 0, '2021-08-24 07:59:35', '2021-08-24 07:59:35'),
(32, 11, 3, '110.00', '11.00', '[]', 83, 'Gaming Keyboard', 2160.00, 0, '2021-08-24 07:59:35', '2021-08-24 07:59:35'),
(33, 12, 1, '85.00', '8.50', '[]', 30, 'Chikie - Bluetooth Speaker', 567.00, 0, '2021-08-24 07:59:35', '2021-08-24 07:59:35'),
(34, 12, 3, '41.00', '4.10', '[]', 32, 'Camera Hikvision HK-35VS8', 1728.00, 0, '2021-08-24 07:59:35', '2021-08-24 07:59:35'),
(35, 12, 2, '127.00', '12.70', '[]', 43, 'Macbook Pro 2015', 1242.00, 0, '2021-08-24 07:59:35', '2021-08-24 07:59:35'),
(36, 12, 1, '120.00', '12.00', '[]', 49, 'Apple Watch Serial 7', 763.00, 0, '2021-08-24 07:59:35', '2021-08-24 07:59:35'),
(37, 13, 3, '113.00', '11.30', '[]', 59, 'MacSafe 80W', 2550.00, 0, '2021-08-24 07:59:35', '2021-08-24 07:59:35'),
(38, 13, 2, '125.00', '12.50', '[]', 60, 'Hand playstation', 1488.00, 0, '2021-08-24 07:59:35', '2021-08-24 07:59:35'),
(39, 13, 3, '120.00', '12.00', '[]', 78, 'Black Glasses', 2049.00, 0, '2021-08-24 07:59:35', '2021-08-24 07:59:35'),
(40, 13, 3, '110.00', '11.00', '[]', 85, 'Gaming Keyboard', 2160.00, 0, '2021-08-24 07:59:35', '2021-08-24 07:59:35'),
(41, 14, 3, '120.00', '12.00', '[]', 48, 'Apple Watch Serial 7', 2289.00, 0, '2021-08-24 07:59:35', '2021-08-24 07:59:35'),
(42, 14, 2, '120.00', '12.00', '[]', 79, 'Black Glasses', 1366.00, 0, '2021-08-24 07:59:35', '2021-08-24 07:59:35'),
(43, 15, 3, '85.00', '8.50', '[]', 31, 'Chikie - Bluetooth Speaker', 1701.00, 0, '2021-08-24 07:59:35', '2021-08-24 07:59:35'),
(44, 15, 2, '114.00', '11.40', '[]', 55, 'Apple Keyboard', 1236.00, 0, '2021-08-24 07:59:35', '2021-08-24 07:59:35'),
(45, 16, 1, '114.00', '11.40', '[]', 55, 'Apple Keyboard', 618.00, 0, '2021-08-24 07:59:35', '2021-08-24 07:59:35'),
(46, 16, 2, '114.00', '11.40', '[]', 62, 'Apple Airpods Serial 3', 1420.00, 0, '2021-08-24 07:59:35', '2021-08-24 07:59:35'),
(47, 17, 3, '306.00', '30.60', '[]', 44, 'Macbook Air 12 inch', 1566.00, 0, '2021-08-24 07:59:35', '2021-08-24 07:59:35'),
(48, 17, 3, '125.00', '12.50', '[]', 60, 'Hand playstation', 2232.00, 0, '2021-08-24 07:59:35', '2021-08-24 07:59:35'),
(49, 18, 3, '457.00', '45.70', '[]', 28, 'Boxed - Bluetooth Headphone', 1752.00, 0, '2021-08-24 07:59:35', '2021-08-24 07:59:35'),
(50, 18, 1, '60.00', '6.00', '[]', 37, 'Camera Samsung SS-24', 692.00, 0, '2021-08-24 07:59:35', '2021-08-24 07:59:35'),
(51, 19, 1, '127.00', '12.70', '[]', 50, 'Macbook Pro 13 inch', 836.00, 0, '2021-08-24 07:59:35', '2021-08-24 07:59:35'),
(52, 19, 1, '127.00', '12.70', '[]', 51, 'Macbook Pro 13 inch', 836.00, 0, '2021-08-24 07:59:35', '2021-08-24 07:59:35'),
(53, 19, 1, '110.00', '11.00', '[]', 65, 'Cool Smart Watches', 833.00, 0, '2021-08-24 07:59:35', '2021-08-24 07:59:35'),
(54, 20, 1, '396.00', '39.60', '[]', 26, 'Smart Home Speaker', 593.00, 0, '2021-08-24 07:59:35', '2021-08-24 07:59:35'),
(55, 20, 1, '114.00', '11.40', '[]', 57, 'Apple Keyboard', 618.00, 0, '2021-08-24 07:59:35', '2021-08-24 07:59:35'),
(56, 20, 2, '114.00', '11.40', '[]', 63, 'Apple Airpods Serial 3', 1420.00, 0, '2021-08-24 07:59:35', '2021-08-24 07:59:35');

-- --------------------------------------------------------

--
-- Table structure for table `ec_products`
--

CREATE TABLE `ec_products` (
  `id` bigint(20) UNSIGNED NOT NULL,
  `name` varchar(191) COLLATE utf8mb4_unicode_ci NOT NULL,
  `description` text COLLATE utf8mb4_unicode_ci,
  `content` longtext COLLATE utf8mb4_unicode_ci,
  `status` varchar(60) COLLATE utf8mb4_unicode_ci NOT NULL DEFAULT 'published',
  `images` text COLLATE utf8mb4_unicode_ci,
  `sku` varchar(191) COLLATE utf8mb4_unicode_ci DEFAULT NULL,
  `order` int(10) UNSIGNED NOT NULL DEFAULT '0',
  `quantity` int(10) UNSIGNED DEFAULT NULL,
  `allow_checkout_when_out_of_stock` tinyint(3) UNSIGNED NOT NULL DEFAULT '0',
  `with_storehouse_management` tinyint(3) UNSIGNED NOT NULL DEFAULT '0',
  `is_featured` tinyint(3) UNSIGNED NOT NULL DEFAULT '0',
  `options` text COLLATE utf8mb4_unicode_ci,
  `category_id` int(10) UNSIGNED DEFAULT NULL,
  `brand_id` int(10) UNSIGNED DEFAULT NULL,
  `is_variation` tinyint(4) NOT NULL DEFAULT '0',
  `is_searchable` tinyint(4) NOT NULL DEFAULT '0',
  `is_show_on_list` tinyint(4) NOT NULL DEFAULT '0',
  `sale_type` tinyint(4) NOT NULL DEFAULT '0',
  `price` double UNSIGNED DEFAULT NULL,
  `sale_price` double UNSIGNED DEFAULT NULL,
  `start_date` timestamp NULL DEFAULT NULL,
  `end_date` timestamp NULL DEFAULT NULL,
  `length` double(8,2) DEFAULT NULL,
  `wide` double(8,2) DEFAULT NULL,
  `height` double(8,2) DEFAULT NULL,
  `weight` double(8,2) DEFAULT NULL,
  `barcode` varchar(191) COLLATE utf8mb4_unicode_ci DEFAULT NULL,
  `length_unit` varchar(20) COLLATE utf8mb4_unicode_ci DEFAULT NULL,
  `wide_unit` varchar(20) COLLATE utf8mb4_unicode_ci DEFAULT NULL,
  `height_unit` varchar(20) COLLATE utf8mb4_unicode_ci DEFAULT NULL,
  `weight_unit` varchar(20) COLLATE utf8mb4_unicode_ci DEFAULT NULL,
  `created_at` timestamp NULL DEFAULT NULL,
  `updated_at` timestamp NULL DEFAULT NULL,
  `tax_id` int(10) UNSIGNED DEFAULT NULL,
  `views` bigint(20) NOT NULL DEFAULT '0',
  `stock_status` varchar(191) COLLATE utf8mb4_unicode_ci DEFAULT 'in_stock'
) ENGINE=InnoDB DEFAULT CHARSET=utf8mb4 COLLATE=utf8mb4_unicode_ci;

--
-- Dumping data for table `ec_products`
--

INSERT INTO `ec_products` (`id`, `name`, `description`, `content`, `status`, `images`, `sku`, `order`, `quantity`, `allow_checkout_when_out_of_stock`, `with_storehouse_management`, `is_featured`, `options`, `category_id`, `brand_id`, `is_variation`, `is_searchable`, `is_show_on_list`, `sale_type`, `price`, `sale_price`, `start_date`, `end_date`, `length`, `wide`, `height`, `weight`, `barcode`, `length_unit`, `wide_unit`, `height_unit`, `weight_unit`, `created_at`, `updated_at`, `tax_id`, `views`, `stock_status`) VALUES
(1, 'Smart Home Speaker', '<p>Short Hooded Coat features a straight body, large pockets with button flaps, ventilation air holes, and a string detail along the hemline.</p><ul>\n                                        <li class=\"mb-10\"><i class=\"far fa-hourglass mr-5 text-brand\"></i> 1 Year AL Jazeera Brand Warranty</li>\n                                        <li class=\"mb-10\"><i class=\"far fa-paper-plane mr-5 text-brand\"></i> 30 Day Return Policy</li>\n                                        <li><i class=\"far fa-address-card mr-5 text-brand\"></i> Cash on Delivery available</li>\n                                    </ul>', '<p>Short Hooded Coat features a straight body, large pockets with button flaps, ventilation air holes, and a string detail along the hemline. The style is completed with a drawstring hood, featuring Rains&rsquo; signature built-in cap. Made from waterproof, matte PU, this lightweight unisex rain jacket is an ode to nostalgia through its classic silhouette and utilitarian design details.</p>\n                                <p>- Casual unisex fit</p>\n\n                                <p>- 64% polyester, 36% polyurethane</p>\n\n                                <p>- Water column pressure: 4000 mm</p>\n\n                                <p>- Model is 187cm tall and wearing a size S / M</p>\n\n                                <p>- Unisex fit</p>\n\n                                <p>- Drawstring hood with built-in cap</p>\n\n                                <p>- Front placket with snap buttons</p>\n\n                                <p>- Ventilation under armpit</p>\n\n                                <p>- Adjustable cuffs</p>\n\n                                <p>- Double welted front pockets</p>\n\n                                <p>- Adjustable elastic string at hempen</p>\n\n                                <p>- Ultrasonically welded seams</p>\n\n                                <p>This is a unisex item, please check our clothing &amp; footwear sizing guide for specific Rains jacket sizing information. RAINS comes from the rainy nation of Denmark at the edge of the European continent, close to the ocean and with prevailing westerly winds; all factors that contribute to an average of 121 rain days each year. Arising from these rainy weather conditions comes the attitude that a quick rain shower may be beautiful, as well as moody- but first and foremost requires the right outfit. Rains focus on the whole experience of going outside on rainy days, issuing an invitation to explore even in the most mercurial weather.</p>', 'published', '[\"products\\/1.jpg\",\"products\\/1-1.jpg\",\"products\\/1-2.jpg\",\"products\\/1-3.jpg\"]', 'HS-111-A0', 0, 14, 0, 1, 1, NULL, NULL, 1, 0, 0, 0, 0, 396, NULL, NULL, NULL, 17.00, 18.00, 20.00, 593.00, NULL, NULL, NULL, NULL, NULL, '2021-08-24 07:59:23', '2021-08-24 07:59:24', 1, 7470, 'in_stock'),
(2, 'Headphone Ultra Bass', '<p>Short Hooded Coat features a straight body, large pockets with button flaps, ventilation air holes, and a string detail along the hemline.</p><ul>\n                                        <li class=\"mb-10\"><i class=\"far fa-hourglass mr-5 text-brand\"></i> 1 Year AL Jazeera Brand Warranty</li>\n                                        <li class=\"mb-10\"><i class=\"far fa-paper-plane mr-5 text-brand\"></i> 30 Day Return Policy</li>\n                                        <li><i class=\"far fa-address-card mr-5 text-brand\"></i> Cash on Delivery available</li>\n                                    </ul>', '<p>Short Hooded Coat features a straight body, large pockets with button flaps, ventilation air holes, and a string detail along the hemline. The style is completed with a drawstring hood, featuring Rains&rsquo; signature built-in cap. Made from waterproof, matte PU, this lightweight unisex rain jacket is an ode to nostalgia through its classic silhouette and utilitarian design details.</p>\n                                <p>- Casual unisex fit</p>\n\n                                <p>- 64% polyester, 36% polyurethane</p>\n\n                                <p>- Water column pressure: 4000 mm</p>\n\n                                <p>- Model is 187cm tall and wearing a size S / M</p>\n\n                                <p>- Unisex fit</p>\n\n                                <p>- Drawstring hood with built-in cap</p>\n\n                                <p>- Front placket with snap buttons</p>\n\n                                <p>- Ventilation under armpit</p>\n\n                                <p>- Adjustable cuffs</p>\n\n                                <p>- Double welted front pockets</p>\n\n                                <p>- Adjustable elastic string at hempen</p>\n\n                                <p>- Ultrasonically welded seams</p>\n\n                                <p>This is a unisex item, please check our clothing &amp; footwear sizing guide for specific Rains jacket sizing information. RAINS comes from the rainy nation of Denmark at the edge of the European continent, close to the ocean and with prevailing westerly winds; all factors that contribute to an average of 121 rain days each year. Arising from these rainy weather conditions comes the attitude that a quick rain shower may be beautiful, as well as moody- but first and foremost requires the right outfit. Rains focus on the whole experience of going outside on rainy days, issuing an invitation to explore even in the most mercurial weather.</p>', 'published', '[\"products\\/2.jpg\",\"products\\/2-1.jpg\",\"products\\/2-2.jpg\",\"products\\/2-3.jpg\"]', 'HS-130-A0', 0, 10, 0, 1, 1, NULL, NULL, 7, 0, 0, 0, 0, 247, NULL, NULL, NULL, 12.00, 15.00, 14.00, 738.00, NULL, NULL, NULL, NULL, NULL, '2021-08-24 07:59:23', '2021-08-24 07:59:24', 1, 114979, 'in_stock'),
(3, 'Boxed - Bluetooth Headphone', '<p>Short Hooded Coat features a straight body, large pockets with button flaps, ventilation air holes, and a string detail along the hemline.</p><ul>\n                                        <li class=\"mb-10\"><i class=\"far fa-hourglass mr-5 text-brand\"></i> 1 Year AL Jazeera Brand Warranty</li>\n                                        <li class=\"mb-10\"><i class=\"far fa-paper-plane mr-5 text-brand\"></i> 30 Day Return Policy</li>\n                                        <li><i class=\"far fa-address-card mr-5 text-brand\"></i> Cash on Delivery available</li>\n                                    </ul>', '<p>Short Hooded Coat features a straight body, large pockets with button flaps, ventilation air holes, and a string detail along the hemline. The style is completed with a drawstring hood, featuring Rains&rsquo; signature built-in cap. Made from waterproof, matte PU, this lightweight unisex rain jacket is an ode to nostalgia through its classic silhouette and utilitarian design details.</p>\n                                <p>- Casual unisex fit</p>\n\n                                <p>- 64% polyester, 36% polyurethane</p>\n\n                                <p>- Water column pressure: 4000 mm</p>\n\n                                <p>- Model is 187cm tall and wearing a size S / M</p>\n\n                                <p>- Unisex fit</p>\n\n                                <p>- Drawstring hood with built-in cap</p>\n\n                                <p>- Front placket with snap buttons</p>\n\n                                <p>- Ventilation under armpit</p>\n\n                                <p>- Adjustable cuffs</p>\n\n                                <p>- Double welted front pockets</p>\n\n                                <p>- Adjustable elastic string at hempen</p>\n\n                                <p>- Ultrasonically welded seams</p>\n\n                                <p>This is a unisex item, please check our clothing &amp; footwear sizing guide for specific Rains jacket sizing information. RAINS comes from the rainy nation of Denmark at the edge of the European continent, close to the ocean and with prevailing westerly winds; all factors that contribute to an average of 121 rain days each year. Arising from these rainy weather conditions comes the attitude that a quick rain shower may be beautiful, as well as moody- but first and foremost requires the right outfit. Rains focus on the whole experience of going outside on rainy days, issuing an invitation to explore even in the most mercurial weather.</p>', 'published', '[\"products\\/3.jpg\",\"products\\/3-1.jpg\",\"products\\/3-2.jpg\",\"products\\/3-3.jpg\"]', 'HS-172-A0', 0, 18, 0, 1, 1, NULL, NULL, 7, 0, 0, 0, 0, 457, NULL, NULL, NULL, 16.00, 20.00, 12.00, 584.00, NULL, NULL, NULL, NULL, NULL, '2021-08-24 07:59:23', '2021-08-24 07:59:24', 1, 145848, 'in_stock'),
(4, 'Chikie - Bluetooth Speaker', '<p>Short Hooded Coat features a straight body, large pockets with button flaps, ventilation air holes, and a string detail along the hemline.</p><ul>\n                                        <li class=\"mb-10\"><i class=\"far fa-hourglass mr-5 text-brand\"></i> 1 Year AL Jazeera Brand Warranty</li>\n                                        <li class=\"mb-10\"><i class=\"far fa-paper-plane mr-5 text-brand\"></i> 30 Day Return Policy</li>\n                                        <li><i class=\"far fa-address-card mr-5 text-brand\"></i> Cash on Delivery available</li>\n                                    </ul>', '<p>Short Hooded Coat features a straight body, large pockets with button flaps, ventilation air holes, and a string detail along the hemline. The style is completed with a drawstring hood, featuring Rains&rsquo; signature built-in cap. Made from waterproof, matte PU, this lightweight unisex rain jacket is an ode to nostalgia through its classic silhouette and utilitarian design details.</p>\n                                <p>- Casual unisex fit</p>\n\n                                <p>- 64% polyester, 36% polyurethane</p>\n\n                                <p>- Water column pressure: 4000 mm</p>\n\n                                <p>- Model is 187cm tall and wearing a size S / M</p>\n\n                                <p>- Unisex fit</p>\n\n                                <p>- Drawstring hood with built-in cap</p>\n\n                                <p>- Front placket with snap buttons</p>\n\n                                <p>- Ventilation under armpit</p>\n\n                                <p>- Adjustable cuffs</p>\n\n                                <p>- Double welted front pockets</p>\n\n                                <p>- Adjustable elastic string at hempen</p>\n\n                                <p>- Ultrasonically welded seams</p>\n\n                                <p>This is a unisex item, please check our clothing &amp; footwear sizing guide for specific Rains jacket sizing information. RAINS comes from the rainy nation of Denmark at the edge of the European continent, close to the ocean and with prevailing westerly winds; all factors that contribute to an average of 121 rain days each year. Arising from these rainy weather conditions comes the attitude that a quick rain shower may be beautiful, as well as moody- but first and foremost requires the right outfit. Rains focus on the whole experience of going outside on rainy days, issuing an invitation to explore even in the most mercurial weather.</p>', 'published', '[\"products\\/4.jpg\",\"products\\/4-1.jpg\",\"products\\/4-2.jpg\",\"products\\/4-3.jpg\"]', 'HS-103-A0', 0, 20, 0, 1, 1, NULL, NULL, 7, 0, 0, 0, 0, 85, 70.55, NULL, NULL, 14.00, 10.00, 16.00, 567.00, NULL, NULL, NULL, NULL, NULL, '2021-08-24 07:59:23', '2021-08-24 07:59:24', 1, 1523, 'in_stock'),
(5, 'Camera Hikvision HK-35VS8', '<p>Short Hooded Coat features a straight body, large pockets with button flaps, ventilation air holes, and a string detail along the hemline.</p><ul>\n                                        <li class=\"mb-10\"><i class=\"far fa-hourglass mr-5 text-brand\"></i> 1 Year AL Jazeera Brand Warranty</li>\n                                        <li class=\"mb-10\"><i class=\"far fa-paper-plane mr-5 text-brand\"></i> 30 Day Return Policy</li>\n                                        <li><i class=\"far fa-address-card mr-5 text-brand\"></i> Cash on Delivery available</li>\n                                    </ul>', '<p>Short Hooded Coat features a straight body, large pockets with button flaps, ventilation air holes, and a string detail along the hemline. The style is completed with a drawstring hood, featuring Rains&rsquo; signature built-in cap. Made from waterproof, matte PU, this lightweight unisex rain jacket is an ode to nostalgia through its classic silhouette and utilitarian design details.</p>\n                                <p>- Casual unisex fit</p>\n\n                                <p>- 64% polyester, 36% polyurethane</p>\n\n                                <p>- Water column pressure: 4000 mm</p>\n\n                                <p>- Model is 187cm tall and wearing a size S / M</p>\n\n                                <p>- Unisex fit</p>\n\n                                <p>- Drawstring hood with built-in cap</p>\n\n                                <p>- Front placket with snap buttons</p>\n\n                                <p>- Ventilation under armpit</p>\n\n                                <p>- Adjustable cuffs</p>\n\n                                <p>- Double welted front pockets</p>\n\n                                <p>- Adjustable elastic string at hempen</p>\n\n                                <p>- Ultrasonically welded seams</p>\n\n                                <p>This is a unisex item, please check our clothing &amp; footwear sizing guide for specific Rains jacket sizing information. RAINS comes from the rainy nation of Denmark at the edge of the European continent, close to the ocean and with prevailing westerly winds; all factors that contribute to an average of 121 rain days each year. Arising from these rainy weather conditions comes the attitude that a quick rain shower may be beautiful, as well as moody- but first and foremost requires the right outfit. Rains focus on the whole experience of going outside on rainy days, issuing an invitation to explore even in the most mercurial weather.</p>', 'published', '[\"products\\/5.jpg\",\"products\\/5-1.jpg\",\"products\\/5-2.jpg\",\"products\\/5-3.jpg\"]', 'HS-147-A0', 0, 17, 0, 1, 1, NULL, NULL, 1, 0, 0, 0, 0, 41, NULL, NULL, NULL, 17.00, 17.00, 11.00, 576.00, NULL, NULL, NULL, NULL, NULL, '2021-08-24 07:59:23', '2021-08-24 07:59:24', 1, 76276, 'in_stock'),
(6, 'Camera Samsung SS-24', '<p>Short Hooded Coat features a straight body, large pockets with button flaps, ventilation air holes, and a string detail along the hemline.</p><ul>\n                                        <li class=\"mb-10\"><i class=\"far fa-hourglass mr-5 text-brand\"></i> 1 Year AL Jazeera Brand Warranty</li>\n                                        <li class=\"mb-10\"><i class=\"far fa-paper-plane mr-5 text-brand\"></i> 30 Day Return Policy</li>\n                                        <li><i class=\"far fa-address-card mr-5 text-brand\"></i> Cash on Delivery available</li>\n                                    </ul>', '<p>Short Hooded Coat features a straight body, large pockets with button flaps, ventilation air holes, and a string detail along the hemline. The style is completed with a drawstring hood, featuring Rains&rsquo; signature built-in cap. Made from waterproof, matte PU, this lightweight unisex rain jacket is an ode to nostalgia through its classic silhouette and utilitarian design details.</p>\n                                <p>- Casual unisex fit</p>\n\n                                <p>- 64% polyester, 36% polyurethane</p>\n\n                                <p>- Water column pressure: 4000 mm</p>\n\n                                <p>- Model is 187cm tall and wearing a size S / M</p>\n\n                                <p>- Unisex fit</p>\n\n                                <p>- Drawstring hood with built-in cap</p>\n\n                                <p>- Front placket with snap buttons</p>\n\n                                <p>- Ventilation under armpit</p>\n\n                                <p>- Adjustable cuffs</p>\n\n                                <p>- Double welted front pockets</p>\n\n                                <p>- Adjustable elastic string at hempen</p>\n\n                                <p>- Ultrasonically welded seams</p>\n\n                                <p>This is a unisex item, please check our clothing &amp; footwear sizing guide for specific Rains jacket sizing information. RAINS comes from the rainy nation of Denmark at the edge of the European continent, close to the ocean and with prevailing westerly winds; all factors that contribute to an average of 121 rain days each year. Arising from these rainy weather conditions comes the attitude that a quick rain shower may be beautiful, as well as moody- but first and foremost requires the right outfit. Rains focus on the whole experience of going outside on rainy days, issuing an invitation to explore even in the most mercurial weather.</p>', 'published', '[\"products\\/6.jpg\",\"products\\/6-1.jpg\"]', 'HS-168-A0', 0, 17, 0, 1, 1, NULL, NULL, 3, 0, 0, 0, 0, 60, NULL, NULL, NULL, 13.00, 17.00, 10.00, 692.00, NULL, NULL, NULL, NULL, NULL, '2021-08-24 07:59:23', '2021-08-24 07:59:24', 1, 39375, 'in_stock'),
(7, 'Leather Watch Band', '<p>Short Hooded Coat features a straight body, large pockets with button flaps, ventilation air holes, and a string detail along the hemline.</p><ul>\n                                        <li class=\"mb-10\"><i class=\"far fa-hourglass mr-5 text-brand\"></i> 1 Year AL Jazeera Brand Warranty</li>\n                                        <li class=\"mb-10\"><i class=\"far fa-paper-plane mr-5 text-brand\"></i> 30 Day Return Policy</li>\n                                        <li><i class=\"far fa-address-card mr-5 text-brand\"></i> Cash on Delivery available</li>\n                                    </ul>', '<p>Short Hooded Coat features a straight body, large pockets with button flaps, ventilation air holes, and a string detail along the hemline. The style is completed with a drawstring hood, featuring Rains&rsquo; signature built-in cap. Made from waterproof, matte PU, this lightweight unisex rain jacket is an ode to nostalgia through its classic silhouette and utilitarian design details.</p>\n                                <p>- Casual unisex fit</p>\n\n                                <p>- 64% polyester, 36% polyurethane</p>\n\n                                <p>- Water column pressure: 4000 mm</p>\n\n                                <p>- Model is 187cm tall and wearing a size S / M</p>\n\n                                <p>- Unisex fit</p>\n\n                                <p>- Drawstring hood with built-in cap</p>\n\n                                <p>- Front placket with snap buttons</p>\n\n                                <p>- Ventilation under armpit</p>\n\n                                <p>- Adjustable cuffs</p>\n\n                                <p>- Double welted front pockets</p>\n\n                                <p>- Adjustable elastic string at hempen</p>\n\n                                <p>- Ultrasonically welded seams</p>\n\n                                <p>This is a unisex item, please check our clothing &amp; footwear sizing guide for specific Rains jacket sizing information. RAINS comes from the rainy nation of Denmark at the edge of the European continent, close to the ocean and with prevailing westerly winds; all factors that contribute to an average of 121 rain days each year. Arising from these rainy weather conditions comes the attitude that a quick rain shower may be beautiful, as well as moody- but first and foremost requires the right outfit. Rains focus on the whole experience of going outside on rainy days, issuing an invitation to explore even in the most mercurial weather.</p>', 'published', '[\"products\\/7.jpg\",\"products\\/7-1.jpg\"]', 'HS-143-A0', 0, 17, 0, 1, 1, NULL, NULL, 4, 0, 0, 0, 0, 119, NULL, NULL, NULL, 13.00, 12.00, 12.00, 795.00, NULL, NULL, NULL, NULL, NULL, '2021-08-24 07:59:23', '2021-08-24 07:59:24', 1, 105194, 'in_stock'),
(8, 'Apple iPhone 13 Plus', '<p>Short Hooded Coat features a straight body, large pockets with button flaps, ventilation air holes, and a string detail along the hemline.</p><ul>\n                                        <li class=\"mb-10\"><i class=\"far fa-hourglass mr-5 text-brand\"></i> 1 Year AL Jazeera Brand Warranty</li>\n                                        <li class=\"mb-10\"><i class=\"far fa-paper-plane mr-5 text-brand\"></i> 30 Day Return Policy</li>\n                                        <li><i class=\"far fa-address-card mr-5 text-brand\"></i> Cash on Delivery available</li>\n                                    </ul>', '<p>Short Hooded Coat features a straight body, large pockets with button flaps, ventilation air holes, and a string detail along the hemline. The style is completed with a drawstring hood, featuring Rains&rsquo; signature built-in cap. Made from waterproof, matte PU, this lightweight unisex rain jacket is an ode to nostalgia through its classic silhouette and utilitarian design details.</p>\n                                <p>- Casual unisex fit</p>\n\n                                <p>- 64% polyester, 36% polyurethane</p>\n\n                                <p>- Water column pressure: 4000 mm</p>\n\n                                <p>- Model is 187cm tall and wearing a size S / M</p>\n\n                                <p>- Unisex fit</p>\n\n                                <p>- Drawstring hood with built-in cap</p>\n\n                                <p>- Front placket with snap buttons</p>\n\n                                <p>- Ventilation under armpit</p>\n\n                                <p>- Adjustable cuffs</p>\n\n                                <p>- Double welted front pockets</p>\n\n                                <p>- Adjustable elastic string at hempen</p>\n\n                                <p>- Ultrasonically welded seams</p>\n\n                                <p>This is a unisex item, please check our clothing &amp; footwear sizing guide for specific Rains jacket sizing information. RAINS comes from the rainy nation of Denmark at the edge of the European continent, close to the ocean and with prevailing westerly winds; all factors that contribute to an average of 121 rain days each year. Arising from these rainy weather conditions comes the attitude that a quick rain shower may be beautiful, as well as moody- but first and foremost requires the right outfit. Rains focus on the whole experience of going outside on rainy days, issuing an invitation to explore even in the most mercurial weather.</p>', 'published', '[\"products\\/8.jpg\",\"products\\/8-1.jpg\"]', 'HS-158-A0', 0, 11, 0, 1, 1, NULL, NULL, 5, 0, 0, 0, 0, 130, 115.7, NULL, NULL, 16.00, 15.00, 19.00, 760.00, NULL, NULL, NULL, NULL, NULL, '2021-08-24 07:59:23', '2021-08-24 07:59:24', 1, 181774, 'in_stock'),
(9, 'Macbook Pro 2015', '<p>Short Hooded Coat features a straight body, large pockets with button flaps, ventilation air holes, and a string detail along the hemline.</p><ul>\n                                        <li class=\"mb-10\"><i class=\"far fa-hourglass mr-5 text-brand\"></i> 1 Year AL Jazeera Brand Warranty</li>\n                                        <li class=\"mb-10\"><i class=\"far fa-paper-plane mr-5 text-brand\"></i> 30 Day Return Policy</li>\n                                        <li><i class=\"far fa-address-card mr-5 text-brand\"></i> Cash on Delivery available</li>\n                                    </ul>', '<p>Short Hooded Coat features a straight body, large pockets with button flaps, ventilation air holes, and a string detail along the hemline. The style is completed with a drawstring hood, featuring Rains&rsquo; signature built-in cap. Made from waterproof, matte PU, this lightweight unisex rain jacket is an ode to nostalgia through its classic silhouette and utilitarian design details.</p>\n                                <p>- Casual unisex fit</p>\n\n                                <p>- 64% polyester, 36% polyurethane</p>\n\n                                <p>- Water column pressure: 4000 mm</p>\n\n                                <p>- Model is 187cm tall and wearing a size S / M</p>\n\n                                <p>- Unisex fit</p>\n\n                                <p>- Drawstring hood with built-in cap</p>\n\n                                <p>- Front placket with snap buttons</p>\n\n                                <p>- Ventilation under armpit</p>\n\n                                <p>- Adjustable cuffs</p>\n\n                                <p>- Double welted front pockets</p>\n\n                                <p>- Adjustable elastic string at hempen</p>\n\n                                <p>- Ultrasonically welded seams</p>\n\n                                <p>This is a unisex item, please check our clothing &amp; footwear sizing guide for specific Rains jacket sizing information. RAINS comes from the rainy nation of Denmark at the edge of the European continent, close to the ocean and with prevailing westerly winds; all factors that contribute to an average of 121 rain days each year. Arising from these rainy weather conditions comes the attitude that a quick rain shower may be beautiful, as well as moody- but first and foremost requires the right outfit. Rains focus on the whole experience of going outside on rainy days, issuing an invitation to explore even in the most mercurial weather.</p>', 'published', '[\"products\\/9.jpg\",\"products\\/9-1.jpg\"]', 'HS-141-A0', 0, 12, 0, 1, 1, NULL, NULL, 6, 0, 0, 0, 0, 127, NULL, NULL, NULL, 13.00, 18.00, 11.00, 621.00, NULL, NULL, NULL, NULL, NULL, '2021-08-24 07:59:23', '2021-08-24 07:59:24', 1, 35228, 'in_stock'),
(10, 'Macbook Air 12 inch', '<p>Short Hooded Coat features a straight body, large pockets with button flaps, ventilation air holes, and a string detail along the hemline.</p><ul>\n                                        <li class=\"mb-10\"><i class=\"far fa-hourglass mr-5 text-brand\"></i> 1 Year AL Jazeera Brand Warranty</li>\n                                        <li class=\"mb-10\"><i class=\"far fa-paper-plane mr-5 text-brand\"></i> 30 Day Return Policy</li>\n                                        <li><i class=\"far fa-address-card mr-5 text-brand\"></i> Cash on Delivery available</li>\n                                    </ul>', '<p>Short Hooded Coat features a straight body, large pockets with button flaps, ventilation air holes, and a string detail along the hemline. The style is completed with a drawstring hood, featuring Rains&rsquo; signature built-in cap. Made from waterproof, matte PU, this lightweight unisex rain jacket is an ode to nostalgia through its classic silhouette and utilitarian design details.</p>\n                                <p>- Casual unisex fit</p>\n\n                                <p>- 64% polyester, 36% polyurethane</p>\n\n                                <p>- Water column pressure: 4000 mm</p>\n\n                                <p>- Model is 187cm tall and wearing a size S / M</p>\n\n                                <p>- Unisex fit</p>\n\n                                <p>- Drawstring hood with built-in cap</p>\n\n                                <p>- Front placket with snap buttons</p>\n\n                                <p>- Ventilation under armpit</p>\n\n                                <p>- Adjustable cuffs</p>\n\n                                <p>- Double welted front pockets</p>\n\n                                <p>- Adjustable elastic string at hempen</p>\n\n                                <p>- Ultrasonically welded seams</p>\n\n                                <p>This is a unisex item, please check our clothing &amp; footwear sizing guide for specific Rains jacket sizing information. RAINS comes from the rainy nation of Denmark at the edge of the European continent, close to the ocean and with prevailing westerly winds; all factors that contribute to an average of 121 rain days each year. Arising from these rainy weather conditions comes the attitude that a quick rain shower may be beautiful, as well as moody- but first and foremost requires the right outfit. Rains focus on the whole experience of going outside on rainy days, issuing an invitation to explore even in the most mercurial weather.</p>', 'published', '[\"products\\/10.jpg\",\"products\\/10-1.jpg\"]', 'HS-131-A0', 0, 20, 0, 1, 1, NULL, NULL, 3, 0, 0, 0, 0, 306, NULL, NULL, NULL, 20.00, 10.00, 12.00, 522.00, NULL, NULL, NULL, NULL, NULL, '2021-08-24 07:59:23', '2021-08-24 07:59:24', 1, 70197, 'in_stock'),
(11, 'Apple Watch Serial 7', '<p>Short Hooded Coat features a straight body, large pockets with button flaps, ventilation air holes, and a string detail along the hemline.</p><ul>\n                                        <li class=\"mb-10\"><i class=\"far fa-hourglass mr-5 text-brand\"></i> 1 Year AL Jazeera Brand Warranty</li>\n                                        <li class=\"mb-10\"><i class=\"far fa-paper-plane mr-5 text-brand\"></i> 30 Day Return Policy</li>\n                                        <li><i class=\"far fa-address-card mr-5 text-brand\"></i> Cash on Delivery available</li>\n                                    </ul>', '<p>Short Hooded Coat features a straight body, large pockets with button flaps, ventilation air holes, and a string detail along the hemline. The style is completed with a drawstring hood, featuring Rains&rsquo; signature built-in cap. Made from waterproof, matte PU, this lightweight unisex rain jacket is an ode to nostalgia through its classic silhouette and utilitarian design details.</p>\n                                <p>- Casual unisex fit</p>\n\n                                <p>- 64% polyester, 36% polyurethane</p>\n\n                                <p>- Water column pressure: 4000 mm</p>\n\n                                <p>- Model is 187cm tall and wearing a size S / M</p>\n\n                                <p>- Unisex fit</p>\n\n                                <p>- Drawstring hood with built-in cap</p>\n\n                                <p>- Front placket with snap buttons</p>\n\n                                <p>- Ventilation under armpit</p>\n\n                                <p>- Adjustable cuffs</p>\n\n                                <p>- Double welted front pockets</p>\n\n                                <p>- Adjustable elastic string at hempen</p>\n\n                                <p>- Ultrasonically welded seams</p>\n\n                                <p>This is a unisex item, please check our clothing &amp; footwear sizing guide for specific Rains jacket sizing information. RAINS comes from the rainy nation of Denmark at the edge of the European continent, close to the ocean and with prevailing westerly winds; all factors that contribute to an average of 121 rain days each year. Arising from these rainy weather conditions comes the attitude that a quick rain shower may be beautiful, as well as moody- but first and foremost requires the right outfit. Rains focus on the whole experience of going outside on rainy days, issuing an invitation to explore even in the most mercurial weather.</p>', 'published', '[\"products\\/11.jpg\",\"products\\/11-1.jpg\"]', 'HS-190-A0', 0, 16, 0, 1, 1, NULL, NULL, 5, 0, 0, 0, 0, 120, NULL, NULL, NULL, 10.00, 14.00, 12.00, 763.00, NULL, NULL, NULL, NULL, NULL, '2021-08-24 07:59:23', '2021-08-24 07:59:24', 1, 88038, 'in_stock'),
(12, 'Macbook Pro 13 inch', '<p>Short Hooded Coat features a straight body, large pockets with button flaps, ventilation air holes, and a string detail along the hemline.</p><ul>\n                                        <li class=\"mb-10\"><i class=\"far fa-hourglass mr-5 text-brand\"></i> 1 Year AL Jazeera Brand Warranty</li>\n                                        <li class=\"mb-10\"><i class=\"far fa-paper-plane mr-5 text-brand\"></i> 30 Day Return Policy</li>\n                                        <li><i class=\"far fa-address-card mr-5 text-brand\"></i> Cash on Delivery available</li>\n                                    </ul>', '<p>Short Hooded Coat features a straight body, large pockets with button flaps, ventilation air holes, and a string detail along the hemline. The style is completed with a drawstring hood, featuring Rains&rsquo; signature built-in cap. Made from waterproof, matte PU, this lightweight unisex rain jacket is an ode to nostalgia through its classic silhouette and utilitarian design details.</p>\n                                <p>- Casual unisex fit</p>\n\n                                <p>- 64% polyester, 36% polyurethane</p>\n\n                                <p>- Water column pressure: 4000 mm</p>\n\n                                <p>- Model is 187cm tall and wearing a size S / M</p>\n\n                                <p>- Unisex fit</p>\n\n                                <p>- Drawstring hood with built-in cap</p>\n\n                                <p>- Front placket with snap buttons</p>\n\n                                <p>- Ventilation under armpit</p>\n\n                                <p>- Adjustable cuffs</p>\n\n                                <p>- Double welted front pockets</p>\n\n                                <p>- Adjustable elastic string at hempen</p>\n\n                                <p>- Ultrasonically welded seams</p>\n\n                                <p>This is a unisex item, please check our clothing &amp; footwear sizing guide for specific Rains jacket sizing information. RAINS comes from the rainy nation of Denmark at the edge of the European continent, close to the ocean and with prevailing westerly winds; all factors that contribute to an average of 121 rain days each year. Arising from these rainy weather conditions comes the attitude that a quick rain shower may be beautiful, as well as moody- but first and foremost requires the right outfit. Rains focus on the whole experience of going outside on rainy days, issuing an invitation to explore even in the most mercurial weather.</p>', 'published', '[\"products\\/12.jpg\",\"products\\/12-1.jpg\"]', 'HS-122-A0', 0, 11, 0, 1, 1, NULL, NULL, 5, 0, 0, 0, 0, 127, 104.14, NULL, NULL, 20.00, 16.00, 12.00, 836.00, NULL, NULL, NULL, NULL, NULL, '2021-08-24 07:59:23', '2021-08-24 07:59:24', 1, 85770, 'in_stock'),
(13, 'Apple Keyboard', '<p>Short Hooded Coat features a straight body, large pockets with button flaps, ventilation air holes, and a string detail along the hemline.</p><ul>\n                                        <li class=\"mb-10\"><i class=\"far fa-hourglass mr-5 text-brand\"></i> 1 Year AL Jazeera Brand Warranty</li>\n                                        <li class=\"mb-10\"><i class=\"far fa-paper-plane mr-5 text-brand\"></i> 30 Day Return Policy</li>\n                                        <li><i class=\"far fa-address-card mr-5 text-brand\"></i> Cash on Delivery available</li>\n                                    </ul>', '<p>Short Hooded Coat features a straight body, large pockets with button flaps, ventilation air holes, and a string detail along the hemline. The style is completed with a drawstring hood, featuring Rains&rsquo; signature built-in cap. Made from waterproof, matte PU, this lightweight unisex rain jacket is an ode to nostalgia through its classic silhouette and utilitarian design details.</p>\n                                <p>- Casual unisex fit</p>\n\n                                <p>- 64% polyester, 36% polyurethane</p>\n\n                                <p>- Water column pressure: 4000 mm</p>\n\n                                <p>- Model is 187cm tall and wearing a size S / M</p>\n\n                                <p>- Unisex fit</p>\n\n                                <p>- Drawstring hood with built-in cap</p>\n\n                                <p>- Front placket with snap buttons</p>\n\n                                <p>- Ventilation under armpit</p>\n\n                                <p>- Adjustable cuffs</p>\n\n                                <p>- Double welted front pockets</p>\n\n                                <p>- Adjustable elastic string at hempen</p>\n\n                                <p>- Ultrasonically welded seams</p>\n\n                                <p>This is a unisex item, please check our clothing &amp; footwear sizing guide for specific Rains jacket sizing information. RAINS comes from the rainy nation of Denmark at the edge of the European continent, close to the ocean and with prevailing westerly winds; all factors that contribute to an average of 121 rain days each year. Arising from these rainy weather conditions comes the attitude that a quick rain shower may be beautiful, as well as moody- but first and foremost requires the right outfit. Rains focus on the whole experience of going outside on rainy days, issuing an invitation to explore even in the most mercurial weather.</p>', 'published', '[\"products\\/13.jpg\",\"products\\/13-1.jpg\"]', 'HS-158-A0', 0, 10, 0, 1, 1, NULL, NULL, 2, 0, 0, 0, 0, 114, NULL, NULL, NULL, 10.00, 14.00, 16.00, 618.00, NULL, NULL, NULL, NULL, NULL, '2021-08-24 07:59:23', '2021-08-24 07:59:24', 1, 106983, 'in_stock'),
(14, 'MacSafe 80W', '<p>Short Hooded Coat features a straight body, large pockets with button flaps, ventilation air holes, and a string detail along the hemline.</p><ul>\n                                        <li class=\"mb-10\"><i class=\"far fa-hourglass mr-5 text-brand\"></i> 1 Year AL Jazeera Brand Warranty</li>\n                                        <li class=\"mb-10\"><i class=\"far fa-paper-plane mr-5 text-brand\"></i> 30 Day Return Policy</li>\n                                        <li><i class=\"far fa-address-card mr-5 text-brand\"></i> Cash on Delivery available</li>\n                                    </ul>', '<p>Short Hooded Coat features a straight body, large pockets with button flaps, ventilation air holes, and a string detail along the hemline. The style is completed with a drawstring hood, featuring Rains&rsquo; signature built-in cap. Made from waterproof, matte PU, this lightweight unisex rain jacket is an ode to nostalgia through its classic silhouette and utilitarian design details.</p>\n                                <p>- Casual unisex fit</p>\n\n                                <p>- 64% polyester, 36% polyurethane</p>\n\n                                <p>- Water column pressure: 4000 mm</p>\n\n                                <p>- Model is 187cm tall and wearing a size S / M</p>\n\n                                <p>- Unisex fit</p>\n\n                                <p>- Drawstring hood with built-in cap</p>\n\n                                <p>- Front placket with snap buttons</p>\n\n                                <p>- Ventilation under armpit</p>\n\n                                <p>- Adjustable cuffs</p>\n\n                                <p>- Double welted front pockets</p>\n\n                                <p>- Adjustable elastic string at hempen</p>\n\n                                <p>- Ultrasonically welded seams</p>\n\n                                <p>This is a unisex item, please check our clothing &amp; footwear sizing guide for specific Rains jacket sizing information. RAINS comes from the rainy nation of Denmark at the edge of the European continent, close to the ocean and with prevailing westerly winds; all factors that contribute to an average of 121 rain days each year. Arising from these rainy weather conditions comes the attitude that a quick rain shower may be beautiful, as well as moody- but first and foremost requires the right outfit. Rains focus on the whole experience of going outside on rainy days, issuing an invitation to explore even in the most mercurial weather.</p>', 'published', '[\"products\\/14.jpg\",\"products\\/14-1.jpg\"]', 'HS-115-A0', 0, 20, 0, 1, 1, NULL, NULL, 3, 0, 0, 0, 0, 113, NULL, NULL, NULL, 11.00, 14.00, 16.00, 850.00, NULL, NULL, NULL, NULL, NULL, '2021-08-24 07:59:23', '2021-08-24 07:59:24', 1, 79980, 'in_stock'),
(15, 'Hand playstation', '<p>Short Hooded Coat features a straight body, large pockets with button flaps, ventilation air holes, and a string detail along the hemline.</p><ul>\n                                        <li class=\"mb-10\"><i class=\"far fa-hourglass mr-5 text-brand\"></i> 1 Year AL Jazeera Brand Warranty</li>\n                                        <li class=\"mb-10\"><i class=\"far fa-paper-plane mr-5 text-brand\"></i> 30 Day Return Policy</li>\n                                        <li><i class=\"far fa-address-card mr-5 text-brand\"></i> Cash on Delivery available</li>\n                                    </ul>', '<p>Short Hooded Coat features a straight body, large pockets with button flaps, ventilation air holes, and a string detail along the hemline. The style is completed with a drawstring hood, featuring Rains&rsquo; signature built-in cap. Made from waterproof, matte PU, this lightweight unisex rain jacket is an ode to nostalgia through its classic silhouette and utilitarian design details.</p>\n                                <p>- Casual unisex fit</p>\n\n                                <p>- 64% polyester, 36% polyurethane</p>\n\n                                <p>- Water column pressure: 4000 mm</p>\n\n                                <p>- Model is 187cm tall and wearing a size S / M</p>\n\n                                <p>- Unisex fit</p>\n\n                                <p>- Drawstring hood with built-in cap</p>\n\n                                <p>- Front placket with snap buttons</p>\n\n                                <p>- Ventilation under armpit</p>\n\n                                <p>- Adjustable cuffs</p>\n\n                                <p>- Double welted front pockets</p>\n\n                                <p>- Adjustable elastic string at hempen</p>\n\n                                <p>- Ultrasonically welded seams</p>\n\n                                <p>This is a unisex item, please check our clothing &amp; footwear sizing guide for specific Rains jacket sizing information. RAINS comes from the rainy nation of Denmark at the edge of the European continent, close to the ocean and with prevailing westerly winds; all factors that contribute to an average of 121 rain days each year. Arising from these rainy weather conditions comes the attitude that a quick rain shower may be beautiful, as well as moody- but first and foremost requires the right outfit. Rains focus on the whole experience of going outside on rainy days, issuing an invitation to explore even in the most mercurial weather.</p>', 'published', '[\"products\\/15.jpg\",\"products\\/15-1.jpg\"]', 'HS-132-A0', 0, 13, 0, 1, 1, NULL, NULL, 4, 0, 0, 0, 0, 125, NULL, NULL, NULL, 15.00, 17.00, 18.00, 744.00, NULL, NULL, NULL, NULL, NULL, '2021-08-24 07:59:23', '2021-08-24 07:59:24', 1, 193813, 'in_stock'),
(16, 'Apple Airpods Serial 3', '<p>Short Hooded Coat features a straight body, large pockets with button flaps, ventilation air holes, and a string detail along the hemline.</p><ul>\n                                        <li class=\"mb-10\"><i class=\"far fa-hourglass mr-5 text-brand\"></i> 1 Year AL Jazeera Brand Warranty</li>\n                                        <li class=\"mb-10\"><i class=\"far fa-paper-plane mr-5 text-brand\"></i> 30 Day Return Policy</li>\n                                        <li><i class=\"far fa-address-card mr-5 text-brand\"></i> Cash on Delivery available</li>\n                                    </ul>', '<p>Short Hooded Coat features a straight body, large pockets with button flaps, ventilation air holes, and a string detail along the hemline. The style is completed with a drawstring hood, featuring Rains&rsquo; signature built-in cap. Made from waterproof, matte PU, this lightweight unisex rain jacket is an ode to nostalgia through its classic silhouette and utilitarian design details.</p>\n                                <p>- Casual unisex fit</p>\n\n                                <p>- 64% polyester, 36% polyurethane</p>\n\n                                <p>- Water column pressure: 4000 mm</p>\n\n                                <p>- Model is 187cm tall and wearing a size S / M</p>\n\n                                <p>- Unisex fit</p>\n\n                                <p>- Drawstring hood with built-in cap</p>\n\n                                <p>- Front placket with snap buttons</p>\n\n                                <p>- Ventilation under armpit</p>\n\n                                <p>- Adjustable cuffs</p>\n\n                                <p>- Double welted front pockets</p>\n\n                                <p>- Adjustable elastic string at hempen</p>\n\n                                <p>- Ultrasonically welded seams</p>\n\n                                <p>This is a unisex item, please check our clothing &amp; footwear sizing guide for specific Rains jacket sizing information. RAINS comes from the rainy nation of Denmark at the edge of the European continent, close to the ocean and with prevailing westerly winds; all factors that contribute to an average of 121 rain days each year. Arising from these rainy weather conditions comes the attitude that a quick rain shower may be beautiful, as well as moody- but first and foremost requires the right outfit. Rains focus on the whole experience of going outside on rainy days, issuing an invitation to explore even in the most mercurial weather.</p>', 'published', '[\"products\\/16.jpg\"]', 'HS-173-A0', 0, 15, 0, 1, 1, NULL, NULL, 5, 0, 0, 0, 0, 114, 86.64, NULL, NULL, 10.00, 18.00, 20.00, 710.00, NULL, NULL, NULL, NULL, NULL, '2021-08-24 07:59:23', '2021-08-24 07:59:24', 1, 86610, 'in_stock'),
(17, 'Cool Smart Watches', '<p>Short Hooded Coat features a straight body, large pockets with button flaps, ventilation air holes, and a string detail along the hemline.</p><ul>\n                                        <li class=\"mb-10\"><i class=\"far fa-hourglass mr-5 text-brand\"></i> 1 Year AL Jazeera Brand Warranty</li>\n                                        <li class=\"mb-10\"><i class=\"far fa-paper-plane mr-5 text-brand\"></i> 30 Day Return Policy</li>\n                                        <li><i class=\"far fa-address-card mr-5 text-brand\"></i> Cash on Delivery available</li>\n                                    </ul>', '<p>Short Hooded Coat features a straight body, large pockets with button flaps, ventilation air holes, and a string detail along the hemline. The style is completed with a drawstring hood, featuring Rains&rsquo; signature built-in cap. Made from waterproof, matte PU, this lightweight unisex rain jacket is an ode to nostalgia through its classic silhouette and utilitarian design details.</p>\n                                <p>- Casual unisex fit</p>\n\n                                <p>- 64% polyester, 36% polyurethane</p>\n\n                                <p>- Water column pressure: 4000 mm</p>\n\n                                <p>- Model is 187cm tall and wearing a size S / M</p>\n\n                                <p>- Unisex fit</p>\n\n                                <p>- Drawstring hood with built-in cap</p>\n\n                                <p>- Front placket with snap buttons</p>\n\n                                <p>- Ventilation under armpit</p>\n\n                                <p>- Adjustable cuffs</p>\n\n                                <p>- Double welted front pockets</p>\n\n                                <p>- Adjustable elastic string at hempen</p>\n\n                                <p>- Ultrasonically welded seams</p>\n\n                                <p>This is a unisex item, please check our clothing &amp; footwear sizing guide for specific Rains jacket sizing information. RAINS comes from the rainy nation of Denmark at the edge of the European continent, close to the ocean and with prevailing westerly winds; all factors that contribute to an average of 121 rain days each year. Arising from these rainy weather conditions comes the attitude that a quick rain shower may be beautiful, as well as moody- but first and foremost requires the right outfit. Rains focus on the whole experience of going outside on rainy days, issuing an invitation to explore even in the most mercurial weather.</p>', 'published', '[\"products\\/17.jpg\"]', 'HS-128-A0', 0, 11, 0, 1, 1, NULL, NULL, 4, 0, 0, 0, 0, 110, NULL, NULL, NULL, 16.00, 16.00, 13.00, 833.00, NULL, NULL, NULL, NULL, NULL, '2021-08-24 07:59:23', '2021-08-24 07:59:24', 1, 165923, 'in_stock');
INSERT INTO `ec_products` (`id`, `name`, `description`, `content`, `status`, `images`, `sku`, `order`, `quantity`, `allow_checkout_when_out_of_stock`, `with_storehouse_management`, `is_featured`, `options`, `category_id`, `brand_id`, `is_variation`, `is_searchable`, `is_show_on_list`, `sale_type`, `price`, `sale_price`, `start_date`, `end_date`, `length`, `wide`, `height`, `weight`, `barcode`, `length_unit`, `wide_unit`, `height_unit`, `weight_unit`, `created_at`, `updated_at`, `tax_id`, `views`, `stock_status`) VALUES
(18, 'Black Smart Watches', '<p>Short Hooded Coat features a straight body, large pockets with button flaps, ventilation air holes, and a string detail along the hemline.</p><ul>\n                                        <li class=\"mb-10\"><i class=\"far fa-hourglass mr-5 text-brand\"></i> 1 Year AL Jazeera Brand Warranty</li>\n                                        <li class=\"mb-10\"><i class=\"far fa-paper-plane mr-5 text-brand\"></i> 30 Day Return Policy</li>\n                                        <li><i class=\"far fa-address-card mr-5 text-brand\"></i> Cash on Delivery available</li>\n                                    </ul>', '<p>Short Hooded Coat features a straight body, large pockets with button flaps, ventilation air holes, and a string detail along the hemline. The style is completed with a drawstring hood, featuring Rains&rsquo; signature built-in cap. Made from waterproof, matte PU, this lightweight unisex rain jacket is an ode to nostalgia through its classic silhouette and utilitarian design details.</p>\n                                <p>- Casual unisex fit</p>\n\n                                <p>- 64% polyester, 36% polyurethane</p>\n\n                                <p>- Water column pressure: 4000 mm</p>\n\n                                <p>- Model is 187cm tall and wearing a size S / M</p>\n\n                                <p>- Unisex fit</p>\n\n                                <p>- Drawstring hood with built-in cap</p>\n\n                                <p>- Front placket with snap buttons</p>\n\n                                <p>- Ventilation under armpit</p>\n\n                                <p>- Adjustable cuffs</p>\n\n                                <p>- Double welted front pockets</p>\n\n                                <p>- Adjustable elastic string at hempen</p>\n\n                                <p>- Ultrasonically welded seams</p>\n\n                                <p>This is a unisex item, please check our clothing &amp; footwear sizing guide for specific Rains jacket sizing information. RAINS comes from the rainy nation of Denmark at the edge of the European continent, close to the ocean and with prevailing westerly winds; all factors that contribute to an average of 121 rain days each year. Arising from these rainy weather conditions comes the attitude that a quick rain shower may be beautiful, as well as moody- but first and foremost requires the right outfit. Rains focus on the whole experience of going outside on rainy days, issuing an invitation to explore even in the most mercurial weather.</p>', 'published', '[\"products\\/18.jpg\",\"products\\/18-1.jpg\",\"products\\/18-2.jpg\"]', 'HS-200-A0', 0, 10, 0, 1, 1, NULL, NULL, 2, 0, 0, 0, 0, 112, NULL, NULL, NULL, 16.00, 15.00, 19.00, 785.00, NULL, NULL, NULL, NULL, NULL, '2021-08-24 07:59:23', '2021-08-24 07:59:24', 1, 29519, 'in_stock'),
(19, 'Leather Watch Band Serial 3', '<p>Short Hooded Coat features a straight body, large pockets with button flaps, ventilation air holes, and a string detail along the hemline.</p><ul>\n                                        <li class=\"mb-10\"><i class=\"far fa-hourglass mr-5 text-brand\"></i> 1 Year AL Jazeera Brand Warranty</li>\n                                        <li class=\"mb-10\"><i class=\"far fa-paper-plane mr-5 text-brand\"></i> 30 Day Return Policy</li>\n                                        <li><i class=\"far fa-address-card mr-5 text-brand\"></i> Cash on Delivery available</li>\n                                    </ul>', '<p>Short Hooded Coat features a straight body, large pockets with button flaps, ventilation air holes, and a string detail along the hemline. The style is completed with a drawstring hood, featuring Rains&rsquo; signature built-in cap. Made from waterproof, matte PU, this lightweight unisex rain jacket is an ode to nostalgia through its classic silhouette and utilitarian design details.</p>\n                                <p>- Casual unisex fit</p>\n\n                                <p>- 64% polyester, 36% polyurethane</p>\n\n                                <p>- Water column pressure: 4000 mm</p>\n\n                                <p>- Model is 187cm tall and wearing a size S / M</p>\n\n                                <p>- Unisex fit</p>\n\n                                <p>- Drawstring hood with built-in cap</p>\n\n                                <p>- Front placket with snap buttons</p>\n\n                                <p>- Ventilation under armpit</p>\n\n                                <p>- Adjustable cuffs</p>\n\n                                <p>- Double welted front pockets</p>\n\n                                <p>- Adjustable elastic string at hempen</p>\n\n                                <p>- Ultrasonically welded seams</p>\n\n                                <p>This is a unisex item, please check our clothing &amp; footwear sizing guide for specific Rains jacket sizing information. RAINS comes from the rainy nation of Denmark at the edge of the European continent, close to the ocean and with prevailing westerly winds; all factors that contribute to an average of 121 rain days each year. Arising from these rainy weather conditions comes the attitude that a quick rain shower may be beautiful, as well as moody- but first and foremost requires the right outfit. Rains focus on the whole experience of going outside on rainy days, issuing an invitation to explore even in the most mercurial weather.</p>', 'published', '[\"products\\/19.jpg\",\"products\\/19-1.jpg\"]', 'HS-139-A0', 0, 17, 0, 1, 1, NULL, NULL, 4, 0, 0, 0, 0, 116, NULL, NULL, NULL, 14.00, 18.00, 15.00, 772.00, NULL, NULL, NULL, NULL, NULL, '2021-08-24 07:59:23', '2021-08-24 07:59:25', 1, 188085, 'in_stock'),
(20, 'Macbook Pro 2015 13 inch', '<p>Short Hooded Coat features a straight body, large pockets with button flaps, ventilation air holes, and a string detail along the hemline.</p><ul>\n                                        <li class=\"mb-10\"><i class=\"far fa-hourglass mr-5 text-brand\"></i> 1 Year AL Jazeera Brand Warranty</li>\n                                        <li class=\"mb-10\"><i class=\"far fa-paper-plane mr-5 text-brand\"></i> 30 Day Return Policy</li>\n                                        <li><i class=\"far fa-address-card mr-5 text-brand\"></i> Cash on Delivery available</li>\n                                    </ul>', '<p>Short Hooded Coat features a straight body, large pockets with button flaps, ventilation air holes, and a string detail along the hemline. The style is completed with a drawstring hood, featuring Rains&rsquo; signature built-in cap. Made from waterproof, matte PU, this lightweight unisex rain jacket is an ode to nostalgia through its classic silhouette and utilitarian design details.</p>\n                                <p>- Casual unisex fit</p>\n\n                                <p>- 64% polyester, 36% polyurethane</p>\n\n                                <p>- Water column pressure: 4000 mm</p>\n\n                                <p>- Model is 187cm tall and wearing a size S / M</p>\n\n                                <p>- Unisex fit</p>\n\n                                <p>- Drawstring hood with built-in cap</p>\n\n                                <p>- Front placket with snap buttons</p>\n\n                                <p>- Ventilation under armpit</p>\n\n                                <p>- Adjustable cuffs</p>\n\n                                <p>- Double welted front pockets</p>\n\n                                <p>- Adjustable elastic string at hempen</p>\n\n                                <p>- Ultrasonically welded seams</p>\n\n                                <p>This is a unisex item, please check our clothing &amp; footwear sizing guide for specific Rains jacket sizing information. RAINS comes from the rainy nation of Denmark at the edge of the European continent, close to the ocean and with prevailing westerly winds; all factors that contribute to an average of 121 rain days each year. Arising from these rainy weather conditions comes the attitude that a quick rain shower may be beautiful, as well as moody- but first and foremost requires the right outfit. Rains focus on the whole experience of going outside on rainy days, issuing an invitation to explore even in the most mercurial weather.</p>', 'published', '[\"products\\/20.jpg\",\"products\\/20-1.jpg\"]', 'HS-186-A0', 0, 20, 0, 1, 1, NULL, NULL, 4, 0, 0, 0, 0, 113, 91.53, NULL, NULL, 20.00, 14.00, 10.00, 557.00, NULL, NULL, NULL, NULL, NULL, '2021-08-24 07:59:23', '2021-08-24 07:59:25', 1, 5823, 'in_stock'),
(21, 'Historic Alarm Clock', '<p>Short Hooded Coat features a straight body, large pockets with button flaps, ventilation air holes, and a string detail along the hemline.</p><ul>\n                                        <li class=\"mb-10\"><i class=\"far fa-hourglass mr-5 text-brand\"></i> 1 Year AL Jazeera Brand Warranty</li>\n                                        <li class=\"mb-10\"><i class=\"far fa-paper-plane mr-5 text-brand\"></i> 30 Day Return Policy</li>\n                                        <li><i class=\"far fa-address-card mr-5 text-brand\"></i> Cash on Delivery available</li>\n                                    </ul>', '<p>Short Hooded Coat features a straight body, large pockets with button flaps, ventilation air holes, and a string detail along the hemline. The style is completed with a drawstring hood, featuring Rains&rsquo; signature built-in cap. Made from waterproof, matte PU, this lightweight unisex rain jacket is an ode to nostalgia through its classic silhouette and utilitarian design details.</p>\n                                <p>- Casual unisex fit</p>\n\n                                <p>- 64% polyester, 36% polyurethane</p>\n\n                                <p>- Water column pressure: 4000 mm</p>\n\n                                <p>- Model is 187cm tall and wearing a size S / M</p>\n\n                                <p>- Unisex fit</p>\n\n                                <p>- Drawstring hood with built-in cap</p>\n\n                                <p>- Front placket with snap buttons</p>\n\n                                <p>- Ventilation under armpit</p>\n\n                                <p>- Adjustable cuffs</p>\n\n                                <p>- Double welted front pockets</p>\n\n                                <p>- Adjustable elastic string at hempen</p>\n\n                                <p>- Ultrasonically welded seams</p>\n\n                                <p>This is a unisex item, please check our clothing &amp; footwear sizing guide for specific Rains jacket sizing information. RAINS comes from the rainy nation of Denmark at the edge of the European continent, close to the ocean and with prevailing westerly winds; all factors that contribute to an average of 121 rain days each year. Arising from these rainy weather conditions comes the attitude that a quick rain shower may be beautiful, as well as moody- but first and foremost requires the right outfit. Rains focus on the whole experience of going outside on rainy days, issuing an invitation to explore even in the most mercurial weather.</p>', 'published', '[\"products\\/21.jpg\",\"products\\/21-1.jpg\"]', 'HS-129-A0', 0, 10, 0, 1, 1, NULL, NULL, 7, 0, 0, 0, 0, 130, NULL, NULL, NULL, 12.00, 12.00, 17.00, 806.00, NULL, NULL, NULL, NULL, NULL, '2021-08-24 07:59:24', '2021-08-24 07:59:25', 1, 99070, 'in_stock'),
(22, 'Black Glasses', '<p>Short Hooded Coat features a straight body, large pockets with button flaps, ventilation air holes, and a string detail along the hemline.</p><ul>\n                                        <li class=\"mb-10\"><i class=\"far fa-hourglass mr-5 text-brand\"></i> 1 Year AL Jazeera Brand Warranty</li>\n                                        <li class=\"mb-10\"><i class=\"far fa-paper-plane mr-5 text-brand\"></i> 30 Day Return Policy</li>\n                                        <li><i class=\"far fa-address-card mr-5 text-brand\"></i> Cash on Delivery available</li>\n                                    </ul>', '<p>Short Hooded Coat features a straight body, large pockets with button flaps, ventilation air holes, and a string detail along the hemline. The style is completed with a drawstring hood, featuring Rains&rsquo; signature built-in cap. Made from waterproof, matte PU, this lightweight unisex rain jacket is an ode to nostalgia through its classic silhouette and utilitarian design details.</p>\n                                <p>- Casual unisex fit</p>\n\n                                <p>- 64% polyester, 36% polyurethane</p>\n\n                                <p>- Water column pressure: 4000 mm</p>\n\n                                <p>- Model is 187cm tall and wearing a size S / M</p>\n\n                                <p>- Unisex fit</p>\n\n                                <p>- Drawstring hood with built-in cap</p>\n\n                                <p>- Front placket with snap buttons</p>\n\n                                <p>- Ventilation under armpit</p>\n\n                                <p>- Adjustable cuffs</p>\n\n                                <p>- Double welted front pockets</p>\n\n                                <p>- Adjustable elastic string at hempen</p>\n\n                                <p>- Ultrasonically welded seams</p>\n\n                                <p>This is a unisex item, please check our clothing &amp; footwear sizing guide for specific Rains jacket sizing information. RAINS comes from the rainy nation of Denmark at the edge of the European continent, close to the ocean and with prevailing westerly winds; all factors that contribute to an average of 121 rain days each year. Arising from these rainy weather conditions comes the attitude that a quick rain shower may be beautiful, as well as moody- but first and foremost requires the right outfit. Rains focus on the whole experience of going outside on rainy days, issuing an invitation to explore even in the most mercurial weather.</p>', 'published', '[\"products\\/22.jpg\",\"products\\/22-1.jpg\"]', 'HS-128-A0', 0, 20, 0, 1, 1, NULL, NULL, 1, 0, 0, 0, 0, 120, NULL, NULL, NULL, 17.00, 17.00, 20.00, 683.00, NULL, NULL, NULL, NULL, NULL, '2021-08-24 07:59:24', '2021-08-24 07:59:25', 1, 138006, 'in_stock'),
(23, 'Phillips Mouse', '<p>Short Hooded Coat features a straight body, large pockets with button flaps, ventilation air holes, and a string detail along the hemline.</p><ul>\n                                        <li class=\"mb-10\"><i class=\"far fa-hourglass mr-5 text-brand\"></i> 1 Year AL Jazeera Brand Warranty</li>\n                                        <li class=\"mb-10\"><i class=\"far fa-paper-plane mr-5 text-brand\"></i> 30 Day Return Policy</li>\n                                        <li><i class=\"far fa-address-card mr-5 text-brand\"></i> Cash on Delivery available</li>\n                                    </ul>', '<p>Short Hooded Coat features a straight body, large pockets with button flaps, ventilation air holes, and a string detail along the hemline. The style is completed with a drawstring hood, featuring Rains&rsquo; signature built-in cap. Made from waterproof, matte PU, this lightweight unisex rain jacket is an ode to nostalgia through its classic silhouette and utilitarian design details.</p>\n                                <p>- Casual unisex fit</p>\n\n                                <p>- 64% polyester, 36% polyurethane</p>\n\n                                <p>- Water column pressure: 4000 mm</p>\n\n                                <p>- Model is 187cm tall and wearing a size S / M</p>\n\n                                <p>- Unisex fit</p>\n\n                                <p>- Drawstring hood with built-in cap</p>\n\n                                <p>- Front placket with snap buttons</p>\n\n                                <p>- Ventilation under armpit</p>\n\n                                <p>- Adjustable cuffs</p>\n\n                                <p>- Double welted front pockets</p>\n\n                                <p>- Adjustable elastic string at hempen</p>\n\n                                <p>- Ultrasonically welded seams</p>\n\n                                <p>This is a unisex item, please check our clothing &amp; footwear sizing guide for specific Rains jacket sizing information. RAINS comes from the rainy nation of Denmark at the edge of the European continent, close to the ocean and with prevailing westerly winds; all factors that contribute to an average of 121 rain days each year. Arising from these rainy weather conditions comes the attitude that a quick rain shower may be beautiful, as well as moody- but first and foremost requires the right outfit. Rains focus on the whole experience of going outside on rainy days, issuing an invitation to explore even in the most mercurial weather.</p>', 'published', '[\"products\\/23.jpg\",\"products\\/23-1.jpg\"]', 'HS-134-A0', 0, 13, 0, 1, 1, NULL, NULL, 3, 0, 0, 0, 0, 112, NULL, NULL, NULL, 11.00, 16.00, 20.00, 638.00, NULL, NULL, NULL, NULL, NULL, '2021-08-24 07:59:24', '2021-08-24 07:59:25', 1, 61152, 'in_stock'),
(24, 'Gaming Keyboard', '<p>Short Hooded Coat features a straight body, large pockets with button flaps, ventilation air holes, and a string detail along the hemline.</p><ul>\n                                        <li class=\"mb-10\"><i class=\"far fa-hourglass mr-5 text-brand\"></i> 1 Year AL Jazeera Brand Warranty</li>\n                                        <li class=\"mb-10\"><i class=\"far fa-paper-plane mr-5 text-brand\"></i> 30 Day Return Policy</li>\n                                        <li><i class=\"far fa-address-card mr-5 text-brand\"></i> Cash on Delivery available</li>\n                                    </ul>', '<p>Short Hooded Coat features a straight body, large pockets with button flaps, ventilation air holes, and a string detail along the hemline. The style is completed with a drawstring hood, featuring Rains&rsquo; signature built-in cap. Made from waterproof, matte PU, this lightweight unisex rain jacket is an ode to nostalgia through its classic silhouette and utilitarian design details.</p>\n                                <p>- Casual unisex fit</p>\n\n                                <p>- 64% polyester, 36% polyurethane</p>\n\n                                <p>- Water column pressure: 4000 mm</p>\n\n                                <p>- Model is 187cm tall and wearing a size S / M</p>\n\n                                <p>- Unisex fit</p>\n\n                                <p>- Drawstring hood with built-in cap</p>\n\n                                <p>- Front placket with snap buttons</p>\n\n                                <p>- Ventilation under armpit</p>\n\n                                <p>- Adjustable cuffs</p>\n\n                                <p>- Double welted front pockets</p>\n\n                                <p>- Adjustable elastic string at hempen</p>\n\n                                <p>- Ultrasonically welded seams</p>\n\n                                <p>This is a unisex item, please check our clothing &amp; footwear sizing guide for specific Rains jacket sizing information. RAINS comes from the rainy nation of Denmark at the edge of the European continent, close to the ocean and with prevailing westerly winds; all factors that contribute to an average of 121 rain days each year. Arising from these rainy weather conditions comes the attitude that a quick rain shower may be beautiful, as well as moody- but first and foremost requires the right outfit. Rains focus on the whole experience of going outside on rainy days, issuing an invitation to explore even in the most mercurial weather.</p>', 'published', '[\"products\\/24.jpg\",\"products\\/24-1.jpg\"]', 'HS-139-A0', 0, 17, 0, 1, 1, NULL, NULL, 2, 0, 0, 0, 0, 110, 83.6, NULL, NULL, 16.00, 12.00, 18.00, 720.00, NULL, NULL, NULL, NULL, NULL, '2021-08-24 07:59:24', '2021-08-24 07:59:25', 1, 119127, 'in_stock'),
(25, 'Smart Home Speaker', NULL, NULL, 'published', '[\"products\\/1.jpg\"]', 'HS-111-A0', 0, 14, 0, 1, 0, NULL, NULL, 1, 1, 0, 0, 0, 396, NULL, NULL, NULL, 17.00, 18.00, 20.00, 593.00, NULL, NULL, NULL, NULL, NULL, '2021-08-24 07:59:24', '2021-08-24 07:59:24', NULL, 0, 'in_stock'),
(26, 'Smart Home Speaker', NULL, NULL, 'published', '[\"products\\/1-1.jpg\"]', 'HS-111-A0-A1', 0, 14, 0, 1, 0, NULL, NULL, 1, 1, 0, 0, 0, 396, NULL, NULL, NULL, 17.00, 18.00, 20.00, 593.00, NULL, NULL, NULL, NULL, NULL, '2021-08-24 07:59:24', '2021-08-24 07:59:24', NULL, 0, 'in_stock'),
(27, 'Headphone Ultra Bass', NULL, NULL, 'published', '[\"products\\/2.jpg\"]', 'HS-130-A0', 0, 10, 0, 1, 0, NULL, NULL, 7, 1, 0, 0, 0, 247, NULL, NULL, NULL, 12.00, 15.00, 14.00, 738.00, NULL, NULL, NULL, NULL, NULL, '2021-08-24 07:59:24', '2021-08-24 07:59:24', NULL, 0, 'in_stock'),
(28, 'Boxed - Bluetooth Headphone', NULL, NULL, 'published', '[\"products\\/3.jpg\"]', 'HS-172-A0', 0, 18, 0, 1, 0, NULL, NULL, 7, 1, 0, 0, 0, 457, NULL, NULL, NULL, 16.00, 20.00, 12.00, 584.00, NULL, NULL, NULL, NULL, NULL, '2021-08-24 07:59:24', '2021-08-24 07:59:24', NULL, 0, 'in_stock'),
(29, 'Boxed - Bluetooth Headphone', NULL, NULL, 'published', '[\"products\\/3-1.jpg\"]', 'HS-172-A0-A1', 0, 18, 0, 1, 0, NULL, NULL, 7, 1, 0, 0, 0, 457, NULL, NULL, NULL, 16.00, 20.00, 12.00, 584.00, NULL, NULL, NULL, NULL, NULL, '2021-08-24 07:59:24', '2021-08-24 07:59:24', NULL, 0, 'in_stock'),
(30, 'Chikie - Bluetooth Speaker', NULL, NULL, 'published', '[\"products\\/4.jpg\"]', 'HS-103-A0', 0, 20, 0, 1, 0, NULL, NULL, 7, 1, 0, 0, 0, 85, 70.55, NULL, NULL, 14.00, 10.00, 16.00, 567.00, NULL, NULL, NULL, NULL, NULL, '2021-08-24 07:59:24', '2021-08-24 07:59:24', NULL, 0, 'in_stock'),
(31, 'Chikie - Bluetooth Speaker', NULL, NULL, 'published', '[\"products\\/4-1.jpg\"]', 'HS-103-A0-A1', 0, 20, 0, 1, 0, NULL, NULL, 7, 1, 0, 0, 0, 85, 67.15, NULL, NULL, 14.00, 10.00, 16.00, 567.00, NULL, NULL, NULL, NULL, NULL, '2021-08-24 07:59:24', '2021-08-24 07:59:24', NULL, 0, 'in_stock'),
(32, 'Camera Hikvision HK-35VS8', NULL, NULL, 'published', '[\"products\\/5.jpg\"]', 'HS-147-A0', 0, 17, 0, 1, 0, NULL, NULL, 1, 1, 0, 0, 0, 41, NULL, NULL, NULL, 17.00, 17.00, 11.00, 576.00, NULL, NULL, NULL, NULL, NULL, '2021-08-24 07:59:24', '2021-08-24 07:59:24', NULL, 0, 'in_stock'),
(33, 'Camera Hikvision HK-35VS8', NULL, NULL, 'published', '[\"products\\/5-1.jpg\"]', 'HS-147-A0-A1', 0, 17, 0, 1, 0, NULL, NULL, 1, 1, 0, 0, 0, 41, NULL, NULL, NULL, 17.00, 17.00, 11.00, 576.00, NULL, NULL, NULL, NULL, NULL, '2021-08-24 07:59:24', '2021-08-24 07:59:24', NULL, 0, 'in_stock'),
(34, 'Camera Samsung SS-24', NULL, NULL, 'published', '[\"products\\/6.jpg\"]', 'HS-168-A0', 0, 17, 0, 1, 0, NULL, NULL, 3, 1, 0, 0, 0, 60, NULL, NULL, NULL, 13.00, 17.00, 10.00, 692.00, NULL, NULL, NULL, NULL, NULL, '2021-08-24 07:59:24', '2021-08-24 07:59:24', NULL, 0, 'in_stock'),
(35, 'Camera Samsung SS-24', NULL, NULL, 'published', '[\"products\\/6-1.jpg\"]', 'HS-168-A0-A1', 0, 17, 0, 1, 0, NULL, NULL, 3, 1, 0, 0, 0, 60, NULL, NULL, NULL, 13.00, 17.00, 10.00, 692.00, NULL, NULL, NULL, NULL, NULL, '2021-08-24 07:59:24', '2021-08-24 07:59:24', NULL, 0, 'in_stock'),
(36, 'Camera Samsung SS-24', NULL, NULL, 'published', '[\"products\\/6.jpg\"]', 'HS-168-A0-A2', 0, 17, 0, 1, 0, NULL, NULL, 3, 1, 0, 0, 0, 60, NULL, NULL, NULL, 13.00, 17.00, 10.00, 692.00, NULL, NULL, NULL, NULL, NULL, '2021-08-24 07:59:24', '2021-08-24 07:59:24', NULL, 0, 'in_stock'),
(37, 'Camera Samsung SS-24', NULL, NULL, 'published', '[\"products\\/6.jpg\"]', 'HS-168-A0-A3', 0, 17, 0, 1, 0, NULL, NULL, 3, 1, 0, 0, 0, 60, NULL, NULL, NULL, 13.00, 17.00, 10.00, 692.00, NULL, NULL, NULL, NULL, NULL, '2021-08-24 07:59:24', '2021-08-24 07:59:24', NULL, 0, 'in_stock'),
(38, 'Leather Watch Band', NULL, NULL, 'published', '[\"products\\/7.jpg\"]', 'HS-143-A0', 0, 17, 0, 1, 0, NULL, NULL, 4, 1, 0, 0, 0, 119, NULL, NULL, NULL, 13.00, 12.00, 12.00, 795.00, NULL, NULL, NULL, NULL, NULL, '2021-08-24 07:59:24', '2021-08-24 07:59:24', NULL, 0, 'in_stock'),
(39, 'Apple iPhone 13 Plus', NULL, NULL, 'published', '[\"products\\/8.jpg\"]', 'HS-158-A0', 0, 11, 0, 1, 0, NULL, NULL, 5, 1, 0, 0, 0, 130, 115.7, NULL, NULL, 16.00, 15.00, 19.00, 760.00, NULL, NULL, NULL, NULL, NULL, '2021-08-24 07:59:24', '2021-08-24 07:59:24', NULL, 0, 'in_stock'),
(40, 'Apple iPhone 13 Plus', NULL, NULL, 'published', '[\"products\\/8-1.jpg\"]', 'HS-158-A0-A1', 0, 11, 0, 1, 0, NULL, NULL, 5, 1, 0, 0, 0, 130, 98.8, NULL, NULL, 16.00, 15.00, 19.00, 760.00, NULL, NULL, NULL, NULL, NULL, '2021-08-24 07:59:24', '2021-08-24 07:59:24', NULL, 0, 'in_stock'),
(41, 'Macbook Pro 2015', NULL, NULL, 'published', '[\"products\\/9.jpg\"]', 'HS-141-A0', 0, 12, 0, 1, 0, NULL, NULL, 6, 1, 0, 0, 0, 127, NULL, NULL, NULL, 13.00, 18.00, 11.00, 621.00, NULL, NULL, NULL, NULL, NULL, '2021-08-24 07:59:24', '2021-08-24 07:59:24', NULL, 0, 'in_stock'),
(42, 'Macbook Pro 2015', NULL, NULL, 'published', '[\"products\\/9-1.jpg\"]', 'HS-141-A0-A1', 0, 12, 0, 1, 0, NULL, NULL, 6, 1, 0, 0, 0, 127, NULL, NULL, NULL, 13.00, 18.00, 11.00, 621.00, NULL, NULL, NULL, NULL, NULL, '2021-08-24 07:59:24', '2021-08-24 07:59:24', NULL, 0, 'in_stock'),
(43, 'Macbook Pro 2015', NULL, NULL, 'published', '[\"products\\/9.jpg\"]', 'HS-141-A0-A2', 0, 12, 0, 1, 0, NULL, NULL, 6, 1, 0, 0, 0, 127, NULL, NULL, NULL, 13.00, 18.00, 11.00, 621.00, NULL, NULL, NULL, NULL, NULL, '2021-08-24 07:59:24', '2021-08-24 07:59:24', NULL, 0, 'in_stock'),
(44, 'Macbook Air 12 inch', NULL, NULL, 'published', '[\"products\\/10.jpg\"]', 'HS-131-A0', 0, 20, 0, 1, 0, NULL, NULL, 3, 1, 0, 0, 0, 306, NULL, NULL, NULL, 20.00, 10.00, 12.00, 522.00, NULL, NULL, NULL, NULL, NULL, '2021-08-24 07:59:24', '2021-08-24 07:59:24', NULL, 0, 'in_stock'),
(45, 'Macbook Air 12 inch', NULL, NULL, 'published', '[\"products\\/10-1.jpg\"]', 'HS-131-A0-A1', 0, 20, 0, 1, 0, NULL, NULL, 3, 1, 0, 0, 0, 306, NULL, NULL, NULL, 20.00, 10.00, 12.00, 522.00, NULL, NULL, NULL, NULL, NULL, '2021-08-24 07:59:24', '2021-08-24 07:59:24', NULL, 0, 'in_stock'),
(46, 'Macbook Air 12 inch', NULL, NULL, 'published', '[\"products\\/10.jpg\"]', 'HS-131-A0-A2', 0, 20, 0, 1, 0, NULL, NULL, 3, 1, 0, 0, 0, 306, NULL, NULL, NULL, 20.00, 10.00, 12.00, 522.00, NULL, NULL, NULL, NULL, NULL, '2021-08-24 07:59:24', '2021-08-24 07:59:24', NULL, 0, 'in_stock'),
(47, 'Apple Watch Serial 7', NULL, NULL, 'published', '[\"products\\/11.jpg\"]', 'HS-190-A0', 0, 16, 0, 1, 0, NULL, NULL, 5, 1, 0, 0, 0, 120, NULL, NULL, NULL, 10.00, 14.00, 12.00, 763.00, NULL, NULL, NULL, NULL, NULL, '2021-08-24 07:59:24', '2021-08-24 07:59:24', NULL, 0, 'in_stock'),
(48, 'Apple Watch Serial 7', NULL, NULL, 'published', '[\"products\\/11-1.jpg\"]', 'HS-190-A0-A1', 0, 16, 0, 1, 0, NULL, NULL, 5, 1, 0, 0, 0, 120, NULL, NULL, NULL, 10.00, 14.00, 12.00, 763.00, NULL, NULL, NULL, NULL, NULL, '2021-08-24 07:59:24', '2021-08-24 07:59:24', NULL, 0, 'in_stock'),
(49, 'Apple Watch Serial 7', NULL, NULL, 'published', '[\"products\\/11.jpg\"]', 'HS-190-A0-A2', 0, 16, 0, 1, 0, NULL, NULL, 5, 1, 0, 0, 0, 120, NULL, NULL, NULL, 10.00, 14.00, 12.00, 763.00, NULL, NULL, NULL, NULL, NULL, '2021-08-24 07:59:24', '2021-08-24 07:59:24', NULL, 0, 'in_stock'),
(50, 'Macbook Pro 13 inch', NULL, NULL, 'published', '[\"products\\/12.jpg\"]', 'HS-122-A0', 0, 11, 0, 1, 0, NULL, NULL, 5, 1, 0, 0, 0, 127, 104.14, NULL, NULL, 20.00, 16.00, 12.00, 836.00, NULL, NULL, NULL, NULL, NULL, '2021-08-24 07:59:24', '2021-08-24 07:59:24', NULL, 0, 'in_stock'),
(51, 'Macbook Pro 13 inch', NULL, NULL, 'published', '[\"products\\/12-1.jpg\"]', 'HS-122-A0-A1', 0, 11, 0, 1, 0, NULL, NULL, 5, 1, 0, 0, 0, 127, 100.33, NULL, NULL, 20.00, 16.00, 12.00, 836.00, NULL, NULL, NULL, NULL, NULL, '2021-08-24 07:59:24', '2021-08-24 07:59:24', NULL, 0, 'in_stock'),
(52, 'Macbook Pro 13 inch', NULL, NULL, 'published', '[\"products\\/12.jpg\"]', 'HS-122-A0-A2', 0, 11, 0, 1, 0, NULL, NULL, 5, 1, 0, 0, 0, 127, 92.71, NULL, NULL, 20.00, 16.00, 12.00, 836.00, NULL, NULL, NULL, NULL, NULL, '2021-08-24 07:59:24', '2021-08-24 07:59:24', NULL, 0, 'in_stock'),
(53, 'Macbook Pro 13 inch', NULL, NULL, 'published', '[\"products\\/12.jpg\"]', 'HS-122-A0-A3', 0, 11, 0, 1, 0, NULL, NULL, 5, 1, 0, 0, 0, 127, 113.03, NULL, NULL, 20.00, 16.00, 12.00, 836.00, NULL, NULL, NULL, NULL, NULL, '2021-08-24 07:59:24', '2021-08-24 07:59:24', NULL, 0, 'in_stock'),
(54, 'Macbook Pro 13 inch', NULL, NULL, 'published', '[\"products\\/12.jpg\"]', 'HS-122-A0-A4', 0, 11, 0, 1, 0, NULL, NULL, 5, 1, 0, 0, 0, 127, 93.98, NULL, NULL, 20.00, 16.00, 12.00, 836.00, NULL, NULL, NULL, NULL, NULL, '2021-08-24 07:59:24', '2021-08-24 07:59:24', NULL, 0, 'in_stock'),
(55, 'Apple Keyboard', NULL, NULL, 'published', '[\"products\\/13.jpg\"]', 'HS-158-A0', 0, 10, 0, 1, 0, NULL, NULL, 2, 1, 0, 0, 0, 114, NULL, NULL, NULL, 10.00, 14.00, 16.00, 618.00, NULL, NULL, NULL, NULL, NULL, '2021-08-24 07:59:24', '2021-08-24 07:59:24', NULL, 0, 'in_stock'),
(56, 'Apple Keyboard', NULL, NULL, 'published', '[\"products\\/13-1.jpg\"]', 'HS-158-A0-A1', 0, 10, 0, 1, 0, NULL, NULL, 2, 1, 0, 0, 0, 114, NULL, NULL, NULL, 10.00, 14.00, 16.00, 618.00, NULL, NULL, NULL, NULL, NULL, '2021-08-24 07:59:24', '2021-08-24 07:59:24', NULL, 0, 'in_stock'),
(57, 'Apple Keyboard', NULL, NULL, 'published', '[\"products\\/13.jpg\"]', 'HS-158-A0-A2', 0, 10, 0, 1, 0, NULL, NULL, 2, 1, 0, 0, 0, 114, NULL, NULL, NULL, 10.00, 14.00, 16.00, 618.00, NULL, NULL, NULL, NULL, NULL, '2021-08-24 07:59:24', '2021-08-24 07:59:24', NULL, 0, 'in_stock'),
(58, 'MacSafe 80W', NULL, NULL, 'published', '[\"products\\/14.jpg\"]', 'HS-115-A0', 0, 20, 0, 1, 0, NULL, NULL, 3, 1, 0, 0, 0, 113, NULL, NULL, NULL, 11.00, 14.00, 16.00, 850.00, NULL, NULL, NULL, NULL, NULL, '2021-08-24 07:59:24', '2021-08-24 07:59:24', NULL, 0, 'in_stock'),
(59, 'MacSafe 80W', NULL, NULL, 'published', '[\"products\\/14-1.jpg\"]', 'HS-115-A0-A1', 0, 20, 0, 1, 0, NULL, NULL, 3, 1, 0, 0, 0, 113, NULL, NULL, NULL, 11.00, 14.00, 16.00, 850.00, NULL, NULL, NULL, NULL, NULL, '2021-08-24 07:59:24', '2021-08-24 07:59:24', NULL, 0, 'in_stock'),
(60, 'Hand playstation', NULL, NULL, 'published', '[\"products\\/15.jpg\"]', 'HS-132-A0', 0, 13, 0, 1, 0, NULL, NULL, 4, 1, 0, 0, 0, 125, NULL, NULL, NULL, 15.00, 17.00, 18.00, 744.00, NULL, NULL, NULL, NULL, NULL, '2021-08-24 07:59:24', '2021-08-24 07:59:24', NULL, 0, 'in_stock'),
(61, 'Hand playstation', NULL, NULL, 'published', '[\"products\\/15-1.jpg\"]', 'HS-132-A0-A1', 0, 13, 0, 1, 0, NULL, NULL, 4, 1, 0, 0, 0, 125, NULL, NULL, NULL, 15.00, 17.00, 18.00, 744.00, NULL, NULL, NULL, NULL, NULL, '2021-08-24 07:59:24', '2021-08-24 07:59:24', NULL, 0, 'in_stock'),
(62, 'Apple Airpods Serial 3', NULL, NULL, 'published', '[\"products\\/16.jpg\"]', 'HS-173-A0', 0, 15, 0, 1, 0, NULL, NULL, 5, 1, 0, 0, 0, 114, 86.64, NULL, NULL, 10.00, 18.00, 20.00, 710.00, NULL, NULL, NULL, NULL, NULL, '2021-08-24 07:59:24', '2021-08-24 07:59:24', NULL, 0, 'in_stock'),
(63, 'Apple Airpods Serial 3', NULL, NULL, 'published', '[\"products\\/16.jpg\"]', 'HS-173-A0-A1', 0, 15, 0, 1, 0, NULL, NULL, 5, 1, 0, 0, 0, 114, 96.9, NULL, NULL, 10.00, 18.00, 20.00, 710.00, NULL, NULL, NULL, NULL, NULL, '2021-08-24 07:59:24', '2021-08-24 07:59:24', NULL, 0, 'in_stock'),
(64, 'Cool Smart Watches', NULL, NULL, 'published', '[\"products\\/17.jpg\"]', 'HS-128-A0', 0, 11, 0, 1, 0, NULL, NULL, 4, 1, 0, 0, 0, 110, NULL, NULL, NULL, 16.00, 16.00, 13.00, 833.00, NULL, NULL, NULL, NULL, NULL, '2021-08-24 07:59:24', '2021-08-24 07:59:24', NULL, 0, 'in_stock'),
(65, 'Cool Smart Watches', NULL, NULL, 'published', '[\"products\\/17.jpg\"]', 'HS-128-A0-A1', 0, 11, 0, 1, 0, NULL, NULL, 4, 1, 0, 0, 0, 110, NULL, NULL, NULL, 16.00, 16.00, 13.00, 833.00, NULL, NULL, NULL, NULL, NULL, '2021-08-24 07:59:24', '2021-08-24 07:59:24', NULL, 0, 'in_stock'),
(66, 'Cool Smart Watches', NULL, NULL, 'published', '[\"products\\/17.jpg\"]', 'HS-128-A0-A2', 0, 11, 0, 1, 0, NULL, NULL, 4, 1, 0, 0, 0, 110, NULL, NULL, NULL, 16.00, 16.00, 13.00, 833.00, NULL, NULL, NULL, NULL, NULL, '2021-08-24 07:59:24', '2021-08-24 07:59:24', NULL, 0, 'in_stock'),
(67, 'Black Smart Watches', NULL, NULL, 'published', '[\"products\\/18.jpg\"]', 'HS-200-A0', 0, 10, 0, 1, 0, NULL, NULL, 2, 1, 0, 0, 0, 112, NULL, NULL, NULL, 16.00, 15.00, 19.00, 785.00, NULL, NULL, NULL, NULL, NULL, '2021-08-24 07:59:24', '2021-08-24 07:59:24', NULL, 0, 'in_stock'),
(68, 'Black Smart Watches', NULL, NULL, 'published', '[\"products\\/18-1.jpg\"]', 'HS-200-A0-A1', 0, 10, 0, 1, 0, NULL, NULL, 2, 1, 0, 0, 0, 112, NULL, NULL, NULL, 16.00, 15.00, 19.00, 785.00, NULL, NULL, NULL, NULL, NULL, '2021-08-24 07:59:24', '2021-08-24 07:59:24', NULL, 0, 'in_stock'),
(69, 'Black Smart Watches', NULL, NULL, 'published', '[\"products\\/18-2.jpg\"]', 'HS-200-A0-A2', 0, 10, 0, 1, 0, NULL, NULL, 2, 1, 0, 0, 0, 112, NULL, NULL, NULL, 16.00, 15.00, 19.00, 785.00, NULL, NULL, NULL, NULL, NULL, '2021-08-24 07:59:24', '2021-08-24 07:59:24', NULL, 0, 'in_stock'),
(70, 'Black Smart Watches', NULL, NULL, 'published', '[\"products\\/18.jpg\"]', 'HS-200-A0-A3', 0, 10, 0, 1, 0, NULL, NULL, 2, 1, 0, 0, 0, 112, NULL, NULL, NULL, 16.00, 15.00, 19.00, 785.00, NULL, NULL, NULL, NULL, NULL, '2021-08-24 07:59:24', '2021-08-24 07:59:24', NULL, 0, 'in_stock'),
(71, 'Leather Watch Band Serial 3', NULL, NULL, 'published', '[\"products\\/19.jpg\"]', 'HS-139-A0', 0, 17, 0, 1, 0, NULL, NULL, 4, 1, 0, 0, 0, 116, NULL, NULL, NULL, 14.00, 18.00, 15.00, 772.00, NULL, NULL, NULL, NULL, NULL, '2021-08-24 07:59:25', '2021-08-24 07:59:25', NULL, 0, 'in_stock'),
(72, 'Leather Watch Band Serial 3', NULL, NULL, 'published', '[\"products\\/19-1.jpg\"]', 'HS-139-A0-A1', 0, 17, 0, 1, 0, NULL, NULL, 4, 1, 0, 0, 0, 116, NULL, NULL, NULL, 14.00, 18.00, 15.00, 772.00, NULL, NULL, NULL, NULL, NULL, '2021-08-24 07:59:25', '2021-08-24 07:59:25', NULL, 0, 'in_stock'),
(73, 'Leather Watch Band Serial 3', NULL, NULL, 'published', '[\"products\\/19.jpg\"]', 'HS-139-A0-A2', 0, 17, 0, 1, 0, NULL, NULL, 4, 1, 0, 0, 0, 116, NULL, NULL, NULL, 14.00, 18.00, 15.00, 772.00, NULL, NULL, NULL, NULL, NULL, '2021-08-24 07:59:25', '2021-08-24 07:59:25', NULL, 0, 'in_stock'),
(74, 'Macbook Pro 2015 13 inch', NULL, NULL, 'published', '[\"products\\/20.jpg\"]', 'HS-186-A0', 0, 20, 0, 1, 0, NULL, NULL, 4, 1, 0, 0, 0, 113, 91.53, NULL, NULL, 20.00, 14.00, 10.00, 557.00, NULL, NULL, NULL, NULL, NULL, '2021-08-24 07:59:25', '2021-08-24 07:59:25', NULL, 0, 'in_stock'),
(75, 'Macbook Pro 2015 13 inch', NULL, NULL, 'published', '[\"products\\/20-1.jpg\"]', 'HS-186-A0-A1', 0, 20, 0, 1, 0, NULL, NULL, 4, 1, 0, 0, 0, 113, 82.49, NULL, NULL, 20.00, 14.00, 10.00, 557.00, NULL, NULL, NULL, NULL, NULL, '2021-08-24 07:59:25', '2021-08-24 07:59:25', NULL, 0, 'in_stock'),
(76, 'Macbook Pro 2015 13 inch', NULL, NULL, 'published', '[\"products\\/20.jpg\"]', 'HS-186-A0-A2', 0, 20, 0, 1, 0, NULL, NULL, 4, 1, 0, 0, 0, 113, 98.31, NULL, NULL, 20.00, 14.00, 10.00, 557.00, NULL, NULL, NULL, NULL, NULL, '2021-08-24 07:59:25', '2021-08-24 07:59:25', NULL, 0, 'in_stock'),
(77, 'Historic Alarm Clock', NULL, NULL, 'published', '[\"products\\/21.jpg\"]', 'HS-129-A0', 0, 10, 0, 1, 0, NULL, NULL, 7, 1, 0, 0, 0, 130, NULL, NULL, NULL, 12.00, 12.00, 17.00, 806.00, NULL, NULL, NULL, NULL, NULL, '2021-08-24 07:59:25', '2021-08-24 07:59:25', NULL, 0, 'in_stock'),
(78, 'Black Glasses', NULL, NULL, 'published', '[\"products\\/22.jpg\"]', 'HS-128-A0', 0, 20, 0, 1, 0, NULL, NULL, 1, 1, 0, 0, 0, 120, NULL, NULL, NULL, 17.00, 17.00, 20.00, 683.00, NULL, NULL, NULL, NULL, NULL, '2021-08-24 07:59:25', '2021-08-24 07:59:25', NULL, 0, 'in_stock'),
(79, 'Black Glasses', NULL, NULL, 'published', '[\"products\\/22-1.jpg\"]', 'HS-128-A0-A1', 0, 20, 0, 1, 0, NULL, NULL, 1, 1, 0, 0, 0, 120, NULL, NULL, NULL, 17.00, 17.00, 20.00, 683.00, NULL, NULL, NULL, NULL, NULL, '2021-08-24 07:59:25', '2021-08-24 07:59:25', NULL, 0, 'in_stock'),
(80, 'Black Glasses', NULL, NULL, 'published', '[\"products\\/22.jpg\"]', 'HS-128-A0-A2', 0, 20, 0, 1, 0, NULL, NULL, 1, 1, 0, 0, 0, 120, NULL, NULL, NULL, 17.00, 17.00, 20.00, 683.00, NULL, NULL, NULL, NULL, NULL, '2021-08-24 07:59:25', '2021-08-24 07:59:25', NULL, 0, 'in_stock'),
(81, 'Black Glasses', NULL, NULL, 'published', '[\"products\\/22.jpg\"]', 'HS-128-A0-A3', 0, 20, 0, 1, 0, NULL, NULL, 1, 1, 0, 0, 0, 120, NULL, NULL, NULL, 17.00, 17.00, 20.00, 683.00, NULL, NULL, NULL, NULL, NULL, '2021-08-24 07:59:25', '2021-08-24 07:59:25', NULL, 0, 'in_stock'),
(82, 'Phillips Mouse', NULL, NULL, 'published', '[\"products\\/23.jpg\"]', 'HS-134-A0', 0, 13, 0, 1, 0, NULL, NULL, 3, 1, 0, 0, 0, 112, NULL, NULL, NULL, 11.00, 16.00, 20.00, 638.00, NULL, NULL, NULL, NULL, NULL, '2021-08-24 07:59:25', '2021-08-24 07:59:25', NULL, 0, 'in_stock'),
(83, 'Gaming Keyboard', NULL, NULL, 'published', '[\"products\\/24.jpg\"]', 'HS-139-A0', 0, 17, 0, 1, 0, NULL, NULL, 2, 1, 0, 0, 0, 110, 83.6, NULL, NULL, 16.00, 12.00, 18.00, 720.00, NULL, NULL, NULL, NULL, NULL, '2021-08-24 07:59:25', '2021-08-24 07:59:25', NULL, 0, 'in_stock'),
(84, 'Gaming Keyboard', NULL, NULL, 'published', '[\"products\\/24-1.jpg\"]', 'HS-139-A0-A1', 0, 17, 0, 1, 0, NULL, NULL, 2, 1, 0, 0, 0, 110, 91.3, NULL, NULL, 16.00, 12.00, 18.00, 720.00, NULL, NULL, NULL, NULL, NULL, '2021-08-24 07:59:25', '2021-08-24 07:59:25', NULL, 0, 'in_stock'),
(85, 'Gaming Keyboard', NULL, NULL, 'published', '[\"products\\/24.jpg\"]', 'HS-139-A0-A2', 0, 17, 0, 1, 0, NULL, NULL, 2, 1, 0, 0, 0, 110, 85.8, NULL, NULL, 16.00, 12.00, 18.00, 720.00, NULL, NULL, NULL, NULL, NULL, '2021-08-24 07:59:25', '2021-08-24 07:59:25', NULL, 0, 'in_stock');

-- --------------------------------------------------------

--
-- Table structure for table `ec_products_translations`
--

CREATE TABLE `ec_products_translations` (
  `lang_code` varchar(191) COLLATE utf8mb4_unicode_ci NOT NULL,
  `ec_products_id` int(11) NOT NULL,
  `name` varchar(191) COLLATE utf8mb4_unicode_ci DEFAULT NULL,
  `description` text COLLATE utf8mb4_unicode_ci,
  `content` text COLLATE utf8mb4_unicode_ci
) ENGINE=InnoDB DEFAULT CHARSET=utf8mb4 COLLATE=utf8mb4_unicode_ci;

--
-- Dumping data for table `ec_products_translations`
--

INSERT INTO `ec_products_translations` (`lang_code`, `ec_products_id`, `name`, `description`, `content`) VALUES
('vi', 1, 'Loa thông minh', NULL, NULL),
('vi', 2, 'Tai nghe Ultra Bass', NULL, NULL),
('vi', 3, 'Tai nghe Bluetooth', NULL, NULL),
('vi', 4, 'Chikie - Loa Bluetooth', NULL, NULL),
('vi', 5, 'Camera Hikvision HK-35VS8', NULL, NULL),
('vi', 6, 'Camera Samsung SS-24', NULL, NULL),
('vi', 7, 'Dây đeo đồng hồ da', NULL, NULL),
('vi', 8, 'Điện thoại Apple iPhone 13 Plus', NULL, NULL),
('vi', 9, 'Máy tính Macbook Pro 2015', NULL, NULL),
('vi', 10, 'Máy tính Macbook Air 12 inch', NULL, NULL),
('vi', 11, 'Đồng hồ Apple Serial 7', NULL, NULL),
('vi', 12, 'Máy tính Macbook Pro 13 inch', NULL, NULL),
('vi', 13, 'Bàn phím Apple', NULL, NULL),
('vi', 14, 'Cục sạc MacSafe 80W', NULL, NULL),
('vi', 15, 'Tay cầm chơi game', NULL, NULL),
('vi', 16, 'Apple Airpods Serial 3', NULL, NULL),
('vi', 17, 'Cool Smart Watches', NULL, NULL),
('vi', 18, 'Black Smart Watches', NULL, NULL),
('vi', 19, 'Leather Watch Band Serial 3', NULL, NULL),
('vi', 20, 'Macbook Pro 2015 13 inch', NULL, NULL),
('vi', 21, 'Đồng hồ báo thức cổ điển', NULL, NULL),
('vi', 22, 'Kính đen cool ngầu', NULL, NULL),
('vi', 23, 'Chuột máy tính Phillips', NULL, NULL),
('vi', 24, 'Bàn phím chơi game', NULL, NULL),
('vi', 25, 'Loa thông minh', NULL, NULL),
('vi', 26, 'Loa thông minh', NULL, NULL),
('vi', 27, 'Tai nghe Ultra Bass', NULL, NULL),
('vi', 28, 'Tai nghe Bluetooth', NULL, NULL),
('vi', 29, 'Tai nghe Bluetooth', NULL, NULL),
('vi', 30, 'Chikie - Loa Bluetooth', NULL, NULL),
('vi', 31, 'Chikie - Loa Bluetooth', NULL, NULL),
('vi', 32, 'Camera Hikvision HK-35VS8', NULL, NULL),
('vi', 33, 'Camera Hikvision HK-35VS8', NULL, NULL),
('vi', 34, 'Camera Samsung SS-24', NULL, NULL),
('vi', 35, 'Camera Samsung SS-24', NULL, NULL),
('vi', 36, 'Camera Samsung SS-24', NULL, NULL),
('vi', 37, 'Camera Samsung SS-24', NULL, NULL),
('vi', 38, 'Dây đeo đồng hồ da', NULL, NULL),
('vi', 39, 'Điện thoại Apple iPhone 13 Plus', NULL, NULL),
('vi', 40, 'Điện thoại Apple iPhone 13 Plus', NULL, NULL),
('vi', 41, 'Máy tính Macbook Pro 2015', NULL, NULL),
('vi', 42, 'Máy tính Macbook Pro 2015', NULL, NULL),
('vi', 43, 'Máy tính Macbook Pro 2015', NULL, NULL),
('vi', 44, 'Máy tính Macbook Air 12 inch', NULL, NULL),
('vi', 45, 'Máy tính Macbook Air 12 inch', NULL, NULL),
('vi', 46, 'Máy tính Macbook Air 12 inch', NULL, NULL),
('vi', 47, 'Đồng hồ Apple Serial 7', NULL, NULL),
('vi', 48, 'Đồng hồ Apple Serial 7', NULL, NULL),
('vi', 49, 'Đồng hồ Apple Serial 7', NULL, NULL),
('vi', 50, 'Máy tính Macbook Pro 13 inch', NULL, NULL),
('vi', 51, 'Máy tính Macbook Pro 13 inch', NULL, NULL),
('vi', 52, 'Máy tính Macbook Pro 13 inch', NULL, NULL),
('vi', 53, 'Máy tính Macbook Pro 13 inch', NULL, NULL),
('vi', 54, 'Máy tính Macbook Pro 13 inch', NULL, NULL),
('vi', 55, 'Bàn phím Apple', NULL, NULL),
('vi', 56, 'Bàn phím Apple', NULL, NULL),
('vi', 57, 'Bàn phím Apple', NULL, NULL),
('vi', 58, 'Cục sạc MacSafe 80W', NULL, NULL),
('vi', 59, 'Cục sạc MacSafe 80W', NULL, NULL),
('vi', 60, 'Tay cầm chơi game', NULL, NULL),
('vi', 61, 'Tay cầm chơi game', NULL, NULL),
('vi', 62, 'Apple Airpods Serial 3', NULL, NULL),
('vi', 63, 'Apple Airpods Serial 3', NULL, NULL),
('vi', 64, 'Cool Smart Watches', NULL, NULL),
('vi', 65, 'Cool Smart Watches', NULL, NULL),
('vi', 66, 'Cool Smart Watches', NULL, NULL),
('vi', 67, 'Black Smart Watches', NULL, NULL),
('vi', 68, 'Black Smart Watches', NULL, NULL),
('vi', 69, 'Black Smart Watches', NULL, NULL),
('vi', 70, 'Black Smart Watches', NULL, NULL),
('vi', 71, 'Leather Watch Band Serial 3', NULL, NULL),
('vi', 72, 'Leather Watch Band Serial 3', NULL, NULL),
('vi', 73, 'Leather Watch Band Serial 3', NULL, NULL),
('vi', 74, 'Macbook Pro 2015 13 inch', NULL, NULL),
('vi', 75, 'Macbook Pro 2015 13 inch', NULL, NULL),
('vi', 76, 'Macbook Pro 2015 13 inch', NULL, NULL),
('vi', 77, 'Đồng hồ báo thức cổ điển', NULL, NULL),
('vi', 78, 'Kính đen cool ngầu', NULL, NULL),
('vi', 79, 'Kính đen cool ngầu', NULL, NULL),
('vi', 80, 'Kính đen cool ngầu', NULL, NULL),
('vi', 81, 'Kính đen cool ngầu', NULL, NULL),
('vi', 82, 'Chuột máy tính Phillips', NULL, NULL),
('vi', 83, 'Bàn phím chơi game', NULL, NULL),
('vi', 84, 'Bàn phím chơi game', NULL, NULL),
('vi', 85, 'Bàn phím chơi game', NULL, NULL);

-- --------------------------------------------------------

--
-- Table structure for table `ec_product_attributes`
--

CREATE TABLE `ec_product_attributes` (
  `id` bigint(20) UNSIGNED NOT NULL,
  `attribute_set_id` int(10) UNSIGNED NOT NULL,
  `title` varchar(120) COLLATE utf8mb4_unicode_ci NOT NULL,
  `slug` varchar(120) COLLATE utf8mb4_unicode_ci DEFAULT NULL,
  `color` varchar(50) COLLATE utf8mb4_unicode_ci DEFAULT NULL,
  `image` varchar(191) COLLATE utf8mb4_unicode_ci DEFAULT NULL,
  `is_default` tinyint(3) UNSIGNED NOT NULL DEFAULT '0',
  `order` tinyint(3) UNSIGNED NOT NULL DEFAULT '0',
  `status` varchar(60) COLLATE utf8mb4_unicode_ci NOT NULL DEFAULT 'published',
  `created_at` timestamp NULL DEFAULT NULL,
  `updated_at` timestamp NULL DEFAULT NULL
) ENGINE=InnoDB DEFAULT CHARSET=utf8mb4 COLLATE=utf8mb4_unicode_ci;

--
-- Dumping data for table `ec_product_attributes`
--

INSERT INTO `ec_product_attributes` (`id`, `attribute_set_id`, `title`, `slug`, `color`, `image`, `is_default`, `order`, `status`, `created_at`, `updated_at`) VALUES
(1, 1, 'Green', 'green', '#5FB7D4', NULL, 1, 1, 'published', '2021-08-24 07:58:11', '2021-08-24 07:58:11'),
(2, 1, 'Blue', 'blue', '#333333', NULL, 0, 2, 'published', '2021-08-24 07:58:11', '2021-08-24 07:58:11'),
(3, 1, 'Red', 'red', '#DA323F', NULL, 0, 3, 'published', '2021-08-24 07:58:11', '2021-08-24 07:58:11'),
(4, 1, 'Black', 'back', '#2F366C', NULL, 0, 4, 'published', '2021-08-24 07:58:11', '2021-08-24 07:58:11'),
(5, 1, 'Brown', 'brown', '#87554B', NULL, 0, 5, 'published', '2021-08-24 07:58:11', '2021-08-24 07:58:11'),
(6, 2, 'S', 's', NULL, NULL, 1, 1, 'published', '2021-08-24 07:58:11', '2021-08-24 07:58:11'),
(7, 2, 'M', 'm', NULL, NULL, 1, 2, 'published', '2021-08-24 07:58:11', '2021-08-24 07:58:11'),
(8, 2, 'L', 'l', NULL, NULL, 1, 3, 'published', '2021-08-24 07:58:11', '2021-08-24 07:58:11'),
(9, 2, 'XL', 'xl', NULL, NULL, 1, 4, 'published', '2021-08-24 07:58:11', '2021-08-24 07:58:11'),
(10, 2, 'XXL', 'xxl', NULL, NULL, 1, 5, 'published', '2021-08-24 07:58:11', '2021-08-24 07:58:11');

-- --------------------------------------------------------

--
-- Table structure for table `ec_product_attributes_translations`
--

CREATE TABLE `ec_product_attributes_translations` (
  `lang_code` varchar(191) COLLATE utf8mb4_unicode_ci NOT NULL,
  `ec_product_attributes_id` int(11) NOT NULL,
  `title` varchar(191) COLLATE utf8mb4_unicode_ci DEFAULT NULL
) ENGINE=InnoDB DEFAULT CHARSET=utf8mb4 COLLATE=utf8mb4_unicode_ci;

--
-- Dumping data for table `ec_product_attributes_translations`
--

INSERT INTO `ec_product_attributes_translations` (`lang_code`, `ec_product_attributes_id`, `title`) VALUES
('vi', 1, 'Xanh lá cây'),
('vi', 2, 'Xanh da trời'),
('vi', 3, 'Đỏ'),
('vi', 4, 'Đen'),
('vi', 5, 'Nâu'),
('vi', 6, 'S'),
('vi', 7, 'M'),
('vi', 8, 'L'),
('vi', 9, 'XL'),
('vi', 10, 'XXL');

-- --------------------------------------------------------

--
-- Table structure for table `ec_product_attribute_sets`
--

CREATE TABLE `ec_product_attribute_sets` (
  `id` bigint(20) UNSIGNED NOT NULL,
  `title` varchar(120) COLLATE utf8mb4_unicode_ci NOT NULL,
  `slug` varchar(120) COLLATE utf8mb4_unicode_ci DEFAULT NULL,
  `display_layout` varchar(191) COLLATE utf8mb4_unicode_ci NOT NULL DEFAULT 'swatch_dropdown',
  `is_searchable` tinyint(3) UNSIGNED NOT NULL DEFAULT '1',
  `is_comparable` tinyint(3) UNSIGNED NOT NULL DEFAULT '1',
  `is_use_in_product_listing` tinyint(3) UNSIGNED NOT NULL DEFAULT '0',
  `status` varchar(60) COLLATE utf8mb4_unicode_ci NOT NULL DEFAULT 'published',
  `order` tinyint(3) UNSIGNED NOT NULL DEFAULT '0',
  `created_at` timestamp NULL DEFAULT NULL,
  `updated_at` timestamp NULL DEFAULT NULL
) ENGINE=InnoDB DEFAULT CHARSET=utf8mb4 COLLATE=utf8mb4_unicode_ci;

--
-- Dumping data for table `ec_product_attribute_sets`
--

INSERT INTO `ec_product_attribute_sets` (`id`, `title`, `slug`, `display_layout`, `is_searchable`, `is_comparable`, `is_use_in_product_listing`, `status`, `order`, `created_at`, `updated_at`) VALUES
(1, 'Color', 'color', 'visual', 1, 1, 1, 'published', 0, '2021-08-24 07:58:11', '2021-08-24 07:58:11'),
(2, 'Size', 'size', 'text', 1, 1, 1, 'published', 1, '2021-08-24 07:58:11', '2021-08-24 07:58:11');

-- --------------------------------------------------------

--
-- Table structure for table `ec_product_attribute_sets_translations`
--

CREATE TABLE `ec_product_attribute_sets_translations` (
  `lang_code` varchar(191) COLLATE utf8mb4_unicode_ci NOT NULL,
  `ec_product_attribute_sets_id` int(11) NOT NULL,
  `title` varchar(191) COLLATE utf8mb4_unicode_ci DEFAULT NULL
) ENGINE=InnoDB DEFAULT CHARSET=utf8mb4 COLLATE=utf8mb4_unicode_ci;

--
-- Dumping data for table `ec_product_attribute_sets_translations`
--

INSERT INTO `ec_product_attribute_sets_translations` (`lang_code`, `ec_product_attribute_sets_id`, `title`) VALUES
('vi', 1, 'Màu sắc'),
('vi', 2, 'Kích thước');

-- --------------------------------------------------------

--
-- Table structure for table `ec_product_categories`
--

CREATE TABLE `ec_product_categories` (
  `id` bigint(20) UNSIGNED NOT NULL,
  `name` varchar(191) COLLATE utf8mb4_unicode_ci NOT NULL,
  `parent_id` int(10) UNSIGNED DEFAULT '0',
  `description` mediumtext COLLATE utf8mb4_unicode_ci,
  `status` varchar(60) COLLATE utf8mb4_unicode_ci NOT NULL DEFAULT 'published',
  `order` int(10) UNSIGNED NOT NULL DEFAULT '0',
  `image` varchar(255) COLLATE utf8mb4_unicode_ci DEFAULT NULL,
  `is_featured` tinyint(3) UNSIGNED NOT NULL DEFAULT '0',
  `created_at` timestamp NULL DEFAULT NULL,
  `updated_at` timestamp NULL DEFAULT NULL
) ENGINE=InnoDB DEFAULT CHARSET=utf8mb4 COLLATE=utf8mb4_unicode_ci;

--
-- Dumping data for table `ec_product_categories`
--

INSERT INTO `ec_product_categories` (`id`, `name`, `parent_id`, `description`, `status`, `order`, `image`, `is_featured`, `created_at`, `updated_at`) VALUES
(1, 'Hot Promotions', 0, NULL, 'published', 0, NULL, 0, '2021-08-24 07:58:11', '2021-08-24 07:58:11'),
(2, 'Electronics', 0, NULL, 'published', 1, 'product-categories/1.jpg', 1, '2021-08-24 07:58:11', '2021-08-24 07:58:11'),
(3, 'Home Audio & Theaters', 2, NULL, 'published', 1, NULL, 0, '2021-08-24 07:58:11', '2021-08-24 07:58:11'),
(4, 'TV & Videos', 2, NULL, 'published', 2, NULL, 0, '2021-08-24 07:58:11', '2021-08-24 07:58:11'),
(5, 'Camera, Photos & Videos', 2, NULL, 'published', 3, NULL, 0, '2021-08-24 07:58:11', '2021-08-24 07:58:11'),
(6, 'Cellphones & Accessories', 2, NULL, 'published', 4, NULL, 0, '2021-08-24 07:58:11', '2021-08-24 07:58:11'),
(7, 'Headphones', 2, NULL, 'published', 5, NULL, 0, '2021-08-24 07:58:11', '2021-08-24 07:58:11'),
(8, 'Videos games', 2, NULL, 'published', 6, NULL, 0, '2021-08-24 07:58:11', '2021-08-24 07:58:11'),
(9, 'Wireless Speakers', 2, NULL, 'published', 7, NULL, 0, '2021-08-24 07:58:11', '2021-08-24 07:58:11'),
(10, 'Office Electronic', 2, NULL, 'published', 8, NULL, 0, '2021-08-24 07:58:11', '2021-08-24 07:58:11'),
(11, 'Clothing', 0, NULL, 'published', 2, 'product-categories/2.jpg', 1, '2021-08-24 07:58:11', '2021-08-24 07:58:11'),
(12, 'Computers', 0, NULL, 'published', 3, 'product-categories/3.jpg', 1, '2021-08-24 07:58:11', '2021-08-24 07:58:11'),
(13, 'Computer & Tablets', 12, NULL, 'published', 3, NULL, 0, '2021-08-24 07:58:11', '2021-08-24 07:58:11'),
(14, 'Laptop', 12, NULL, 'published', 4, NULL, 0, '2021-08-24 07:58:11', '2021-08-24 07:58:11'),
(15, 'Monitors', 12, NULL, 'published', 5, NULL, 0, '2021-08-24 07:58:11', '2021-08-24 07:58:11'),
(16, 'Computer Components', 12, NULL, 'published', 6, NULL, 0, '2021-08-24 07:58:11', '2021-08-24 07:58:11'),
(17, 'Home & Kitchen', 0, NULL, 'published', 4, 'product-categories/4.jpg', 1, '2021-08-24 07:58:11', '2021-08-24 07:58:11'),
(18, 'Health & Beauty', 0, NULL, 'published', 5, 'product-categories/5.jpg', 1, '2021-08-24 07:58:11', '2021-08-24 07:58:11'),
(19, 'Jewelry & Watch', 0, NULL, 'published', 6, 'product-categories/6.jpg', 1, '2021-08-24 07:58:11', '2021-08-24 07:58:11'),
(20, 'Technology Toys', 0, NULL, 'published', 7, 'product-categories/7.jpg', 1, '2021-08-24 07:58:11', '2021-08-24 07:58:11'),
(21, 'Drive & Storages', 20, NULL, 'published', 7, NULL, 0, '2021-08-24 07:58:11', '2021-08-24 07:58:11'),
(22, 'Gaming Laptop', 20, NULL, 'published', 8, NULL, 0, '2021-08-24 07:58:11', '2021-08-24 07:58:11'),
(23, 'Security & Protection', 20, NULL, 'published', 9, NULL, 0, '2021-08-24 07:58:11', '2021-08-24 07:58:11'),
(24, 'Accessories', 20, NULL, 'published', 10, NULL, 0, '2021-08-24 07:58:11', '2021-08-24 07:58:11'),
(25, 'Phones', 0, NULL, 'published', 8, 'product-categories/8.jpg', 1, '2021-08-24 07:58:11', '2021-08-24 07:58:11'),
(26, 'Babies & Moms', 0, NULL, 'published', 9, NULL, 0, '2021-08-24 07:58:11', '2021-08-24 07:58:11'),
(27, 'Sport & Outdoor', 0, NULL, 'published', 10, NULL, 0, '2021-08-24 07:58:11', '2021-08-24 07:58:11'),
(28, 'Books & Office', 0, NULL, 'published', 11, NULL, 0, '2021-08-24 07:58:11', '2021-08-24 07:58:11'),
(29, 'Cars & Motorcycles', 0, NULL, 'published', 12, NULL, 0, '2021-08-24 07:58:11', '2021-08-24 07:58:11'),
(30, 'Home Improvements', 0, NULL, 'published', 13, NULL, 0, '2021-08-24 07:58:11', '2021-08-24 07:58:11');

-- --------------------------------------------------------

--
-- Table structure for table `ec_product_categories_translations`
--

CREATE TABLE `ec_product_categories_translations` (
  `lang_code` varchar(191) COLLATE utf8mb4_unicode_ci NOT NULL,
  `ec_product_categories_id` int(11) NOT NULL,
  `name` varchar(191) COLLATE utf8mb4_unicode_ci DEFAULT NULL,
  `description` text COLLATE utf8mb4_unicode_ci
) ENGINE=InnoDB DEFAULT CHARSET=utf8mb4 COLLATE=utf8mb4_unicode_ci;

--
-- Dumping data for table `ec_product_categories_translations`
--

INSERT INTO `ec_product_categories_translations` (`lang_code`, `ec_product_categories_id`, `name`, `description`) VALUES
('vi', 1, 'Khuyến mãi nổi bật', NULL),
('vi', 2, 'Điện tử', NULL),
('vi', 3, 'Âm thanh và hình ảnh', NULL),
('vi', 4, 'TV & Videos', NULL),
('vi', 5, 'Máy ảnh, Ảnh & Videos', NULL),
('vi', 6, 'Điện thoại & Phụ kiện', NULL),
('vi', 7, 'Tai nghe', NULL),
('vi', 8, 'Trò chơi', NULL),
('vi', 9, 'Tai nghe không dây', NULL),
('vi', 10, 'Điện tử văn phòng', NULL),
('vi', 11, 'Quần áo', NULL),
('vi', 12, 'Máy tính', NULL),
('vi', 13, 'Máy tính và máy tính bảng', NULL),
('vi', 14, 'Máy vi tính', NULL),
('vi', 15, 'Màn hình', NULL),
('vi', 16, 'Thiết bị máy tính', NULL),
('vi', 17, 'Đồ dùng nhà bếp', NULL),
('vi', 18, 'Sức khỏe & làm đẹp', NULL),
('vi', 19, 'Đồng hồ & trang sức', NULL),
('vi', 20, 'Đồ chơi công nghệ', NULL),
('vi', 21, 'Thiết bị lưu trữ', NULL),
('vi', 22, 'Máy tính chơi game', NULL),
('vi', 23, 'Bảo mật', NULL),
('vi', 24, 'Phụ kiện', NULL),
('vi', 25, 'Điện thoại', NULL),
('vi', 26, 'Mẹ và bé', NULL),
('vi', 27, 'Thể thao & ngoài trời', NULL),
('vi', 28, 'Sách & Văn phòng', NULL),
('vi', 29, 'Ôto & Xe máy', NULL),
('vi', 30, 'Thiết bị gia đình', NULL);

-- --------------------------------------------------------

--
-- Table structure for table `ec_product_category_product`
--

CREATE TABLE `ec_product_category_product` (
  `id` bigint(20) UNSIGNED NOT NULL,
  `category_id` int(10) UNSIGNED NOT NULL,
  `product_id` int(10) UNSIGNED NOT NULL
) ENGINE=InnoDB DEFAULT CHARSET=utf8mb4 COLLATE=utf8mb4_unicode_ci;

--
-- Dumping data for table `ec_product_category_product`
--

INSERT INTO `ec_product_category_product` (`id`, `category_id`, `product_id`) VALUES
(1, 16, 1),
(2, 2, 1),
(3, 5, 1),
(4, 15, 1),
(5, 2, 2),
(6, 26, 2),
(7, 36, 2),
(8, 17, 2),
(9, 28, 3),
(10, 10, 3),
(11, 16, 3),
(12, 28, 4),
(13, 21, 4),
(14, 16, 4),
(15, 32, 5),
(16, 22, 5),
(17, 20, 5),
(18, 15, 5),
(19, 16, 6),
(20, 30, 6),
(21, 31, 6),
(22, 15, 6),
(23, 4, 7),
(24, 35, 7),
(25, 37, 7),
(26, 16, 7),
(27, 34, 8),
(28, 31, 8),
(29, 25, 8),
(30, 15, 8),
(31, 23, 9),
(32, 24, 9),
(33, 35, 9),
(34, 17, 9),
(35, 15, 10),
(36, 6, 10),
(37, 22, 11),
(38, 32, 11),
(39, 37, 11),
(40, 17, 11),
(41, 24, 12),
(42, 28, 12),
(43, 4, 12),
(44, 15, 12),
(45, 10, 13),
(46, 28, 13),
(47, 35, 13),
(48, 15, 13),
(49, 33, 14),
(50, 21, 14),
(51, 6, 14),
(52, 17, 14),
(53, 14, 15),
(54, 4, 15),
(55, 6, 15),
(56, 16, 15),
(57, 14, 16),
(58, 35, 16),
(59, 21, 16),
(60, 17, 16),
(61, 10, 17),
(62, 37, 17),
(63, 23, 17),
(64, 15, 17),
(65, 3, 18),
(66, 7, 18),
(67, 24, 18),
(68, 15, 18),
(69, 10, 19),
(70, 37, 19),
(71, 16, 19),
(72, 13, 20),
(73, 23, 20),
(74, 26, 20),
(75, 17, 20),
(76, 19, 21),
(77, 17, 21),
(78, 34, 21),
(79, 15, 21),
(80, 33, 22),
(81, 22, 22),
(82, 12, 22),
(83, 17, 22),
(84, 33, 23),
(85, 21, 23),
(86, 15, 23),
(87, 1, 24),
(88, 31, 24),
(89, 2, 24),
(90, 17, 24);

-- --------------------------------------------------------

--
-- Table structure for table `ec_product_collections`
--

CREATE TABLE `ec_product_collections` (
  `id` bigint(20) UNSIGNED NOT NULL,
  `name` varchar(191) COLLATE utf8mb4_unicode_ci NOT NULL,
  `slug` varchar(191) COLLATE utf8mb4_unicode_ci NOT NULL,
  `description` varchar(400) COLLATE utf8mb4_unicode_ci DEFAULT NULL,
  `image` varchar(255) COLLATE utf8mb4_unicode_ci DEFAULT NULL,
  `status` varchar(60) COLLATE utf8mb4_unicode_ci NOT NULL DEFAULT 'published',
  `created_at` timestamp NULL DEFAULT NULL,
  `updated_at` timestamp NULL DEFAULT NULL,
  `is_featured` tinyint(3) UNSIGNED NOT NULL DEFAULT '0'
) ENGINE=InnoDB DEFAULT CHARSET=utf8mb4 COLLATE=utf8mb4_unicode_ci;

--
-- Dumping data for table `ec_product_collections`
--

INSERT INTO `ec_product_collections` (`id`, `name`, `slug`, `description`, `image`, `status`, `created_at`, `updated_at`, `is_featured`) VALUES
(1, 'New Arrival', 'new-arrival', NULL, NULL, 'published', '2021-08-24 07:58:11', '2021-08-24 07:58:11', 0),
(2, 'Best Sellers', 'best-sellers', NULL, NULL, 'published', '2021-08-24 07:58:11', '2021-08-24 07:58:11', 0),
(3, 'Special Offer', 'special-offer', NULL, NULL, 'published', '2021-08-24 07:58:11', '2021-08-24 07:58:11', 0);

-- --------------------------------------------------------

--
-- Table structure for table `ec_product_collections_translations`
--

CREATE TABLE `ec_product_collections_translations` (
  `lang_code` varchar(191) COLLATE utf8mb4_unicode_ci NOT NULL,
  `ec_product_collections_id` int(11) NOT NULL,
  `name` varchar(191) COLLATE utf8mb4_unicode_ci DEFAULT NULL,
  `description` varchar(191) COLLATE utf8mb4_unicode_ci DEFAULT NULL
) ENGINE=InnoDB DEFAULT CHARSET=utf8mb4 COLLATE=utf8mb4_unicode_ci;

--
-- Dumping data for table `ec_product_collections_translations`
--

INSERT INTO `ec_product_collections_translations` (`lang_code`, `ec_product_collections_id`, `name`, `description`) VALUES
('vi', 1, 'Hàng mới về', NULL),
('vi', 2, 'Bán chạy nhất', NULL),
('vi', 3, 'Khuyến mãi đặc biệt', NULL);

-- --------------------------------------------------------

--
-- Table structure for table `ec_product_collection_products`
--

CREATE TABLE `ec_product_collection_products` (
  `id` bigint(20) UNSIGNED NOT NULL,
  `product_collection_id` int(10) UNSIGNED NOT NULL,
  `product_id` int(10) UNSIGNED NOT NULL
) ENGINE=InnoDB DEFAULT CHARSET=utf8mb4 COLLATE=utf8mb4_unicode_ci;

--
-- Dumping data for table `ec_product_collection_products`
--

INSERT INTO `ec_product_collection_products` (`id`, `product_collection_id`, `product_id`) VALUES
(1, 2, 1),
(2, 2, 2),
(3, 3, 3),
(4, 1, 4),
(5, 3, 5),
(6, 3, 6),
(7, 3, 7),
(8, 1, 8),
(9, 2, 9),
(10, 2, 10),
(11, 3, 11),
(12, 3, 12),
(13, 1, 13),
(14, 2, 14),
(15, 2, 15),
(16, 3, 16),
(17, 3, 17),
(18, 1, 18),
(19, 3, 19),
(20, 2, 20),
(21, 3, 21),
(22, 2, 22),
(23, 2, 23),
(24, 3, 24);

-- --------------------------------------------------------

--
-- Table structure for table `ec_product_cross_sale_relations`
--

CREATE TABLE `ec_product_cross_sale_relations` (
  `id` bigint(20) UNSIGNED NOT NULL,
  `from_product_id` int(10) UNSIGNED NOT NULL,
  `to_product_id` int(10) UNSIGNED NOT NULL
) ENGINE=InnoDB DEFAULT CHARSET=utf8mb4 COLLATE=utf8mb4_unicode_ci;

--
-- Dumping data for table `ec_product_cross_sale_relations`
--

INSERT INTO `ec_product_cross_sale_relations` (`id`, `from_product_id`, `to_product_id`) VALUES
(10, 3, 10),
(16, 5, 1),
(20, 6, 3),
(21, 6, 10),
(28, 8, 24),
(33, 9, 12),
(40, 11, 23),
(43, 12, 8),
(45, 13, 21),
(47, 13, 2),
(49, 14, 11),
(81, 22, 21),
(90, 24, 2),
(91, 24, 13),
(92, 1, 20),
(93, 1, 2),
(94, 1, 18),
(95, 2, 23),
(96, 2, 1),
(97, 2, 21),
(98, 2, 20),
(99, 3, 8),
(100, 3, 11),
(101, 3, 20),
(102, 4, 1),
(103, 4, 5),
(104, 4, 14),
(105, 4, 24),
(106, 5, 19),
(107, 5, 7),
(108, 6, 23),
(109, 7, 9),
(110, 7, 4),
(111, 7, 2),
(112, 8, 4),
(113, 8, 7),
(114, 8, 14),
(115, 9, 15),
(116, 9, 20),
(117, 9, 16),
(118, 10, 18),
(119, 10, 2),
(120, 10, 8),
(121, 11, 13),
(122, 11, 21),
(123, 11, 10),
(124, 12, 2),
(125, 12, 1),
(126, 12, 9),
(127, 13, 22),
(128, 13, 8),
(129, 14, 18),
(130, 14, 6),
(131, 14, 24),
(132, 15, 14),
(133, 15, 22),
(134, 15, 12),
(135, 15, 6),
(136, 16, 23),
(137, 16, 20),
(138, 16, 5),
(139, 16, 8),
(140, 17, 18),
(141, 17, 5),
(142, 17, 22),
(143, 17, 14),
(144, 18, 7),
(145, 18, 17),
(146, 18, 5),
(147, 18, 19),
(148, 19, 2),
(149, 19, 15),
(150, 19, 23),
(151, 19, 4),
(152, 20, 11),
(153, 20, 1),
(154, 20, 16),
(155, 20, 23),
(156, 21, 2),
(157, 21, 24),
(158, 21, 12),
(159, 21, 9),
(160, 22, 17),
(161, 22, 13),
(162, 22, 20),
(163, 23, 9),
(164, 23, 11),
(165, 23, 14),
(166, 23, 5),
(167, 24, 9),
(168, 24, 11);

-- --------------------------------------------------------

--
-- Table structure for table `ec_product_labels`
--

CREATE TABLE `ec_product_labels` (
  `id` bigint(20) UNSIGNED NOT NULL,
  `name` varchar(255) COLLATE utf8mb4_unicode_ci NOT NULL,
  `color` varchar(120) COLLATE utf8mb4_unicode_ci DEFAULT NULL,
  `status` varchar(60) COLLATE utf8mb4_unicode_ci NOT NULL DEFAULT 'published',
  `created_at` timestamp NULL DEFAULT NULL,
  `updated_at` timestamp NULL DEFAULT NULL
) ENGINE=InnoDB DEFAULT CHARSET=utf8mb4 COLLATE=utf8mb4_unicode_ci;

--
-- Dumping data for table `ec_product_labels`
--

INSERT INTO `ec_product_labels` (`id`, `name`, `color`, `status`, `created_at`, `updated_at`) VALUES
(1, 'Hot', '#ec2434', 'published', '2021-08-24 07:58:11', '2021-08-24 07:58:11'),
(2, 'New', '#00c9a7', 'published', '2021-08-24 07:58:11', '2021-08-24 07:58:11'),
(3, 'Sale', '#fe9931', 'published', '2021-08-24 07:58:11', '2021-08-24 07:58:11');

-- --------------------------------------------------------

--
-- Table structure for table `ec_product_labels_translations`
--

CREATE TABLE `ec_product_labels_translations` (
  `lang_code` varchar(191) COLLATE utf8mb4_unicode_ci NOT NULL,
  `ec_product_labels_id` int(11) NOT NULL,
  `name` varchar(191) COLLATE utf8mb4_unicode_ci DEFAULT NULL,
  `description` varchar(191) COLLATE utf8mb4_unicode_ci DEFAULT NULL
) ENGINE=InnoDB DEFAULT CHARSET=utf8mb4 COLLATE=utf8mb4_unicode_ci;

--
-- Dumping data for table `ec_product_labels_translations`
--

INSERT INTO `ec_product_labels_translations` (`lang_code`, `ec_product_labels_id`, `name`, `description`) VALUES
('vi', 1, 'Nổi bật', NULL),
('vi', 2, 'Mới', NULL),
('vi', 3, 'Giảm giá', NULL);

-- --------------------------------------------------------

--
-- Table structure for table `ec_product_label_products`
--

CREATE TABLE `ec_product_label_products` (
  `product_label_id` int(10) UNSIGNED NOT NULL,
  `product_id` int(10) UNSIGNED NOT NULL
) ENGINE=InnoDB DEFAULT CHARSET=utf8mb4 COLLATE=utf8mb4_unicode_ci;

--
-- Dumping data for table `ec_product_label_products`
--

INSERT INTO `ec_product_label_products` (`product_label_id`, `product_id`) VALUES
(1, 21),
(2, 7),
(2, 14);

-- --------------------------------------------------------

--
-- Table structure for table `ec_product_related_relations`
--

CREATE TABLE `ec_product_related_relations` (
  `id` bigint(20) UNSIGNED NOT NULL,
  `from_product_id` int(10) UNSIGNED NOT NULL,
  `to_product_id` int(10) UNSIGNED NOT NULL
) ENGINE=InnoDB DEFAULT CHARSET=utf8mb4 COLLATE=utf8mb4_unicode_ci;

-- --------------------------------------------------------

--
-- Table structure for table `ec_product_tags`
--

CREATE TABLE `ec_product_tags` (
  `id` bigint(20) UNSIGNED NOT NULL,
  `name` varchar(120) COLLATE utf8mb4_unicode_ci NOT NULL,
  `description` varchar(400) COLLATE utf8mb4_unicode_ci DEFAULT NULL,
  `status` varchar(60) COLLATE utf8mb4_unicode_ci NOT NULL DEFAULT 'published',
  `created_at` timestamp NULL DEFAULT NULL,
  `updated_at` timestamp NULL DEFAULT NULL
) ENGINE=InnoDB DEFAULT CHARSET=utf8mb4 COLLATE=utf8mb4_unicode_ci;

--
-- Dumping data for table `ec_product_tags`
--

INSERT INTO `ec_product_tags` (`id`, `name`, `description`, `status`, `created_at`, `updated_at`) VALUES
(1, 'Wallet', NULL, 'published', '2021-08-24 07:58:11', '2021-08-24 07:58:11'),
(2, 'Bags', NULL, 'published', '2021-08-24 07:58:11', '2021-08-24 07:58:11'),
(3, 'Shoes', NULL, 'published', '2021-08-24 07:58:11', '2021-08-24 07:58:11'),
(4, 'Clothes', NULL, 'published', '2021-08-24 07:58:11', '2021-08-24 07:58:11'),
(5, 'Hand bag', NULL, 'published', '2021-08-24 07:58:11', '2021-08-24 07:58:11');

-- --------------------------------------------------------

--
-- Table structure for table `ec_product_tag_product`
--

CREATE TABLE `ec_product_tag_product` (
  `product_id` int(10) UNSIGNED NOT NULL,
  `tag_id` int(10) UNSIGNED NOT NULL
) ENGINE=InnoDB DEFAULT CHARSET=utf8mb4 COLLATE=utf8mb4_unicode_ci;

--
-- Dumping data for table `ec_product_tag_product`
--

INSERT INTO `ec_product_tag_product` (`product_id`, `tag_id`) VALUES
(1, 1),
(1, 4),
(2, 3),
(2, 4),
(2, 5),
(3, 2),
(3, 5),
(3, 6),
(4, 4),
(4, 6),
(5, 3),
(5, 4),
(5, 5),
(6, 1),
(6, 4),
(6, 6),
(7, 2),
(7, 3),
(7, 5),
(8, 2),
(8, 4),
(8, 5),
(9, 2),
(9, 6),
(10, 1),
(10, 3),
(10, 6),
(11, 3),
(11, 5),
(11, 6),
(12, 1),
(12, 3),
(12, 5),
(13, 1),
(13, 3),
(13, 5),
(14, 1),
(14, 4),
(14, 6),
(15, 2),
(15, 3),
(15, 6),
(16, 5),
(16, 6),
(17, 1),
(17, 2),
(17, 3),
(18, 3),
(18, 5),
(19, 2),
(19, 4),
(19, 6),
(20, 3),
(20, 4),
(20, 5),
(21, 2),
(21, 4),
(21, 5),
(22, 2),
(22, 3),
(22, 5),
(23, 2),
(23, 5),
(23, 6),
(24, 4),
(24, 6);

-- --------------------------------------------------------

--
-- Table structure for table `ec_product_up_sale_relations`
--

CREATE TABLE `ec_product_up_sale_relations` (
  `id` bigint(20) UNSIGNED NOT NULL,
  `from_product_id` int(10) UNSIGNED NOT NULL,
  `to_product_id` int(10) UNSIGNED NOT NULL
) ENGINE=InnoDB DEFAULT CHARSET=utf8mb4 COLLATE=utf8mb4_unicode_ci;

-- --------------------------------------------------------

--
-- Table structure for table `ec_product_variations`
--

CREATE TABLE `ec_product_variations` (
  `id` bigint(20) UNSIGNED NOT NULL,
  `product_id` int(10) UNSIGNED DEFAULT NULL,
  `configurable_product_id` int(10) UNSIGNED NOT NULL,
  `is_default` tinyint(4) NOT NULL DEFAULT '0'
) ENGINE=InnoDB DEFAULT CHARSET=utf8mb4 COLLATE=utf8mb4_unicode_ci;

--
-- Dumping data for table `ec_product_variations`
--

INSERT INTO `ec_product_variations` (`id`, `product_id`, `configurable_product_id`, `is_default`) VALUES
(1, 25, 1, 1),
(2, 26, 1, 0),
(3, 27, 2, 1),
(4, 28, 3, 1),
(5, 29, 3, 0),
(6, 30, 4, 1),
(7, 31, 4, 0),
(8, 32, 5, 1),
(9, 33, 5, 0),
(10, 34, 6, 1),
(11, 35, 6, 0),
(12, 36, 6, 0),
(13, 37, 6, 0),
(14, 38, 7, 1),
(15, 39, 8, 1),
(16, 40, 8, 0),
(17, 41, 9, 1),
(18, 42, 9, 0),
(19, 43, 9, 0),
(20, 44, 10, 1),
(21, 45, 10, 0),
(22, 46, 10, 0),
(23, 47, 11, 1),
(24, 48, 11, 0),
(25, 49, 11, 0),
(26, 50, 12, 1),
(27, 51, 12, 0),
(28, 52, 12, 0),
(29, 53, 12, 0),
(30, 54, 12, 0),
(31, 55, 13, 1),
(32, 56, 13, 0),
(33, 57, 13, 0),
(34, 58, 14, 1),
(35, 59, 14, 0),
(36, 60, 15, 1),
(37, 61, 15, 0),
(38, 62, 16, 1),
(39, 63, 16, 0),
(40, 64, 17, 1),
(41, 65, 17, 0),
(42, 66, 17, 0),
(43, 67, 18, 1),
(44, 68, 18, 0),
(45, 69, 18, 0),
(46, 70, 18, 0),
(47, 71, 19, 1),
(48, 72, 19, 0),
(49, 73, 19, 0),
(50, 74, 20, 1),
(51, 75, 20, 0),
(52, 76, 20, 0),
(53, 77, 21, 1),
(54, 78, 22, 1),
(55, 79, 22, 0),
(56, 80, 22, 0),
(57, 81, 22, 0),
(58, 82, 23, 1),
(59, 83, 24, 1),
(60, 84, 24, 0),
(61, 85, 24, 0);

-- --------------------------------------------------------

--
-- Table structure for table `ec_product_variation_items`
--

CREATE TABLE `ec_product_variation_items` (
  `id` bigint(20) UNSIGNED NOT NULL,
  `attribute_id` int(10) UNSIGNED NOT NULL,
  `variation_id` int(10) UNSIGNED NOT NULL
) ENGINE=InnoDB DEFAULT CHARSET=utf8mb4 COLLATE=utf8mb4_unicode_ci;

--
-- Dumping data for table `ec_product_variation_items`
--

INSERT INTO `ec_product_variation_items` (`id`, `attribute_id`, `variation_id`) VALUES
(1, 1, 1),
(2, 6, 1),
(3, 3, 2),
(4, 10, 2),
(5, 2, 3),
(6, 7, 3),
(7, 4, 4),
(8, 6, 4),
(9, 4, 5),
(10, 8, 5),
(11, 4, 6),
(12, 8, 6),
(13, 1, 7),
(14, 9, 7),
(15, 3, 8),
(16, 7, 8),
(17, 5, 9),
(18, 6, 9),
(19, 1, 10),
(20, 8, 10),
(21, 1, 11),
(22, 10, 11),
(23, 2, 12),
(24, 8, 12),
(25, 1, 13),
(26, 9, 13),
(27, 1, 14),
(28, 8, 14),
(29, 2, 15),
(30, 9, 15),
(31, 5, 16),
(32, 6, 16),
(33, 4, 17),
(34, 6, 17),
(35, 3, 18),
(36, 9, 18),
(37, 3, 19),
(38, 8, 19),
(39, 1, 20),
(40, 7, 20),
(41, 3, 21),
(42, 8, 21),
(43, 2, 22),
(44, 7, 22),
(45, 4, 23),
(46, 6, 23),
(47, 1, 24),
(48, 9, 24),
(49, 4, 25),
(50, 7, 25),
(51, 5, 26),
(52, 6, 26),
(53, 1, 27),
(54, 8, 27),
(55, 3, 28),
(56, 10, 28),
(57, 2, 29),
(58, 10, 29),
(59, 2, 30),
(60, 9, 30),
(61, 3, 31),
(62, 7, 31),
(63, 2, 32),
(64, 10, 32),
(65, 2, 33),
(66, 10, 33),
(67, 4, 34),
(68, 6, 34),
(69, 3, 35),
(70, 10, 35),
(71, 1, 36),
(72, 6, 36),
(73, 1, 37),
(74, 10, 37),
(75, 1, 38),
(76, 6, 38),
(77, 1, 39),
(78, 10, 39),
(79, 5, 40),
(80, 10, 40),
(81, 2, 41),
(82, 7, 41),
(83, 2, 42),
(84, 7, 42),
(85, 3, 43),
(86, 10, 43),
(87, 5, 44),
(88, 7, 44),
(89, 5, 45),
(90, 10, 45),
(91, 5, 46),
(92, 7, 46),
(93, 3, 47),
(94, 10, 47),
(95, 5, 48),
(96, 6, 48),
(97, 3, 49),
(98, 9, 49),
(99, 3, 50),
(100, 8, 50),
(101, 3, 51),
(102, 7, 51),
(103, 4, 52),
(104, 6, 52),
(105, 5, 53),
(106, 6, 53),
(107, 2, 54),
(108, 8, 54),
(109, 1, 55),
(110, 10, 55),
(111, 3, 56),
(112, 6, 56),
(113, 5, 57),
(114, 7, 57),
(115, 5, 58),
(116, 8, 58),
(117, 4, 59),
(118, 6, 59),
(119, 3, 60),
(120, 7, 60),
(121, 5, 61),
(122, 6, 61);

-- --------------------------------------------------------

--
-- Table structure for table `ec_product_with_attribute`
--

CREATE TABLE `ec_product_with_attribute` (
  `id` bigint(20) UNSIGNED NOT NULL,
  `attribute_id` int(10) UNSIGNED NOT NULL,
  `product_id` int(10) UNSIGNED NOT NULL
) ENGINE=InnoDB DEFAULT CHARSET=utf8mb4 COLLATE=utf8mb4_unicode_ci;

--
-- Dumping data for table `ec_product_with_attribute`
--

INSERT INTO `ec_product_with_attribute` (`id`, `attribute_id`, `product_id`) VALUES
(1, 5, 1),
(2, 8, 1),
(3, 1, 2),
(4, 10, 2),
(5, 4, 3),
(6, 7, 3),
(7, 5, 4),
(8, 6, 4),
(9, 3, 5),
(10, 9, 5),
(11, 2, 6),
(12, 7, 6),
(13, 4, 7),
(14, 9, 7),
(15, 4, 8),
(16, 8, 8),
(17, 5, 9),
(18, 6, 9),
(19, 2, 10),
(20, 6, 10),
(21, 1, 11),
(22, 9, 11),
(23, 3, 12),
(24, 8, 12),
(25, 2, 13),
(26, 9, 13),
(27, 1, 14),
(28, 8, 14),
(29, 2, 15),
(30, 7, 15),
(31, 1, 16),
(32, 6, 16),
(33, 5, 17),
(34, 8, 17),
(35, 2, 18),
(36, 9, 18),
(37, 4, 19),
(38, 8, 19),
(39, 1, 20),
(40, 6, 20),
(41, 3, 21),
(42, 8, 21),
(43, 5, 22),
(44, 7, 22),
(45, 2, 23),
(46, 10, 23),
(47, 2, 24),
(48, 6, 24);

-- --------------------------------------------------------

--
-- Table structure for table `ec_product_with_attribute_set`
--

CREATE TABLE `ec_product_with_attribute_set` (
  `id` bigint(20) UNSIGNED NOT NULL,
  `attribute_set_id` int(10) UNSIGNED NOT NULL,
  `product_id` int(10) UNSIGNED NOT NULL,
  `order` tinyint(3) UNSIGNED NOT NULL DEFAULT '0'
) ENGINE=InnoDB DEFAULT CHARSET=utf8mb4 COLLATE=utf8mb4_unicode_ci;

--
-- Dumping data for table `ec_product_with_attribute_set`
--

INSERT INTO `ec_product_with_attribute_set` (`id`, `attribute_set_id`, `product_id`, `order`) VALUES
(1, 1, 1, 0),
(2, 2, 1, 0),
(3, 1, 2, 0),
(4, 2, 2, 0),
(5, 1, 3, 0),
(6, 2, 3, 0),
(7, 1, 4, 0),
(8, 2, 4, 0),
(9, 1, 5, 0),
(10, 2, 5, 0),
(11, 1, 6, 0),
(12, 2, 6, 0),
(13, 1, 7, 0),
(14, 2, 7, 0),
(15, 1, 8, 0),
(16, 2, 8, 0),
(17, 1, 9, 0),
(18, 2, 9, 0),
(19, 1, 10, 0),
(20, 2, 10, 0),
(21, 1, 11, 0),
(22, 2, 11, 0),
(23, 1, 12, 0),
(24, 2, 12, 0),
(25, 1, 13, 0),
(26, 2, 13, 0),
(27, 1, 14, 0),
(28, 2, 14, 0),
(29, 1, 15, 0),
(30, 2, 15, 0),
(31, 1, 16, 0),
(32, 2, 16, 0),
(33, 1, 17, 0),
(34, 2, 17, 0),
(35, 1, 18, 0),
(36, 2, 18, 0),
(37, 1, 19, 0),
(38, 2, 19, 0),
(39, 1, 20, 0),
(40, 2, 20, 0),
(41, 1, 21, 0),
(42, 2, 21, 0),
(43, 1, 22, 0),
(44, 2, 22, 0),
(45, 1, 23, 0),
(46, 2, 23, 0),
(47, 1, 24, 0),
(48, 2, 24, 0);

-- --------------------------------------------------------

--
-- Table structure for table `ec_reviews`
--

CREATE TABLE `ec_reviews` (
  `id` bigint(20) UNSIGNED NOT NULL,
  `customer_id` int(10) UNSIGNED NOT NULL,
  `product_id` int(10) UNSIGNED NOT NULL,
  `star` double(8,2) NOT NULL,
  `comment` text COLLATE utf8mb4_unicode_ci NOT NULL,
  `status` varchar(60) COLLATE utf8mb4_unicode_ci NOT NULL DEFAULT 'published',
  `created_at` timestamp NULL DEFAULT NULL,
  `updated_at` timestamp NULL DEFAULT NULL
) ENGINE=InnoDB DEFAULT CHARSET=utf8mb4 COLLATE=utf8mb4_unicode_ci;

--
-- Dumping data for table `ec_reviews`
--

INSERT INTO `ec_reviews` (`id`, `customer_id`, `product_id`, `star`, `comment`, `status`, `created_at`, `updated_at`) VALUES
(1, 5, 53, 2.00, 'Architecto consequuntur velit alias quia sint. Magni tenetur dolor dolores aut dolores. Maxime dolorum eligendi sit eos voluptas quasi rerum.', 'published', '2021-08-24 07:59:33', '2021-08-24 07:59:33'),
(2, 7, 34, 3.00, 'Optio est tenetur temporibus aspernatur. Nemo quas consequatur deleniti. Aut mollitia in debitis ullam quia.', 'published', '2021-08-24 07:59:33', '2021-08-24 07:59:33'),
(3, 3, 36, 2.00, 'Quisquam voluptas dicta possimus rerum maxime saepe. Accusamus porro laboriosam deserunt cumque eos quia. Rem voluptate fugiat quas.', 'published', '2021-08-24 07:59:33', '2021-08-24 07:59:33'),
(4, 2, 53, 3.00, 'Eius iusto provident accusamus fugit quia ut. Necessitatibus id voluptas explicabo velit. Exercitationem itaque facere laborum est.', 'published', '2021-08-24 07:59:33', '2021-08-24 07:59:33'),
(5, 9, 8, 2.00, 'Sed fugiat voluptatum rem et ab quo provident. Sint sit error officiis vel voluptates culpa. Nihil non rerum magnam quod enim sint ipsam totam.', 'published', '2021-08-24 07:59:33', '2021-08-24 07:59:33'),
(6, 5, 50, 5.00, 'Vel incidunt quos magnam voluptas qui. Ut provident dolor qui ad dolorum. Porro dolores ea eaque. Ea quos officia quia nemo rerum deleniti.', 'published', '2021-08-24 07:59:33', '2021-08-24 07:59:33'),
(7, 6, 11, 5.00, 'Adipisci eum ullam officia sequi facere et occaecati consectetur. Qui autem minus numquam unde. Quo cum fuga dicta. Sint et nihil amet ipsam.', 'published', '2021-08-24 07:59:33', '2021-08-24 07:59:33'),
(8, 9, 40, 2.00, 'Exercitationem veniam ut quas quia est. Rerum eos ipsum eligendi labore et nihil. Esse quia cumque quae. Laborum voluptatem atque facere veritatis.', 'published', '2021-08-24 07:59:33', '2021-08-24 07:59:33'),
(9, 9, 51, 5.00, 'Sunt suscipit laborum aut qui. Itaque dignissimos blanditiis eveniet ipsa. Ut rerum itaque possimus qui omnis quae ratione asperiores.', 'published', '2021-08-24 07:59:33', '2021-08-24 07:59:33'),
(10, 2, 48, 5.00, 'Consequatur perferendis vel et quibusdam quae. Vel exercitationem qui suscipit nemo eius officiis. Eveniet aut quos et doloremque laborum.', 'published', '2021-08-24 07:59:33', '2021-08-24 07:59:33'),
(11, 9, 8, 4.00, 'Et amet ut dolorum dolorem. Sed earum cum qui. Officia sint dolor nemo provident qui. Eius voluptatem amet voluptas.', 'published', '2021-08-24 07:59:33', '2021-08-24 07:59:33'),
(12, 5, 69, 1.00, 'Minima et consequuntur quo corporis exercitationem a cumque. Amet a in enim delectus. Porro libero maiores nam optio rerum est ipsum.', 'published', '2021-08-24 07:59:33', '2021-08-24 07:59:33'),
(13, 9, 46, 1.00, 'Quia dolor reprehenderit totam. Totam rerum architecto ut et architecto sint earum. Quidem ut ut modi sit sit ipsa ea.', 'published', '2021-08-24 07:59:33', '2021-08-24 07:59:33'),
(14, 6, 57, 4.00, 'Eos consequatur et hic perferendis rem pariatur illo. Dolore quisquam optio fuga. Et quaerat cupiditate placeat doloremque.', 'published', '2021-08-24 07:59:33', '2021-08-24 07:59:33'),
(15, 1, 77, 4.00, 'Est est ea iusto maxime sint. Omnis rerum corporis natus atque iure. Quis suscipit voluptatem autem accusamus.', 'published', '2021-08-24 07:59:33', '2021-08-24 07:59:33'),
(16, 6, 27, 4.00, 'Sit id ipsa temporibus dicta eum maxime. Aut iure occaecati sed illo debitis. Odit unde velit molestias qui qui dolorum.', 'published', '2021-08-24 07:59:33', '2021-08-24 07:59:33'),
(17, 1, 61, 4.00, 'Quia maxime et dolorum dolores animi maiores. Voluptatem voluptate sequi excepturi et id.', 'published', '2021-08-24 07:59:33', '2021-08-24 07:59:33'),
(18, 5, 7, 4.00, 'Rerum quis magnam nulla voluptate reiciendis sequi voluptas. Sunt animi illum et. Illum laudantium est et quisquam et ad dolorum illo.', 'published', '2021-08-24 07:59:33', '2021-08-24 07:59:33'),
(19, 9, 46, 1.00, 'Vero ut qui est beatae corporis. Omnis voluptatum consequatur sed.', 'published', '2021-08-24 07:59:33', '2021-08-24 07:59:33'),
(20, 5, 54, 1.00, 'Laudantium omnis ipsam cupiditate velit. Quia aperiam est deserunt dolor. Id est quis voluptatum et et sit. Sit dolor quas et tempora facere.', 'published', '2021-08-24 07:59:33', '2021-08-24 07:59:33'),
(21, 2, 22, 3.00, 'Qui harum aut commodi voluptatem exercitationem placeat. Itaque velit omnis tempora reiciendis eos.', 'published', '2021-08-24 07:59:33', '2021-08-24 07:59:33'),
(22, 3, 58, 4.00, 'Enim ut saepe aut nostrum magnam vel. Qui fuga numquam placeat omnis cum. Eum officiis perspiciatis aut sit laborum dolor nam.', 'published', '2021-08-24 07:59:33', '2021-08-24 07:59:33'),
(23, 3, 77, 2.00, 'Exercitationem consectetur mollitia nemo reprehenderit. Culpa vel tenetur omnis. Ab blanditiis asperiores tenetur harum in esse qui.', 'published', '2021-08-24 07:59:33', '2021-08-24 07:59:33'),
(24, 1, 44, 4.00, 'Voluptas dolor voluptatem earum maxime illum tempore. Esse nihil quo voluptatem. Sit et quis sed nihil.', 'published', '2021-08-24 07:59:33', '2021-08-24 07:59:33'),
(25, 3, 15, 2.00, 'Non consequatur expedita molestiae id. Asperiores praesentium excepturi odio incidunt ducimus ipsam. Aut porro debitis incidunt aut mollitia saepe.', 'published', '2021-08-24 07:59:33', '2021-08-24 07:59:33'),
(26, 8, 43, 3.00, 'Reprehenderit et dolor commodi quo ducimus non voluptas. Perferendis quasi tenetur voluptatem. Laborum culpa earum quae ad sed voluptates.', 'published', '2021-08-24 07:59:33', '2021-08-24 07:59:33'),
(27, 7, 26, 1.00, 'Autem rerum voluptate enim sint sunt exercitationem earum. Voluptatem molestiae vel et delectus. Architecto odit voluptatem animi et rerum quibusdam.', 'published', '2021-08-24 07:59:33', '2021-08-24 07:59:33'),
(28, 3, 21, 4.00, 'Aspernatur quidem eaque aut sequi error voluptas. Voluptatem facere enim consequatur. Dolores quo rerum qui sed quod magni et.', 'published', '2021-08-24 07:59:33', '2021-08-24 07:59:33'),
(29, 8, 11, 4.00, 'Impedit quo vero quam quo eum ut. Iure nam saepe deserunt et iure vitae. Ut ut porro culpa in. Repellendus aut expedita quod enim.', 'published', '2021-08-24 07:59:33', '2021-08-24 07:59:33'),
(30, 5, 17, 4.00, 'Porro qui omnis quia. Debitis perferendis temporibus et blanditiis sunt dolor porro. Ipsum excepturi ea rem repellat assumenda magnam.', 'published', '2021-08-24 07:59:33', '2021-08-24 07:59:33'),
(31, 7, 27, 1.00, 'Porro exercitationem nesciunt dolor temporibus ipsa. Qui porro eum odit libero quia pariatur.', 'published', '2021-08-24 07:59:33', '2021-08-24 07:59:33'),
(32, 3, 56, 3.00, 'Reiciendis et asperiores rem quis explicabo quia sequi. Est molestias et dicta nobis.', 'published', '2021-08-24 07:59:33', '2021-08-24 07:59:33'),
(33, 4, 80, 2.00, 'Dolorum illum molestiae molestias quia quam nam ratione. In et ut deserunt et cumque sint veritatis. Quae et quae odit sequi iusto nihil officiis.', 'published', '2021-08-24 07:59:33', '2021-08-24 07:59:33'),
(34, 6, 8, 1.00, 'Harum aut non exercitationem molestiae. Autem accusantium quia nisi. Quas qui voluptas autem non. Autem id asperiores beatae consequuntur delectus.', 'published', '2021-08-24 07:59:33', '2021-08-24 07:59:33'),
(35, 8, 26, 5.00, 'Id qui sint sit error. Similique et voluptatum similique quae officiis ullam aliquid maxime. Quo qui in occaecati rerum veritatis provident.', 'published', '2021-08-24 07:59:33', '2021-08-24 07:59:33'),
(36, 3, 56, 1.00, 'Quod aut voluptatem sint dolor expedita pariatur et. Incidunt dolor odit facilis qui eius magni temporibus.', 'published', '2021-08-24 07:59:33', '2021-08-24 07:59:33'),
(37, 5, 66, 1.00, 'Accusantium laudantium voluptates ex in mollitia culpa quae. Consequatur aperiam aperiam ab doloremque est. Quibusdam quia eveniet eos.', 'published', '2021-08-24 07:59:33', '2021-08-24 07:59:33'),
(38, 8, 30, 3.00, 'Aut quia consequuntur non autem aut. Iure quam est veritatis omnis commodi ut et. Dolorum libero quis omnis dolorem.', 'published', '2021-08-24 07:59:33', '2021-08-24 07:59:33'),
(39, 7, 43, 2.00, 'Sed tempora beatae rem ipsum. Ad modi esse voluptatem animi a officia. Aut nemo beatae quia quasi.', 'published', '2021-08-24 07:59:33', '2021-08-24 07:59:33'),
(40, 3, 8, 5.00, 'Optio doloremque pariatur nam eum qui pariatur voluptatem. Qui totam repudiandae ut aut fugit iure nam. Omnis fuga totam commodi minus quis vel.', 'published', '2021-08-24 07:59:33', '2021-08-24 07:59:33'),
(41, 1, 17, 1.00, 'Sit in qui nostrum amet nesciunt. Voluptatem eveniet quae illo minus et deleniti. Ipsam ut saepe harum qui eos ut.', 'published', '2021-08-24 07:59:33', '2021-08-24 07:59:33'),
(42, 4, 80, 1.00, 'Autem aut et asperiores nam. Eos laudantium cumque natus sed beatae voluptatum quo. Laborum sed saepe in aut.', 'published', '2021-08-24 07:59:33', '2021-08-24 07:59:33'),
(43, 7, 37, 5.00, 'Ullam vel soluta ut. Nobis est id voluptas velit minus qui neque. Et qui dolores molestiae neque excepturi placeat eius.', 'published', '2021-08-24 07:59:33', '2021-08-24 07:59:33'),
(44, 5, 56, 2.00, 'Ratione rerum consequatur in similique. Nihil sed dolores suscipit repudiandae vel aspernatur.', 'published', '2021-08-24 07:59:33', '2021-08-24 07:59:33'),
(45, 8, 74, 4.00, 'Repellat voluptas ratione eum laudantium molestias omnis numquam eos. Eaque quo quo rerum adipisci.', 'published', '2021-08-24 07:59:33', '2021-08-24 07:59:33'),
(46, 9, 15, 2.00, 'Maiores cupiditate vitae nostrum est illum. Tenetur consequatur vitae dolorem et. Numquam vel maxime officiis temporibus provident minus aut.', 'published', '2021-08-24 07:59:33', '2021-08-24 07:59:33'),
(47, 5, 18, 3.00, 'Sit et ex assumenda vel. Autem nam est aut non esse. Numquam minima assumenda ratione.', 'published', '2021-08-24 07:59:33', '2021-08-24 07:59:33'),
(48, 1, 67, 4.00, 'Rerum sed sit qui qui libero sit et. Rerum id blanditiis qui laudantium aut perferendis. Voluptas dolores necessitatibus dolorum qui debitis.', 'published', '2021-08-24 07:59:33', '2021-08-24 07:59:33'),
(49, 1, 26, 3.00, 'Voluptatum sed aliquid cupiditate placeat veritatis esse. Placeat et possimus quo omnis voluptatum soluta. Debitis ipsum id porro eveniet possimus.', 'published', '2021-08-24 07:59:33', '2021-08-24 07:59:33'),
(50, 2, 12, 1.00, 'Enim modi amet deserunt veritatis dolores facilis. Esse fugiat ut aperiam necessitatibus labore est. Quia qui consequuntur et omnis et magnam totam.', 'published', '2021-08-24 07:59:33', '2021-08-24 07:59:33');

-- --------------------------------------------------------

--
-- Table structure for table `ec_shipments`
--

CREATE TABLE `ec_shipments` (
  `id` bigint(20) UNSIGNED NOT NULL,
  `order_id` int(10) UNSIGNED NOT NULL,
  `user_id` int(10) UNSIGNED DEFAULT NULL,
  `weight` double(8,2) DEFAULT '0.00',
  `shipment_id` varchar(120) COLLATE utf8mb4_unicode_ci DEFAULT NULL,
  `note` varchar(120) COLLATE utf8mb4_unicode_ci DEFAULT NULL,
  `status` varchar(120) COLLATE utf8mb4_unicode_ci NOT NULL DEFAULT 'pending',
  `cod_amount` decimal(15,2) DEFAULT '0.00',
  `cod_status` varchar(60) COLLATE utf8mb4_unicode_ci NOT NULL DEFAULT 'pending',
  `cross_checking_status` varchar(60) COLLATE utf8mb4_unicode_ci NOT NULL DEFAULT 'pending',
  `price` decimal(15,2) DEFAULT '0.00',
  `store_id` int(10) UNSIGNED DEFAULT NULL,
  `created_at` timestamp NULL DEFAULT NULL,
  `updated_at` timestamp NULL DEFAULT NULL
) ENGINE=InnoDB DEFAULT CHARSET=utf8mb4 COLLATE=utf8mb4_unicode_ci;

--
-- Dumping data for table `ec_shipments`
--

INSERT INTO `ec_shipments` (`id`, `order_id`, `user_id`, `weight`, `shipment_id`, `note`, `status`, `cod_amount`, `cod_status`, `cross_checking_status`, `price`, `store_id`, `created_at`, `updated_at`) VALUES
(1, 1, NULL, 2976.00, NULL, '', 'delivered', '0.00', 'completed', 'pending', '0.00', 0, '2021-08-24 07:59:35', '2021-08-24 07:59:35'),
(2, 2, NULL, 2289.00, NULL, '', 'approved', '0.00', 'completed', 'pending', '0.00', 0, '2021-08-24 07:59:35', '2021-08-24 07:59:35'),
(3, 3, NULL, 6088.00, NULL, '', 'delivered', '0.00', 'completed', 'pending', '0.00', 0, '2021-08-24 07:59:35', '2021-08-24 07:59:35'),
(4, 4, NULL, 4200.00, NULL, '', 'approved', '0.00', 'completed', 'pending', '0.00', 0, '2021-08-24 07:59:35', '2021-08-24 07:59:35'),
(5, 5, NULL, 6145.00, NULL, '', 'approved', '1050.90', 'pending', 'pending', '0.00', 0, '2021-08-24 07:59:35', '2021-08-24 07:59:35'),
(6, 6, NULL, 1599.00, NULL, '', 'approved', '0.00', 'completed', 'pending', '0.00', 0, '2021-08-24 07:59:35', '2021-08-24 07:59:35'),
(7, 7, NULL, 6480.00, NULL, '', 'delivered', '0.00', 'completed', 'pending', '0.00', 0, '2021-08-24 07:59:35', '2021-08-24 07:59:35'),
(8, 8, NULL, 4449.00, NULL, '', 'approved', '0.00', 'completed', 'pending', '0.00', 0, '2021-08-24 07:59:35', '2021-08-24 07:59:35'),
(9, 9, NULL, 4652.00, NULL, '', 'delivered', '0.00', 'completed', 'pending', '0.00', 0, '2021-08-24 07:59:35', '2021-08-24 07:59:35'),
(10, 10, NULL, 2491.00, NULL, '', 'delivered', '0.00', 'completed', 'pending', '0.00', 0, '2021-08-24 07:59:35', '2021-08-24 07:59:35'),
(11, 11, NULL, 6428.00, NULL, '', 'approved', '0.00', 'completed', 'pending', '0.00', 0, '2021-08-24 07:59:35', '2021-08-24 07:59:35'),
(12, 12, NULL, 4300.00, NULL, '', 'approved', '0.00', 'completed', 'pending', '0.00', 0, '2021-08-24 07:59:35', '2021-08-24 07:59:35'),
(13, 13, NULL, 8247.00, NULL, '', 'delivered', '1325.80', 'completed', 'pending', '0.00', 0, '2021-08-24 07:59:35', '2021-08-24 07:59:35'),
(14, 14, NULL, 3655.00, NULL, '', 'delivered', '0.00', 'completed', 'pending', '0.00', 0, '2021-08-24 07:59:35', '2021-08-24 07:59:35'),
(15, 15, NULL, 2937.00, NULL, '', 'delivered', '0.00', 'completed', 'pending', '0.00', 0, '2021-08-24 07:59:35', '2021-08-24 07:59:35'),
(16, 16, NULL, 2038.00, NULL, '', 'delivered', '0.00', 'completed', 'pending', '0.00', 0, '2021-08-24 07:59:35', '2021-08-24 07:59:35'),
(17, 17, NULL, 3798.00, NULL, '', 'approved', '0.00', 'completed', 'pending', '0.00', 0, '2021-08-24 07:59:35', '2021-08-24 07:59:35'),
(18, 18, NULL, 2444.00, NULL, '', 'delivered', '0.00', 'completed', 'pending', '0.00', 0, '2021-08-24 07:59:35', '2021-08-24 07:59:35'),
(19, 19, NULL, 2505.00, NULL, '', 'delivered', '0.00', 'completed', 'pending', '0.00', 0, '2021-08-24 07:59:35', '2021-08-24 07:59:35'),
(20, 20, NULL, 2631.00, NULL, '', 'approved', '0.00', 'completed', 'pending', '0.00', 0, '2021-08-24 07:59:35', '2021-08-24 07:59:35');

-- --------------------------------------------------------

--
-- Table structure for table `ec_shipment_histories`
--

CREATE TABLE `ec_shipment_histories` (
  `id` bigint(20) UNSIGNED NOT NULL,
  `action` varchar(120) COLLATE utf8mb4_unicode_ci NOT NULL,
  `description` varchar(255) COLLATE utf8mb4_unicode_ci NOT NULL,
  `user_id` int(10) UNSIGNED DEFAULT NULL,
  `shipment_id` int(10) UNSIGNED NOT NULL,
  `order_id` int(10) UNSIGNED NOT NULL,
  `created_at` timestamp NULL DEFAULT NULL,
  `updated_at` timestamp NULL DEFAULT NULL
) ENGINE=InnoDB DEFAULT CHARSET=utf8mb4 COLLATE=utf8mb4_unicode_ci;

--
-- Dumping data for table `ec_shipment_histories`
--

INSERT INTO `ec_shipment_histories` (`id`, `action`, `description`, `user_id`, `shipment_id`, `order_id`, `created_at`, `updated_at`) VALUES
(1, 'create_from_order', 'Shipping was created from order %order_id%', 0, 1, 1, '2021-08-17 15:59:35', '2021-08-17 15:59:35'),
(2, 'update_status', 'Changed status of shipping to : Approved . Updated by: %user_name%', 0, 1, 1, '2021-08-22 15:59:35', '2021-08-24 07:59:35'),
(3, 'update_status', 'Changed status of shipping to : Delivered . Updated by: %user_name%', 0, 1, 1, '2021-08-24 07:59:35', '2021-08-24 07:59:35'),
(4, 'create_from_order', 'Shipping was created from order %order_id%', 0, 2, 2, '2021-08-10 01:59:35', '2021-08-10 01:59:35'),
(5, 'update_status', 'Changed status of shipping to : Approved . Updated by: %user_name%', 0, 2, 2, '2021-08-22 17:59:35', '2021-08-24 07:59:35'),
(6, 'create_from_order', 'Shipping was created from order %order_id%', 0, 3, 3, '2021-08-16 19:59:35', '2021-08-16 19:59:35'),
(7, 'update_status', 'Changed status of shipping to : Approved . Updated by: %user_name%', 0, 3, 3, '2021-08-22 19:59:35', '2021-08-24 07:59:35'),
(8, 'update_status', 'Changed status of shipping to : Delivered . Updated by: %user_name%', 0, 3, 3, '2021-08-24 07:59:35', '2021-08-24 07:59:35'),
(9, 'create_from_order', 'Shipping was created from order %order_id%', 0, 4, 4, '2021-08-21 11:59:35', '2021-08-21 11:59:35'),
(10, 'update_status', 'Changed status of shipping to : Approved . Updated by: %user_name%', 0, 4, 4, '2021-08-22 21:59:35', '2021-08-24 07:59:35'),
(11, 'create_from_order', 'Shipping was created from order %order_id%', 0, 5, 5, '2021-08-16 07:59:35', '2021-08-16 07:59:35'),
(12, 'update_status', 'Changed status of shipping to : Approved . Updated by: %user_name%', 0, 5, 5, '2021-08-22 23:59:35', '2021-08-24 07:59:35'),
(13, 'create_from_order', 'Shipping was created from order %order_id%', 0, 6, 6, '2021-08-14 07:59:35', '2021-08-14 07:59:35'),
(14, 'update_status', 'Changed status of shipping to : Approved . Updated by: %user_name%', 0, 6, 6, '2021-08-23 01:59:35', '2021-08-24 07:59:35'),
(15, 'create_from_order', 'Shipping was created from order %order_id%', 0, 7, 7, '2021-08-23 03:59:35', '2021-08-23 03:59:35'),
(16, 'update_status', 'Changed status of shipping to : Approved . Updated by: %user_name%', 0, 7, 7, '2021-08-23 03:59:35', '2021-08-24 07:59:35'),
(17, 'update_status', 'Changed status of shipping to : Delivered . Updated by: %user_name%', 0, 7, 7, '2021-08-24 07:59:35', '2021-08-24 07:59:35'),
(18, 'create_from_order', 'Shipping was created from order %order_id%', 0, 8, 8, '2021-08-21 01:59:35', '2021-08-21 01:59:35'),
(19, 'update_status', 'Changed status of shipping to : Approved . Updated by: %user_name%', 0, 8, 8, '2021-08-23 05:59:35', '2021-08-24 07:59:35'),
(20, 'create_from_order', 'Shipping was created from order %order_id%', 0, 9, 9, '2021-08-22 07:59:35', '2021-08-22 07:59:35'),
(21, 'update_status', 'Changed status of shipping to : Approved . Updated by: %user_name%', 0, 9, 9, '2021-08-23 07:59:35', '2021-08-24 07:59:35'),
(22, 'update_status', 'Changed status of shipping to : Delivered . Updated by: %user_name%', 0, 9, 9, '2021-08-24 07:59:35', '2021-08-24 07:59:35'),
(23, 'create_from_order', 'Shipping was created from order %order_id%', 0, 10, 10, '2021-08-16 01:59:35', '2021-08-16 01:59:35'),
(24, 'update_status', 'Changed status of shipping to : Approved . Updated by: %user_name%', 0, 10, 10, '2021-08-23 09:59:35', '2021-08-24 07:59:35'),
(25, 'update_status', 'Changed status of shipping to : Delivered . Updated by: %user_name%', 0, 10, 10, '2021-08-24 07:59:35', '2021-08-24 07:59:35'),
(26, 'create_from_order', 'Shipping was created from order %order_id%', 0, 11, 11, '2021-08-17 15:59:35', '2021-08-17 15:59:35'),
(27, 'update_status', 'Changed status of shipping to : Approved . Updated by: %user_name%', 0, 11, 11, '2021-08-23 11:59:35', '2021-08-24 07:59:35'),
(28, 'create_from_order', 'Shipping was created from order %order_id%', 0, 12, 12, '2021-08-21 07:59:35', '2021-08-21 07:59:35'),
(29, 'update_status', 'Changed status of shipping to : Approved . Updated by: %user_name%', 0, 12, 12, '2021-08-23 13:59:35', '2021-08-24 07:59:35'),
(30, 'create_from_order', 'Shipping was created from order %order_id%', 0, 13, 13, '2021-08-22 23:59:35', '2021-08-22 23:59:35'),
(31, 'update_status', 'Changed status of shipping to : Approved . Updated by: %user_name%', 0, 13, 13, '2021-08-23 15:59:35', '2021-08-24 07:59:35'),
(32, 'update_cod_status', 'Updated COD status to Completed . Updated by: %user_name%', 0, 13, 13, '2021-08-24 07:59:35', '2021-08-24 07:59:35'),
(33, 'update_status', 'Changed status of shipping to : Delivered . Updated by: %user_name%', 0, 13, 13, '2021-08-24 07:59:35', '2021-08-24 07:59:35'),
(34, 'create_from_order', 'Shipping was created from order %order_id%', 0, 14, 14, '2021-08-20 19:59:35', '2021-08-20 19:59:35'),
(35, 'update_status', 'Changed status of shipping to : Approved . Updated by: %user_name%', 0, 14, 14, '2021-08-23 17:59:35', '2021-08-24 07:59:35'),
(36, 'update_status', 'Changed status of shipping to : Delivered . Updated by: %user_name%', 0, 14, 14, '2021-08-24 07:59:35', '2021-08-24 07:59:35'),
(37, 'create_from_order', 'Shipping was created from order %order_id%', 0, 15, 15, '2021-08-19 07:59:35', '2021-08-19 07:59:35'),
(38, 'update_status', 'Changed status of shipping to : Approved . Updated by: %user_name%', 0, 15, 15, '2021-08-23 19:59:35', '2021-08-24 07:59:35'),
(39, 'update_status', 'Changed status of shipping to : Delivered . Updated by: %user_name%', 0, 15, 15, '2021-08-24 07:59:35', '2021-08-24 07:59:35'),
(40, 'create_from_order', 'Shipping was created from order %order_id%', 0, 16, 16, '2021-08-20 23:59:35', '2021-08-20 23:59:35'),
(41, 'update_status', 'Changed status of shipping to : Approved . Updated by: %user_name%', 0, 16, 16, '2021-08-23 21:59:35', '2021-08-24 07:59:35'),
(42, 'update_status', 'Changed status of shipping to : Delivered . Updated by: %user_name%', 0, 16, 16, '2021-08-24 07:59:35', '2021-08-24 07:59:35'),
(43, 'create_from_order', 'Shipping was created from order %order_id%', 0, 17, 17, '2021-08-23 23:59:35', '2021-08-23 23:59:35'),
(44, 'update_status', 'Changed status of shipping to : Approved . Updated by: %user_name%', 0, 17, 17, '2021-08-23 23:59:35', '2021-08-24 07:59:35'),
(45, 'create_from_order', 'Shipping was created from order %order_id%', 0, 18, 18, '2021-08-22 13:59:35', '2021-08-22 13:59:35'),
(46, 'update_status', 'Changed status of shipping to : Approved . Updated by: %user_name%', 0, 18, 18, '2021-08-24 01:59:35', '2021-08-24 07:59:35'),
(47, 'update_status', 'Changed status of shipping to : Delivered . Updated by: %user_name%', 0, 18, 18, '2021-08-24 07:59:35', '2021-08-24 07:59:35'),
(48, 'create_from_order', 'Shipping was created from order %order_id%', 0, 19, 19, '2021-08-23 15:59:35', '2021-08-23 15:59:35'),
(49, 'update_status', 'Changed status of shipping to : Approved . Updated by: %user_name%', 0, 19, 19, '2021-08-24 03:59:35', '2021-08-24 07:59:35'),
(50, 'update_status', 'Changed status of shipping to : Delivered . Updated by: %user_name%', 0, 19, 19, '2021-08-24 07:59:35', '2021-08-24 07:59:35'),
(51, 'create_from_order', 'Shipping was created from order %order_id%', 0, 20, 20, '2021-08-23 13:59:35', '2021-08-23 13:59:35'),
(52, 'update_status', 'Changed status of shipping to : Approved . Updated by: %user_name%', 0, 20, 20, '2021-08-24 05:59:35', '2021-08-24 07:59:35');

-- --------------------------------------------------------

--
-- Table structure for table `ec_shipping`
--

CREATE TABLE `ec_shipping` (
  `id` bigint(20) UNSIGNED NOT NULL,
  `title` varchar(191) COLLATE utf8mb4_unicode_ci DEFAULT NULL,
  `country` varchar(120) COLLATE utf8mb4_unicode_ci DEFAULT NULL,
  `created_at` timestamp NULL DEFAULT NULL,
  `updated_at` timestamp NULL DEFAULT NULL
) ENGINE=InnoDB DEFAULT CHARSET=utf8mb4 COLLATE=utf8mb4_unicode_ci;

--
-- Dumping data for table `ec_shipping`
--

INSERT INTO `ec_shipping` (`id`, `title`, `country`, `created_at`, `updated_at`) VALUES
(1, 'All', NULL, '2021-08-24 07:59:33', '2021-08-24 07:59:33');

-- --------------------------------------------------------

--
-- Table structure for table `ec_shipping_rules`
--

CREATE TABLE `ec_shipping_rules` (
  `id` bigint(20) UNSIGNED NOT NULL,
  `name` varchar(120) COLLATE utf8mb4_unicode_ci NOT NULL,
  `shipping_id` int(10) UNSIGNED NOT NULL,
  `type` enum('base_on_price','base_on_weight') COLLATE utf8mb4_unicode_ci DEFAULT 'base_on_price',
  `from` decimal(15,2) DEFAULT '0.00',
  `to` decimal(15,2) DEFAULT '0.00',
  `price` decimal(15,2) DEFAULT '0.00',
  `created_at` timestamp NULL DEFAULT NULL,
  `updated_at` timestamp NULL DEFAULT NULL
) ENGINE=InnoDB DEFAULT CHARSET=utf8mb4 COLLATE=utf8mb4_unicode_ci;

--
-- Dumping data for table `ec_shipping_rules`
--

INSERT INTO `ec_shipping_rules` (`id`, `name`, `shipping_id`, `type`, `from`, `to`, `price`, `created_at`, `updated_at`) VALUES
(1, 'Free shipping', 1, 'base_on_price', '0.00', NULL, '0.00', '2021-08-24 07:59:33', '2021-08-24 07:59:33'),
(2, 'Local Pickup', 1, 'base_on_price', '0.00', NULL, '20.00', '2021-08-24 07:59:33', '2021-08-24 07:59:33'),
(3, 'Flat Rate', 1, 'base_on_price', '0.00', NULL, '25.00', '2021-08-24 07:59:33', '2021-08-24 07:59:33');

-- --------------------------------------------------------

--
-- Table structure for table `ec_shipping_rule_items`
--

CREATE TABLE `ec_shipping_rule_items` (
  `id` bigint(20) UNSIGNED NOT NULL,
  `shipping_rule_id` int(10) UNSIGNED NOT NULL,
  `country` varchar(120) COLLATE utf8mb4_unicode_ci DEFAULT NULL,
  `state` varchar(120) COLLATE utf8mb4_unicode_ci DEFAULT NULL,
  `city` varchar(120) COLLATE utf8mb4_unicode_ci DEFAULT NULL,
  `adjustment_price` decimal(15,2) DEFAULT '0.00',
  `is_enabled` tinyint(1) NOT NULL DEFAULT '1',
  `created_at` timestamp NULL DEFAULT NULL,
  `updated_at` timestamp NULL DEFAULT NULL
) ENGINE=InnoDB DEFAULT CHARSET=utf8mb4 COLLATE=utf8mb4_unicode_ci;

-- --------------------------------------------------------

--
-- Table structure for table `ec_store_locators`
--

CREATE TABLE `ec_store_locators` (
  `id` bigint(20) UNSIGNED NOT NULL,
  `name` varchar(60) COLLATE utf8mb4_unicode_ci NOT NULL,
  `email` varchar(60) COLLATE utf8mb4_unicode_ci DEFAULT NULL,
  `phone` varchar(20) COLLATE utf8mb4_unicode_ci NOT NULL,
  `address` varchar(255) COLLATE utf8mb4_unicode_ci NOT NULL,
  `country` varchar(120) COLLATE utf8mb4_unicode_ci DEFAULT NULL,
  `state` varchar(120) COLLATE utf8mb4_unicode_ci DEFAULT NULL,
  `city` varchar(120) COLLATE utf8mb4_unicode_ci DEFAULT NULL,
  `is_primary` tinyint(1) DEFAULT '0',
  `is_shipping_location` tinyint(1) DEFAULT '1',
  `created_at` timestamp NULL DEFAULT NULL,
  `updated_at` timestamp NULL DEFAULT NULL
) ENGINE=InnoDB DEFAULT CHARSET=utf8mb4 COLLATE=utf8mb4_unicode_ci;

--
-- Dumping data for table `ec_store_locators`
--

INSERT INTO `ec_store_locators` (`id`, `name`, `email`, `phone`, `address`, `country`, `state`, `city`, `is_primary`, `is_shipping_location`, `created_at`, `updated_at`) VALUES
(1, 'Wowy', 'sales@botble.com', '18006268', 'North Link Building, 10 Admiralty Street', 'SG', 'Singapore', 'Singapore', 1, 1, '2021-08-24 07:59:33', '2021-08-24 07:59:33');

-- --------------------------------------------------------

--
-- Table structure for table `ec_taxes`
--

CREATE TABLE `ec_taxes` (
  `id` bigint(20) UNSIGNED NOT NULL,
  `title` varchar(191) COLLATE utf8mb4_unicode_ci DEFAULT NULL,
  `percentage` double(8,6) DEFAULT NULL,
  `priority` int(11) DEFAULT NULL,
  `status` varchar(60) COLLATE utf8mb4_unicode_ci NOT NULL DEFAULT 'published',
  `created_at` timestamp NULL DEFAULT NULL,
  `updated_at` timestamp NULL DEFAULT NULL
) ENGINE=InnoDB DEFAULT CHARSET=utf8mb4 COLLATE=utf8mb4_unicode_ci;

--
-- Dumping data for table `ec_taxes`
--

INSERT INTO `ec_taxes` (`id`, `title`, `percentage`, `priority`, `status`, `created_at`, `updated_at`) VALUES
(1, 'VAT', 10.000000, 1, 'published', '2021-08-24 07:59:25', '2021-08-24 07:59:25'),
(2, 'None', 0.000000, 2, 'published', '2021-08-24 07:59:25', '2021-08-24 07:59:25');

-- --------------------------------------------------------

--
-- Table structure for table `ec_wish_lists`
--

CREATE TABLE `ec_wish_lists` (
  `id` bigint(20) UNSIGNED NOT NULL,
  `customer_id` int(10) UNSIGNED NOT NULL,
  `product_id` int(10) UNSIGNED NOT NULL,
  `created_at` timestamp NULL DEFAULT NULL,
  `updated_at` timestamp NULL DEFAULT NULL
) ENGINE=InnoDB DEFAULT CHARSET=utf8mb4 COLLATE=utf8mb4_unicode_ci;

-- --------------------------------------------------------

--
-- Table structure for table `failed_jobs`
--

CREATE TABLE `failed_jobs` (
  `id` bigint(20) UNSIGNED NOT NULL,
  `uuid` varchar(191) COLLATE utf8mb4_unicode_ci NOT NULL,
  `connection` text COLLATE utf8mb4_unicode_ci NOT NULL,
  `queue` text COLLATE utf8mb4_unicode_ci NOT NULL,
  `payload` longtext COLLATE utf8mb4_unicode_ci NOT NULL,
  `exception` longtext COLLATE utf8mb4_unicode_ci NOT NULL,
  `failed_at` timestamp NOT NULL DEFAULT CURRENT_TIMESTAMP
) ENGINE=InnoDB DEFAULT CHARSET=utf8mb4 COLLATE=utf8mb4_unicode_ci;

-- --------------------------------------------------------

--
-- Table structure for table `jobs`
--

CREATE TABLE `jobs` (
  `id` bigint(20) UNSIGNED NOT NULL,
  `queue` varchar(191) COLLATE utf8mb4_unicode_ci NOT NULL,
  `payload` longtext COLLATE utf8mb4_unicode_ci NOT NULL,
  `attempts` tinyint(3) UNSIGNED NOT NULL,
  `reserved_at` int(10) UNSIGNED DEFAULT NULL,
  `available_at` int(10) UNSIGNED NOT NULL,
  `created_at` int(10) UNSIGNED NOT NULL
) ENGINE=InnoDB DEFAULT CHARSET=utf8mb4 COLLATE=utf8mb4_unicode_ci;

-- --------------------------------------------------------

--
-- Table structure for table `languages`
--

CREATE TABLE `languages` (
  `lang_id` int(10) UNSIGNED NOT NULL,
  `lang_name` varchar(120) COLLATE utf8mb4_unicode_ci NOT NULL,
  `lang_locale` varchar(20) COLLATE utf8mb4_unicode_ci NOT NULL,
  `lang_code` varchar(20) COLLATE utf8mb4_unicode_ci NOT NULL,
  `lang_flag` varchar(20) COLLATE utf8mb4_unicode_ci DEFAULT NULL,
  `lang_is_default` tinyint(3) UNSIGNED NOT NULL DEFAULT '0',
  `lang_order` int(11) NOT NULL DEFAULT '0',
  `lang_is_rtl` tinyint(3) UNSIGNED NOT NULL DEFAULT '0'
) ENGINE=InnoDB DEFAULT CHARSET=utf8mb4 COLLATE=utf8mb4_unicode_ci;

--
-- Dumping data for table `languages`
--

INSERT INTO `languages` (`lang_id`, `lang_name`, `lang_locale`, `lang_code`, `lang_flag`, `lang_is_default`, `lang_order`, `lang_is_rtl`) VALUES
(1, 'English', 'en', 'en_US', 'us', 1, 0, 0),
(2, 'Tiếng Việt', 'vi', 'vi', 'vn', 0, 0, 0);

-- --------------------------------------------------------

--
-- Table structure for table `language_meta`
--

CREATE TABLE `language_meta` (
  `lang_meta_id` int(10) UNSIGNED NOT NULL,
  `lang_meta_code` text COLLATE utf8mb4_unicode_ci,
  `lang_meta_origin` varchar(255) COLLATE utf8mb4_unicode_ci NOT NULL,
  `reference_id` int(10) UNSIGNED NOT NULL,
  `reference_type` varchar(120) COLLATE utf8mb4_unicode_ci NOT NULL
) ENGINE=InnoDB DEFAULT CHARSET=utf8mb4 COLLATE=utf8mb4_unicode_ci;

--
-- Dumping data for table `language_meta`
--

INSERT INTO `language_meta` (`lang_meta_id`, `lang_meta_code`, `lang_meta_origin`, `reference_id`, `reference_type`) VALUES
(1, 'en_US', 'd6d790c78491e587da60340e2997117f', 1, 'Botble\\SimpleSlider\\Models\\SimpleSlider'),
(2, 'en_US', 'd23325b6e51c1ab697546d1dacd30826', 2, 'Botble\\SimpleSlider\\Models\\SimpleSlider'),
(3, 'en_US', '8eee1b8000105419d04074c72640b64c', 3, 'Botble\\SimpleSlider\\Models\\SimpleSlider'),
(4, 'en_US', '2b73c29c8e6c7fb787988276a62a132c', 4, 'Botble\\SimpleSlider\\Models\\SimpleSlider'),
(5, 'vi', 'd6d790c78491e587da60340e2997117f', 5, 'Botble\\SimpleSlider\\Models\\SimpleSlider'),
(6, 'vi', 'd23325b6e51c1ab697546d1dacd30826', 6, 'Botble\\SimpleSlider\\Models\\SimpleSlider'),
(7, 'vi', '8eee1b8000105419d04074c72640b64c', 7, 'Botble\\SimpleSlider\\Models\\SimpleSlider'),
(8, 'vi', '2b73c29c8e6c7fb787988276a62a132c', 8, 'Botble\\SimpleSlider\\Models\\SimpleSlider'),
(9, 'en_US', '4a2aafff20da2d90219f423ff48e45fc', 1, 'Botble\\Blog\\Models\\Category'),
(10, 'en_US', 'da69f5c102f222d55650025fa7e860ef', 2, 'Botble\\Blog\\Models\\Category'),
(11, 'en_US', '89dd3fc75cbd7bf456c2da487d18a6a8', 3, 'Botble\\Blog\\Models\\Category'),
(12, 'en_US', '0cd8ebe93bb52bf3bdb5e253541e6c7d', 4, 'Botble\\Blog\\Models\\Category'),
(13, 'vi', '4a2aafff20da2d90219f423ff48e45fc', 5, 'Botble\\Blog\\Models\\Category'),
(14, 'vi', 'da69f5c102f222d55650025fa7e860ef', 6, 'Botble\\Blog\\Models\\Category'),
(15, 'vi', '89dd3fc75cbd7bf456c2da487d18a6a8', 7, 'Botble\\Blog\\Models\\Category'),
(16, 'vi', '0cd8ebe93bb52bf3bdb5e253541e6c7d', 8, 'Botble\\Blog\\Models\\Category'),
(17, 'en_US', '3756b4eb428e49fb73a60199d85c538a', 1, 'Botble\\Blog\\Models\\Tag'),
(18, 'en_US', '910dd3a21b3565214e34d61fda0b09da', 2, 'Botble\\Blog\\Models\\Tag'),
(19, 'en_US', '78eeecec7492de0e85a522c693f3d748', 3, 'Botble\\Blog\\Models\\Tag'),
(20, 'en_US', 'ad109fb069d8534ad6fdd6addedf5f67', 4, 'Botble\\Blog\\Models\\Tag'),
(21, 'en_US', '2df1e675a14922a117384906c4c429d3', 5, 'Botble\\Blog\\Models\\Tag'),
(22, 'vi', '3756b4eb428e49fb73a60199d85c538a', 6, 'Botble\\Blog\\Models\\Tag'),
(23, 'vi', '910dd3a21b3565214e34d61fda0b09da', 7, 'Botble\\Blog\\Models\\Tag'),
(24, 'vi', '78eeecec7492de0e85a522c693f3d748', 8, 'Botble\\Blog\\Models\\Tag'),
(25, 'vi', 'ad109fb069d8534ad6fdd6addedf5f67', 9, 'Botble\\Blog\\Models\\Tag'),
(26, 'vi', '2df1e675a14922a117384906c4c429d3', 10, 'Botble\\Blog\\Models\\Tag'),
(27, 'en_US', '14e06474106868a5b6f70977edfc15e4', 1, 'Botble\\Blog\\Models\\Post'),
(28, 'en_US', '1d8ad098770d55c7dea62726f3f14947', 2, 'Botble\\Blog\\Models\\Post'),
(29, 'en_US', '90709a8d583d4833a583547fba739cb4', 3, 'Botble\\Blog\\Models\\Post'),
(30, 'en_US', '8b777ae40f06887a074cebd64d61bdd2', 4, 'Botble\\Blog\\Models\\Post'),
(31, 'en_US', '879cab82377a89c2f258a6a1c120a46c', 5, 'Botble\\Blog\\Models\\Post'),
(32, 'en_US', 'a1629c9c6283b5bd228a188f32676545', 6, 'Botble\\Blog\\Models\\Post'),
(33, 'en_US', 'c44c1ccce5b557eaaf5b7c48fcb8da99', 7, 'Botble\\Blog\\Models\\Post'),
(34, 'en_US', '3c9dd11fd4cb140f5cf8c62c0b699130', 8, 'Botble\\Blog\\Models\\Post'),
(35, 'en_US', '51644ffbbd22ea9003c2d12812e51a9c', 9, 'Botble\\Blog\\Models\\Post'),
(36, 'en_US', '23fe3e7e598718c8649d00ca9edd188b', 10, 'Botble\\Blog\\Models\\Post'),
(37, 'en_US', '6c41d81abe2fefc56075005f04a046fd', 11, 'Botble\\Blog\\Models\\Post'),
(38, 'vi', '14e06474106868a5b6f70977edfc15e4', 12, 'Botble\\Blog\\Models\\Post'),
(39, 'vi', '1d8ad098770d55c7dea62726f3f14947', 13, 'Botble\\Blog\\Models\\Post'),
(40, 'vi', '90709a8d583d4833a583547fba739cb4', 14, 'Botble\\Blog\\Models\\Post'),
(41, 'vi', '8b777ae40f06887a074cebd64d61bdd2', 15, 'Botble\\Blog\\Models\\Post'),
(42, 'vi', '879cab82377a89c2f258a6a1c120a46c', 16, 'Botble\\Blog\\Models\\Post'),
(43, 'vi', 'a1629c9c6283b5bd228a188f32676545', 17, 'Botble\\Blog\\Models\\Post'),
(44, 'vi', 'c44c1ccce5b557eaaf5b7c48fcb8da99', 18, 'Botble\\Blog\\Models\\Post'),
(45, 'vi', '3c9dd11fd4cb140f5cf8c62c0b699130', 19, 'Botble\\Blog\\Models\\Post'),
(46, 'vi', '51644ffbbd22ea9003c2d12812e51a9c', 20, 'Botble\\Blog\\Models\\Post'),
(47, 'vi', '23fe3e7e598718c8649d00ca9edd188b', 21, 'Botble\\Blog\\Models\\Post'),
(48, 'vi', '6c41d81abe2fefc56075005f04a046fd', 22, 'Botble\\Blog\\Models\\Post'),
(49, 'en_US', '7835bde3be7bf0aaea920b558b9353f4', 1, 'Botble\\Page\\Models\\Page'),
(50, 'en_US', '977db7500b49d06b63827c576447b6c1', 2, 'Botble\\Page\\Models\\Page'),
(51, 'en_US', '3c4c9c3db877e4253c9c2477f7109dae', 3, 'Botble\\Page\\Models\\Page'),
(52, 'en_US', '15d6d85205f8ef15d51325e6f4e830cb', 4, 'Botble\\Page\\Models\\Page'),
(53, 'en_US', 'daefa800b0bc9210b78f698f0912d855', 5, 'Botble\\Page\\Models\\Page'),
(54, 'en_US', 'f7a40068770fe7142087e1f8a8d9fc46', 6, 'Botble\\Page\\Models\\Page'),
(55, 'en_US', '339c10ed9d2f668dbd3b82033b5da5bd', 7, 'Botble\\Page\\Models\\Page'),
(56, 'en_US', '20223f0f224b2c8e1bdd2d5a79bf504c', 8, 'Botble\\Page\\Models\\Page'),
(57, 'en_US', '9d6d910e7fe3078bbca8d065dec3f648', 9, 'Botble\\Page\\Models\\Page'),
(58, 'en_US', 'f870197da8fa11839d4be3463de8c4b1', 10, 'Botble\\Page\\Models\\Page'),
(59, 'en_US', '56fbc8bc51584ccae5be159e54a8537c', 11, 'Botble\\Page\\Models\\Page'),
(60, 'en_US', 'f87ec38c4cabd0f3e76f7907f8c622e5', 12, 'Botble\\Page\\Models\\Page'),
(61, 'en_US', '9720940d47a0e62b933fca86ea42764d', 13, 'Botble\\Page\\Models\\Page'),
(62, 'vi', '7835bde3be7bf0aaea920b558b9353f4', 14, 'Botble\\Page\\Models\\Page'),
(63, 'vi', '977db7500b49d06b63827c576447b6c1', 15, 'Botble\\Page\\Models\\Page'),
(64, 'vi', '3c4c9c3db877e4253c9c2477f7109dae', 16, 'Botble\\Page\\Models\\Page'),
(65, 'vi', '15d6d85205f8ef15d51325e6f4e830cb', 17, 'Botble\\Page\\Models\\Page'),
(66, 'vi', 'daefa800b0bc9210b78f698f0912d855', 18, 'Botble\\Page\\Models\\Page'),
(67, 'vi', 'f7a40068770fe7142087e1f8a8d9fc46', 19, 'Botble\\Page\\Models\\Page'),
(68, 'vi', '339c10ed9d2f668dbd3b82033b5da5bd', 20, 'Botble\\Page\\Models\\Page'),
(69, 'vi', '20223f0f224b2c8e1bdd2d5a79bf504c', 21, 'Botble\\Page\\Models\\Page'),
(70, 'vi', '9d6d910e7fe3078bbca8d065dec3f648', 22, 'Botble\\Page\\Models\\Page'),
(71, 'vi', 'f870197da8fa11839d4be3463de8c4b1', 23, 'Botble\\Page\\Models\\Page'),
(72, 'vi', '56fbc8bc51584ccae5be159e54a8537c', 24, 'Botble\\Page\\Models\\Page'),
(73, 'vi', 'f87ec38c4cabd0f3e76f7907f8c622e5', 25, 'Botble\\Page\\Models\\Page'),
(74, 'vi', '9720940d47a0e62b933fca86ea42764d', 26, 'Botble\\Page\\Models\\Page'),
(75, 'en_US', 'f43b82ada220dc448107b29e5cbb90df', 1, 'Botble\\Menu\\Models\\MenuLocation'),
(76, 'en_US', '8c3aaba621da0294d92a73aa3138cbc7', 1, 'Botble\\Menu\\Models\\Menu'),
(77, 'en_US', '93c745c97e9b035cda20ae5ed6824edd', 2, 'Botble\\Menu\\Models\\Menu'),
(78, 'en_US', '60121098526c4324ad74d53e3593deb4', 3, 'Botble\\Menu\\Models\\Menu'),
(79, 'vi', 'e9be4750d10a6a99c762f29358ff26dc', 2, 'Botble\\Menu\\Models\\MenuLocation'),
(80, 'vi', '8c3aaba621da0294d92a73aa3138cbc7', 4, 'Botble\\Menu\\Models\\Menu'),
(81, 'vi', '93c745c97e9b035cda20ae5ed6824edd', 5, 'Botble\\Menu\\Models\\Menu'),
(82, 'vi', '60121098526c4324ad74d53e3593deb4', 6, 'Botble\\Menu\\Models\\Menu');

-- --------------------------------------------------------

--
-- Table structure for table `media_files`
--

CREATE TABLE `media_files` (
  `id` bigint(20) UNSIGNED NOT NULL,
  `user_id` int(10) UNSIGNED NOT NULL,
  `name` varchar(255) COLLATE utf8mb4_unicode_ci NOT NULL,
  `folder_id` int(10) UNSIGNED NOT NULL DEFAULT '0',
  `mime_type` varchar(120) COLLATE utf8mb4_unicode_ci NOT NULL,
  `size` int(11) NOT NULL,
  `url` varchar(255) COLLATE utf8mb4_unicode_ci NOT NULL,
  `options` text COLLATE utf8mb4_unicode_ci,
  `created_at` timestamp NULL DEFAULT NULL,
  `updated_at` timestamp NULL DEFAULT NULL,
  `deleted_at` timestamp NULL DEFAULT NULL
) ENGINE=InnoDB DEFAULT CHARSET=utf8mb4 COLLATE=utf8mb4_unicode_ci;

--
-- Dumping data for table `media_files`
--

INSERT INTO `media_files` (`id`, `user_id`, `name`, `folder_id`, `mime_type`, `size`, `url`, `options`, `created_at`, `updated_at`, `deleted_at`) VALUES
(81, 0, '1', 5, 'image/png', 1318, 'brands/1.png', '[]', '2021-08-24 07:58:06', '2021-08-24 07:58:06', NULL),
(82, 0, '2', 5, 'image/png', 999, 'brands/2.png', '[]', '2021-08-24 07:58:07', '2021-08-24 07:58:07', NULL),
(83, 0, '3', 5, 'image/png', 1251, 'brands/3.png', '[]', '2021-08-24 07:58:07', '2021-08-24 07:58:07', NULL),
(84, 0, '4', 5, 'image/png', 1539, 'brands/4.png', '[]', '2021-08-24 07:58:07', '2021-08-24 07:58:07', NULL),
(85, 0, '5', 5, 'image/png', 1058, 'brands/5.png', '[]', '2021-08-24 07:58:08', '2021-08-24 07:58:08', NULL),
(86, 0, '6', 5, 'image/png', 4165, 'brands/6.png', '[]', '2021-08-24 07:58:08', '2021-08-24 07:58:08', NULL),
(87, 0, '7', 5, 'image/png', 1260, 'brands/7.png', '[]', '2021-08-24 07:58:08', '2021-08-24 07:58:08', NULL),
(88, 0, '1', 6, 'image/jpeg', 75180, 'product-categories/1.jpg', '[]', '2021-08-24 07:58:09', '2021-08-24 07:58:09', NULL),
(89, 0, '2', 6, 'image/jpeg', 81345, 'product-categories/2.jpg', '[]', '2021-08-24 07:58:09', '2021-08-24 07:58:09', NULL),
(90, 0, '3', 6, 'image/jpeg', 99137, 'product-categories/3.jpg', '[]', '2021-08-24 07:58:09', '2021-08-24 07:58:09', NULL),
(91, 0, '4', 6, 'image/jpeg', 108690, 'product-categories/4.jpg', '[]', '2021-08-24 07:58:09', '2021-08-24 07:58:09', NULL),
(92, 0, '5', 6, 'image/jpeg', 53952, 'product-categories/5.jpg', '[]', '2021-08-24 07:58:10', '2021-08-24 07:58:10', NULL),
(93, 0, '6', 6, 'image/jpeg', 47088, 'product-categories/6.jpg', '[]', '2021-08-24 07:58:10', '2021-08-24 07:58:10', NULL),
(94, 0, '7', 6, 'image/jpeg', 48248, 'product-categories/7.jpg', '[]', '2021-08-24 07:58:10', '2021-08-24 07:58:10', NULL),
(95, 0, '8', 6, 'image/jpeg', 67235, 'product-categories/8.jpg', '[]', '2021-08-24 07:58:11', '2021-08-24 07:58:11', NULL),
(96, 0, '1-1', 7, 'image/jpeg', 88437, 'products/1-1.jpg', '[]', '2021-08-24 07:58:11', '2021-08-24 07:58:11', NULL),
(97, 0, '1-2', 7, 'image/jpeg', 122690, 'products/1-2.jpg', '[]', '2021-08-24 07:58:12', '2021-08-24 07:58:12', NULL),
(98, 0, '1-3', 7, 'image/jpeg', 117296, 'products/1-3.jpg', '[]', '2021-08-24 07:58:13', '2021-08-24 07:58:13', NULL),
(99, 0, '1', 7, 'image/jpeg', 139025, 'products/1.jpg', '[]', '2021-08-24 07:58:13', '2021-08-24 07:58:13', NULL),
(100, 0, '10-1', 7, 'image/jpeg', 183491, 'products/10-1.jpg', '[]', '2021-08-24 07:58:14', '2021-08-24 07:58:14', NULL),
(101, 0, '10', 7, 'image/jpeg', 150956, 'products/10.jpg', '[]', '2021-08-24 07:58:17', '2021-08-24 07:58:17', NULL),
(102, 0, '11-1', 7, 'image/jpeg', 246200, 'products/11-1.jpg', '[]', '2021-08-24 07:58:20', '2021-08-24 07:58:20', NULL),
(103, 0, '11', 7, 'image/jpeg', 279390, 'products/11.jpg', '[]', '2021-08-24 07:58:22', '2021-08-24 07:58:22', NULL),
(104, 0, '12-1', 7, 'image/jpeg', 249712, 'products/12-1.jpg', '[]', '2021-08-24 07:58:24', '2021-08-24 07:58:24', NULL),
(105, 0, '12', 7, 'image/jpeg', 172221, 'products/12.jpg', '[]', '2021-08-24 07:58:24', '2021-08-24 07:58:24', NULL),
(106, 0, '13-1', 7, 'image/jpeg', 257021, 'products/13-1.jpg', '[]', '2021-08-24 07:58:25', '2021-08-24 07:58:25', NULL),
(107, 0, '13', 7, 'image/jpeg', 232917, 'products/13.jpg', '[]', '2021-08-24 07:58:26', '2021-08-24 07:58:26', NULL),
(108, 0, '14-1', 7, 'image/jpeg', 201773, 'products/14-1.jpg', '[]', '2021-08-24 07:58:27', '2021-08-24 07:58:27', NULL),
(109, 0, '14', 7, 'image/jpeg', 287194, 'products/14.jpg', '[]', '2021-08-24 07:58:28', '2021-08-24 07:58:28', NULL),
(110, 0, '15-1', 7, 'image/jpeg', 273720, 'products/15-1.jpg', '[]', '2021-08-24 07:58:28', '2021-08-24 07:58:28', NULL),
(111, 0, '15', 7, 'image/jpeg', 114265, 'products/15.jpg', '[]', '2021-08-24 07:58:29', '2021-08-24 07:58:29', NULL),
(112, 0, '16', 7, 'image/jpeg', 97174, 'products/16.jpg', '[]', '2021-08-24 07:58:30', '2021-08-24 07:58:30', NULL),
(113, 0, '17', 7, 'image/jpeg', 70179, 'products/17.jpg', '[]', '2021-08-24 07:58:32', '2021-08-24 07:58:32', NULL),
(114, 0, '18-1', 7, 'image/jpeg', 287835, 'products/18-1.jpg', '[]', '2021-08-24 07:58:33', '2021-08-24 07:58:33', NULL),
(115, 0, '18-2', 7, 'image/jpeg', 454869, 'products/18-2.jpg', '[]', '2021-08-24 07:58:35', '2021-08-24 07:58:35', NULL),
(116, 0, '18', 7, 'image/jpeg', 257331, 'products/18.jpg', '[]', '2021-08-24 07:58:38', '2021-08-24 07:58:38', NULL),
(117, 0, '19-1', 7, 'image/jpeg', 144008, 'products/19-1.jpg', '[]', '2021-08-24 07:58:41', '2021-08-24 07:58:41', NULL),
(118, 0, '19', 7, 'image/jpeg', 188821, 'products/19.jpg', '[]', '2021-08-24 07:58:41', '2021-08-24 07:58:41', NULL),
(119, 0, '2-1', 7, 'image/jpeg', 138167, 'products/2-1.jpg', '[]', '2021-08-24 07:58:42', '2021-08-24 07:58:42', NULL),
(120, 0, '2-2', 7, 'image/jpeg', 230552, 'products/2-2.jpg', '[]', '2021-08-24 07:58:43', '2021-08-24 07:58:43', NULL),
(121, 0, '2-3', 7, 'image/jpeg', 179301, 'products/2-3.jpg', '[]', '2021-08-24 07:58:43', '2021-08-24 07:58:43', NULL),
(122, 0, '2', 7, 'image/jpeg', 130048, 'products/2.jpg', '[]', '2021-08-24 07:58:44', '2021-08-24 07:58:44', NULL),
(123, 0, '20-1', 7, 'image/jpeg', 249712, 'products/20-1.jpg', '[]', '2021-08-24 07:58:45', '2021-08-24 07:58:45', NULL),
(124, 0, '20', 7, 'image/jpeg', 172221, 'products/20.jpg', '[]', '2021-08-24 07:58:46', '2021-08-24 07:58:46', NULL),
(125, 0, '21-1', 7, 'image/jpeg', 260746, 'products/21-1.jpg', '[]', '2021-08-24 07:58:47', '2021-08-24 07:58:47', NULL),
(126, 0, '21', 7, 'image/jpeg', 124244, 'products/21.jpg', '[]', '2021-08-24 07:58:49', '2021-08-24 07:58:49', NULL),
(127, 0, '22-1', 7, 'image/jpeg', 213139, 'products/22-1.jpg', '[]', '2021-08-24 07:58:50', '2021-08-24 07:58:50', NULL),
(128, 0, '22', 7, 'image/jpeg', 105409, 'products/22.jpg', '[]', '2021-08-24 07:58:53', '2021-08-24 07:58:53', NULL),
(129, 0, '23-1', 7, 'image/jpeg', 105560, 'products/23-1.jpg', '[]', '2021-08-24 07:58:54', '2021-08-24 07:58:54', NULL),
(130, 0, '23', 7, 'image/jpeg', 177362, 'products/23.jpg', '[]', '2021-08-24 07:58:57', '2021-08-24 07:58:57', NULL),
(131, 0, '24-1', 7, 'image/jpeg', 239311, 'products/24-1.jpg', '[]', '2021-08-24 07:58:58', '2021-08-24 07:58:58', NULL),
(132, 0, '24', 7, 'image/jpeg', 363853, 'products/24.jpg', '[]', '2021-08-24 07:59:00', '2021-08-24 07:59:00', NULL),
(133, 0, '3-1', 7, 'image/jpeg', 135741, 'products/3-1.jpg', '[]', '2021-08-24 07:59:02', '2021-08-24 07:59:02', NULL),
(134, 0, '3-2', 7, 'image/jpeg', 123069, 'products/3-2.jpg', '[]', '2021-08-24 07:59:03', '2021-08-24 07:59:03', NULL),
(135, 0, '3-3', 7, 'image/jpeg', 98645, 'products/3-3.jpg', '[]', '2021-08-24 07:59:03', '2021-08-24 07:59:03', NULL),
(136, 0, '3', 7, 'image/jpeg', 201722, 'products/3.jpg', '[]', '2021-08-24 07:59:04', '2021-08-24 07:59:04', NULL),
(137, 0, '4-1', 7, 'image/jpeg', 205312, 'products/4-1.jpg', '[]', '2021-08-24 07:59:05', '2021-08-24 07:59:05', NULL),
(138, 0, '4-2', 7, 'image/jpeg', 223903, 'products/4-2.jpg', '[]', '2021-08-24 07:59:06', '2021-08-24 07:59:06', NULL),
(139, 0, '4-3', 7, 'image/jpeg', 106593, 'products/4-3.jpg', '[]', '2021-08-24 07:59:07', '2021-08-24 07:59:07', NULL),
(140, 0, '4', 7, 'image/jpeg', 456134, 'products/4.jpg', '[]', '2021-08-24 07:59:08', '2021-08-24 07:59:08', NULL),
(141, 0, '5-1', 7, 'image/jpeg', 110014, 'products/5-1.jpg', '[]', '2021-08-24 07:59:10', '2021-08-24 07:59:10', NULL),
(142, 0, '5-2', 7, 'image/jpeg', 104934, 'products/5-2.jpg', '[]', '2021-08-24 07:59:11', '2021-08-24 07:59:11', NULL),
(143, 0, '5-3', 7, 'image/jpeg', 131628, 'products/5-3.jpg', '[]', '2021-08-24 07:59:12', '2021-08-24 07:59:12', NULL),
(144, 0, '5', 7, 'image/jpeg', 214767, 'products/5.jpg', '[]', '2021-08-24 07:59:13', '2021-08-24 07:59:13', NULL),
(145, 0, '6-1', 7, 'image/jpeg', 128041, 'products/6-1.jpg', '[]', '2021-08-24 07:59:15', '2021-08-24 07:59:15', NULL),
(146, 0, '6', 7, 'image/jpeg', 148485, 'products/6.jpg', '[]', '2021-08-24 07:59:16', '2021-08-24 07:59:16', NULL),
(147, 0, '7-1', 7, 'image/jpeg', 144008, 'products/7-1.jpg', '[]', '2021-08-24 07:59:17', '2021-08-24 07:59:17', NULL),
(148, 0, '7', 7, 'image/jpeg', 188821, 'products/7.jpg', '[]', '2021-08-24 07:59:18', '2021-08-24 07:59:18', NULL),
(149, 0, '8-1', 7, 'image/jpeg', 274272, 'products/8-1.jpg', '[]', '2021-08-24 07:59:19', '2021-08-24 07:59:19', NULL),
(150, 0, '8', 7, 'image/jpeg', 217862, 'products/8.jpg', '[]', '2021-08-24 07:59:20', '2021-08-24 07:59:20', NULL),
(151, 0, '9-1', 7, 'image/jpeg', 65624, 'products/9-1.jpg', '[]', '2021-08-24 07:59:21', '2021-08-24 07:59:21', NULL),
(152, 0, '9', 7, 'image/jpeg', 159636, 'products/9.jpg', '[]', '2021-08-24 07:59:22', '2021-08-24 07:59:22', NULL),
(153, 0, '1', 8, 'image/jpeg', 274660, 'customers/1.jpg', '[]', '2021-08-24 07:59:25', '2021-08-24 07:59:25', NULL),
(154, 0, '2', 8, 'image/jpeg', 295031, 'customers/2.jpg', '[]', '2021-08-24 07:59:26', '2021-08-24 07:59:26', NULL),
(155, 0, '3', 8, 'image/jpeg', 183576, 'customers/3.jpg', '[]', '2021-08-24 07:59:26', '2021-08-24 07:59:26', NULL),
(156, 0, '4', 8, 'image/jpeg', 245360, 'customers/4.jpg', '[]', '2021-08-24 07:59:27', '2021-08-24 07:59:27', NULL),
(157, 0, '5', 8, 'image/jpeg', 262908, 'customers/5.jpg', '[]', '2021-08-24 07:59:27', '2021-08-24 07:59:27', NULL),
(158, 0, '6', 8, 'image/jpeg', 109600, 'customers/6.jpg', '[]', '2021-08-24 07:59:28', '2021-08-24 07:59:28', NULL),
(159, 0, '7', 8, 'image/jpeg', 159280, 'customers/7.jpg', '[]', '2021-08-24 07:59:28', '2021-08-24 07:59:28', NULL),
(160, 0, '8', 8, 'image/jpeg', 99998, 'customers/8.jpg', '[]', '2021-08-24 07:59:29', '2021-08-24 07:59:29', NULL),
(161, 0, '1', 9, 'image/jpeg', 62921, 'flash-sales/1.jpg', '[]', '2021-08-24 07:59:33', '2021-08-24 07:59:33', NULL),
(162, 0, '2', 9, 'image/jpeg', 74131, 'flash-sales/2.jpg', '[]', '2021-08-24 07:59:34', '2021-08-24 07:59:34', NULL),
(163, 0, '1-1', 10, 'image/png', 653539, 'sliders/1-1.png', '[]', '2021-08-24 07:59:36', '2021-08-24 07:59:36', NULL),
(164, 0, '1-2', 10, 'image/png', 688883, 'sliders/1-2.png', '[]', '2021-08-24 07:59:40', '2021-08-24 07:59:40', NULL),
(165, 0, '1-3', 10, 'image/png', 249966, 'sliders/1-3.png', '[]', '2021-08-24 07:59:44', '2021-08-24 07:59:44', NULL),
(166, 0, '2-1', 10, 'image/png', 662495, 'sliders/2-1.png', '[]', '2021-08-24 07:59:48', '2021-08-24 07:59:48', NULL),
(167, 0, '2-2', 10, 'image/png', 691309, 'sliders/2-2.png', '[]', '2021-08-24 07:59:53', '2021-08-24 07:59:53', NULL),
(168, 0, '2-3', 10, 'image/png', 249966, 'sliders/2-3.png', '[]', '2021-08-24 07:59:57', '2021-08-24 07:59:57', NULL),
(169, 0, '3-1', 10, 'image/png', 164134, 'sliders/3-1.png', '[]', '2021-08-24 07:59:59', '2021-08-24 07:59:59', NULL),
(170, 0, '3-2', 10, 'image/png', 140217, 'sliders/3-2.png', '[]', '2021-08-24 08:00:02', '2021-08-24 08:00:02', NULL),
(171, 0, '4-1', 10, 'image/png', 415854, 'sliders/4-1.png', '[]', '2021-08-24 08:00:04', '2021-08-24 08:00:04', NULL),
(172, 0, '4-2', 10, 'image/png', 407249, 'sliders/4-2.png', '[]', '2021-08-24 08:00:07', '2021-08-24 08:00:07', NULL),
(173, 0, '4-3', 10, 'image/png', 249966, 'sliders/4-3.png', '[]', '2021-08-24 08:00:09', '2021-08-24 08:00:09', NULL),
(174, 0, '1', 11, 'image/jpeg', 533441, 'news/1.jpg', '[]', '2021-08-24 08:00:12', '2021-08-24 08:00:12', NULL),
(175, 0, '10', 11, 'image/jpeg', 342651, 'news/10.jpg', '[]', '2021-08-24 08:00:13', '2021-08-24 08:00:13', NULL),
(176, 0, '11', 11, 'image/jpeg', 296740, 'news/11.jpg', '[]', '2021-08-24 08:00:15', '2021-08-24 08:00:15', NULL),
(177, 0, '2', 11, 'image/jpeg', 292594, 'news/2.jpg', '[]', '2021-08-24 08:00:17', '2021-08-24 08:00:17', NULL),
(178, 0, '3', 11, 'image/jpeg', 382930, 'news/3.jpg', '[]', '2021-08-24 08:00:20', '2021-08-24 08:00:20', NULL),
(179, 0, '4', 11, 'image/jpeg', 403060, 'news/4.jpg', '[]', '2021-08-24 08:00:21', '2021-08-24 08:00:21', NULL),
(180, 0, '5', 11, 'image/jpeg', 727445, 'news/5.jpg', '[]', '2021-08-24 08:00:22', '2021-08-24 08:00:22', NULL),
(181, 0, '6', 11, 'image/jpeg', 361958, 'news/6.jpg', '[]', '2021-08-24 08:00:23', '2021-08-24 08:00:23', NULL),
(182, 0, '7', 11, 'image/jpeg', 904027, 'news/7.jpg', '[]', '2021-08-24 08:00:24', '2021-08-24 08:00:24', NULL),
(183, 0, '8', 11, 'image/jpeg', 351088, 'news/8.jpg', '[]', '2021-08-24 08:00:25', '2021-08-24 08:00:25', NULL),
(184, 0, '9', 11, 'image/jpeg', 353751, 'news/9.jpg', '[]', '2021-08-24 08:00:25', '2021-08-24 08:00:25', NULL),
(185, 0, '1', 12, 'image/png', 66416, 'promotion/1.png', '[]', '2021-08-24 08:00:27', '2021-08-24 08:00:27', NULL),
(186, 0, '2', 12, 'image/png', 70051, 'promotion/2.png', '[]', '2021-08-24 08:00:28', '2021-08-24 08:00:28', NULL),
(187, 0, '3', 12, 'image/png', 66675, 'promotion/3.png', '[]', '2021-08-24 08:00:29', '2021-08-24 08:00:29', NULL),
(188, 0, '4', 12, 'image/png', 61720, 'promotion/4.png', '[]', '2021-08-24 08:00:30', '2021-08-24 08:00:30', NULL),
(189, 0, '5', 12, 'image/png', 25894, 'promotion/5.png', '[]', '2021-08-24 08:00:31', '2021-08-24 08:00:31', NULL),
(190, 0, '6', 12, 'image/png', 528935, 'promotion/6.png', '[]', '2021-08-24 08:00:32', '2021-08-24 08:00:32', NULL),
(191, 0, 'favicon', 13, 'image/png', 2343, 'general/favicon.png', '[]', '2021-08-24 08:00:33', '2021-08-24 08:00:33', NULL),
(192, 0, 'icon-bag', 13, 'image/png', 15551, 'general/icon-bag.png', '[]', '2021-08-24 08:00:33', '2021-08-24 08:00:33', NULL),
(193, 0, 'icon-operator', 13, 'image/png', 23328, 'general/icon-operator.png', '[]', '2021-08-24 08:00:34', '2021-08-24 08:00:34', NULL),
(194, 0, 'icon-purchase', 13, 'image/png', 22947, 'general/icon-purchase.png', '[]', '2021-08-24 08:00:35', '2021-08-24 08:00:35', NULL),
(195, 0, 'icon-truck', 13, 'image/png', 17131, 'general/icon-truck.png', '[]', '2021-08-24 08:00:36', '2021-08-24 08:00:36', NULL),
(196, 0, 'logo-light', 13, 'image/png', 1938, 'general/logo-light.png', '[]', '2021-08-24 08:00:36', '2021-08-24 08:00:36', NULL),
(197, 0, 'logo', 13, 'image/png', 2494, 'general/logo.png', '[]', '2021-08-24 08:00:36', '2021-08-24 08:00:36', NULL),
(198, 0, 'open-graph-image', 13, 'image/png', 293189, 'general/open-graph-image.png', '[]', '2021-08-24 08:00:37', '2021-08-24 08:00:37', NULL),
(199, 0, 'payment-methods', 13, 'image/png', 10634, 'general/payment-methods.png', '[]', '2021-08-24 08:00:38', '2021-08-24 08:00:38', NULL);

-- --------------------------------------------------------

--
-- Table structure for table `media_folders`
--

CREATE TABLE `media_folders` (
  `id` bigint(20) UNSIGNED NOT NULL,
  `user_id` int(10) UNSIGNED NOT NULL,
  `name` varchar(191) COLLATE utf8mb4_unicode_ci DEFAULT NULL,
  `slug` varchar(191) COLLATE utf8mb4_unicode_ci DEFAULT NULL,
  `parent_id` int(11) NOT NULL DEFAULT '0',
  `created_at` timestamp NULL DEFAULT NULL,
  `updated_at` timestamp NULL DEFAULT NULL,
  `deleted_at` timestamp NULL DEFAULT NULL
) ENGINE=InnoDB DEFAULT CHARSET=utf8mb4 COLLATE=utf8mb4_unicode_ci;

--
-- Dumping data for table `media_folders`
--

INSERT INTO `media_folders` (`id`, `user_id`, `name`, `slug`, `parent_id`, `created_at`, `updated_at`, `deleted_at`) VALUES
(5, 0, 'brands', 'brands', 0, '2021-08-24 07:58:06', '2021-08-24 07:58:06', NULL),
(6, 0, 'product-categories', 'product-categories', 0, '2021-08-24 07:58:09', '2021-08-24 07:58:09', NULL),
(7, 0, 'products', 'products', 0, '2021-08-24 07:58:11', '2021-08-24 07:58:11', NULL),
(8, 0, 'customers', 'customers', 0, '2021-08-24 07:59:25', '2021-08-24 07:59:25', NULL),
(9, 0, 'flash-sales', 'flash-sales', 0, '2021-08-24 07:59:33', '2021-08-24 07:59:33', NULL),
(10, 0, 'sliders', 'sliders', 0, '2021-08-24 07:59:36', '2021-08-24 07:59:36', NULL),
(11, 0, 'news', 'news', 0, '2021-08-24 08:00:12', '2021-08-24 08:00:12', NULL),
(12, 0, 'promotion', 'promotion', 0, '2021-08-24 08:00:27', '2021-08-24 08:00:27', NULL),
(13, 0, 'general', 'general', 0, '2021-08-24 08:00:33', '2021-08-24 08:00:33', NULL);

-- --------------------------------------------------------

--
-- Table structure for table `media_settings`
--

CREATE TABLE `media_settings` (
  `id` bigint(20) UNSIGNED NOT NULL,
  `key` varchar(120) COLLATE utf8mb4_unicode_ci NOT NULL,
  `value` text COLLATE utf8mb4_unicode_ci,
  `media_id` int(11) DEFAULT NULL,
  `user_id` int(11) DEFAULT NULL,
  `created_at` timestamp NULL DEFAULT NULL,
  `updated_at` timestamp NULL DEFAULT NULL
) ENGINE=InnoDB DEFAULT CHARSET=utf8mb4 COLLATE=utf8mb4_unicode_ci;

-- --------------------------------------------------------

--
-- Table structure for table `menus`
--

CREATE TABLE `menus` (
  `id` bigint(20) UNSIGNED NOT NULL,
  `name` varchar(120) COLLATE utf8mb4_unicode_ci NOT NULL,
  `slug` varchar(120) COLLATE utf8mb4_unicode_ci DEFAULT NULL,
  `status` varchar(60) COLLATE utf8mb4_unicode_ci NOT NULL DEFAULT 'published',
  `created_at` timestamp NULL DEFAULT NULL,
  `updated_at` timestamp NULL DEFAULT NULL
) ENGINE=InnoDB DEFAULT CHARSET=utf8mb4 COLLATE=utf8mb4_unicode_ci;

--
-- Dumping data for table `menus`
--

INSERT INTO `menus` (`id`, `name`, `slug`, `status`, `created_at`, `updated_at`) VALUES
(1, 'Main menu', 'main-menu', 'published', '2021-08-24 08:00:33', '2021-08-24 08:00:33'),
(2, 'Product categories', 'product-categories', 'published', '2021-08-24 08:00:33', '2021-08-24 08:00:33'),
(3, 'Information', 'information', 'published', '2021-08-24 08:00:33', '2021-08-24 08:00:33'),
(4, 'Menu chính', 'menu-chinh', 'published', '2021-08-24 08:00:33', '2021-08-24 08:00:33'),
(5, 'Product categories', 'danh-muc-san-pham', 'published', '2021-08-24 08:00:33', '2021-08-24 08:00:33'),
(6, 'Information', 'thong-tin', 'published', '2021-08-24 08:00:33', '2021-08-24 08:00:33');

-- --------------------------------------------------------

--
-- Table structure for table `menu_locations`
--

CREATE TABLE `menu_locations` (
  `id` bigint(20) UNSIGNED NOT NULL,
  `menu_id` int(10) UNSIGNED NOT NULL,
  `location` varchar(120) COLLATE utf8mb4_unicode_ci NOT NULL,
  `created_at` timestamp NULL DEFAULT NULL,
  `updated_at` timestamp NULL DEFAULT NULL
) ENGINE=InnoDB DEFAULT CHARSET=utf8mb4 COLLATE=utf8mb4_unicode_ci;

--
-- Dumping data for table `menu_locations`
--

INSERT INTO `menu_locations` (`id`, `menu_id`, `location`, `created_at`, `updated_at`) VALUES
(1, 1, 'main-menu', '2021-08-24 08:00:33', '2021-08-24 08:00:33'),
(2, 4, 'main-menu', '2021-08-24 08:00:33', '2021-08-24 08:00:33');

-- --------------------------------------------------------

--
-- Table structure for table `menu_nodes`
--

CREATE TABLE `menu_nodes` (
  `id` bigint(20) UNSIGNED NOT NULL,
  `menu_id` int(10) UNSIGNED NOT NULL,
  `parent_id` int(10) UNSIGNED NOT NULL DEFAULT '0',
  `reference_id` int(10) UNSIGNED DEFAULT NULL,
  `reference_type` varchar(255) COLLATE utf8mb4_unicode_ci DEFAULT NULL,
  `url` varchar(120) COLLATE utf8mb4_unicode_ci DEFAULT NULL,
  `icon_font` varchar(50) COLLATE utf8mb4_unicode_ci DEFAULT NULL,
  `position` tinyint(3) UNSIGNED NOT NULL DEFAULT '0',
  `title` varchar(120) COLLATE utf8mb4_unicode_ci DEFAULT NULL,
  `css_class` varchar(120) COLLATE utf8mb4_unicode_ci DEFAULT NULL,
  `target` varchar(20) COLLATE utf8mb4_unicode_ci NOT NULL DEFAULT '_self',
  `has_child` tinyint(3) UNSIGNED NOT NULL DEFAULT '0',
  `created_at` timestamp NULL DEFAULT NULL,
  `updated_at` timestamp NULL DEFAULT NULL
) ENGINE=InnoDB DEFAULT CHARSET=utf8mb4 COLLATE=utf8mb4_unicode_ci;

--
-- Dumping data for table `menu_nodes`
--

INSERT INTO `menu_nodes` (`id`, `menu_id`, `parent_id`, `reference_id`, `reference_type`, `url`, `icon_font`, `position`, `title`, `css_class`, `target`, `has_child`, `created_at`, `updated_at`) VALUES
(1, 1, 0, NULL, NULL, '/', NULL, 0, 'Home', NULL, '_self', 1, '2021-08-24 08:00:33', '2021-08-24 08:00:33'),
(2, 1, 1, 1, 'Botble\\Page\\Models\\Page', '/homepage', NULL, 0, 'Home 1', NULL, '_self', 0, '2021-08-24 08:00:33', '2021-08-24 08:00:33'),
(3, 1, 1, 2, 'Botble\\Page\\Models\\Page', '/homepage-2', NULL, 0, 'Home 2', NULL, '_self', 0, '2021-08-24 08:00:33', '2021-08-24 08:00:33'),
(4, 1, 1, 3, 'Botble\\Page\\Models\\Page', '/homepage-3', NULL, 0, 'Home 3', NULL, '_self', 0, '2021-08-24 08:00:33', '2021-08-24 08:00:33'),
(5, 1, 1, 4, 'Botble\\Page\\Models\\Page', '/homepage-4', NULL, 0, 'Home 4', NULL, '_self', 0, '2021-08-24 08:00:33', '2021-08-24 08:00:33'),
(6, 1, 0, NULL, NULL, '/products', NULL, 0, 'Shop', NULL, '_self', 1, '2021-08-24 08:00:33', '2021-08-24 08:00:33'),
(7, 1, 6, NULL, NULL, '/products', NULL, 0, 'Shop Grid - Full Width', NULL, '_self', 0, '2021-08-24 08:00:33', '2021-08-24 08:00:33'),
(8, 1, 6, NULL, NULL, '/products?layout=product-right-sidebar', NULL, 0, 'Shop Grid - Right Sidebar', NULL, '_self', 0, '2021-08-24 08:00:33', '2021-08-24 08:00:33'),
(9, 1, 6, NULL, NULL, '/products?layout=product-left-sidebar', NULL, 0, 'Shop Grid - Left Sidebar', NULL, '_self', 0, '2021-08-24 08:00:33', '2021-08-24 08:00:33'),
(10, 1, 6, 1, 'Botble\\Ecommerce\\Models\\ProductCategory', '/product-categories/hot-promotions', NULL, 0, 'Products Of Category', NULL, '_self', 0, '2021-08-24 08:00:33', '2021-08-24 08:00:33'),
(11, 1, 0, NULL, NULL, '#', NULL, 0, 'Product', NULL, '_self', 1, '2021-08-24 08:00:33', '2021-08-24 08:00:33'),
(12, 1, 11, NULL, NULL, '/products/smart-home-speaker', NULL, 0, 'Product Right Sidebar', NULL, '_self', 0, '2021-08-24 08:00:33', '2021-08-24 08:00:33'),
(13, 1, 11, NULL, NULL, '/products/headphone-ultra-bass', NULL, 0, 'Product Left Sidebar', NULL, '_self', 0, '2021-08-24 08:00:33', '2021-08-24 08:00:33'),
(14, 1, 11, NULL, NULL, '/products/boxed-bluetooth-headphone', NULL, 0, 'Product Full Width', NULL, '_self', 0, '2021-08-24 08:00:33', '2021-08-24 08:00:33'),
(15, 1, 0, 5, 'Botble\\Page\\Models\\Page', '/blog', NULL, 0, 'Blog', NULL, '_self', 1, '2021-08-24 08:00:33', '2021-08-24 08:00:33'),
(16, 1, 15, 5, 'Botble\\Page\\Models\\Page', '/blog', NULL, 0, 'Blog Right Sidebar', NULL, '_self', 0, '2021-08-24 08:00:33', '2021-08-24 08:00:33'),
(17, 1, 15, 13, 'Botble\\Page\\Models\\Page', '/blog-left-sidebar', NULL, 0, 'Blog Left Sidebar', NULL, '_self', 0, '2021-08-24 08:00:33', '2021-08-24 08:00:33'),
(18, 1, 15, NULL, NULL, '/blog/4-expert-tips-on-how-to-choose-the-right-mens-wallet', NULL, 0, 'Single Post Right Sidebar', NULL, '_self', 0, '2021-08-24 08:00:33', '2021-08-24 08:00:33'),
(19, 1, 15, NULL, NULL, '/blog/sexy-clutches-how-to-buy-wear-a-designer-clutch-bag', NULL, 0, 'Single Post Left Sidebar', NULL, '_self', 0, '2021-08-24 08:00:33', '2021-08-24 08:00:33'),
(20, 1, 15, NULL, NULL, '/blog/the-top-2020-handbag-trends-to-know', NULL, 0, 'Single Post Full Width', NULL, '_self', 0, '2021-08-24 08:00:33', '2021-08-24 08:00:33'),
(21, 1, 15, NULL, NULL, '/blog/how-to-match-the-color-of-your-handbag-with-an-outfit', NULL, 0, 'Single Post with Product Listing', NULL, '_self', 0, '2021-08-24 08:00:33', '2021-08-24 08:00:33'),
(22, 1, 0, 6, 'Botble\\Page\\Models\\Page', '/contact', NULL, 0, 'Contact', NULL, '_self', 0, '2021-08-24 08:00:33', '2021-08-24 08:00:33'),
(23, 2, 0, 1, 'Botble\\Ecommerce\\Models\\ProductCategory', '/product-categories/hot-promotions', NULL, 0, 'Men', NULL, '_self', 0, '2021-08-24 08:00:33', '2021-08-24 08:00:33'),
(24, 2, 0, 2, 'Botble\\Ecommerce\\Models\\ProductCategory', '/product-categories/electronics', NULL, 0, 'Women', NULL, '_self', 0, '2021-08-24 08:00:33', '2021-08-24 08:00:33'),
(25, 2, 0, 3, 'Botble\\Ecommerce\\Models\\ProductCategory', '/product-categories/home-audio-theaters', NULL, 0, 'Accessories', NULL, '_self', 0, '2021-08-24 08:00:33', '2021-08-24 08:00:33'),
(26, 2, 0, 4, 'Botble\\Ecommerce\\Models\\ProductCategory', '/product-categories/tv-videos', NULL, 0, 'Shoes', NULL, '_self', 0, '2021-08-24 08:00:33', '2021-08-24 08:00:33'),
(27, 2, 0, 5, 'Botble\\Ecommerce\\Models\\ProductCategory', '/product-categories/camera-photos-videos', NULL, 0, 'Denim', NULL, '_self', 0, '2021-08-24 08:00:33', '2021-08-24 08:00:33'),
(28, 2, 0, 6, 'Botble\\Ecommerce\\Models\\ProductCategory', '/product-categories/cellphones-accessories', NULL, 0, 'Dress', NULL, '_self', 0, '2021-08-24 08:00:33', '2021-08-24 08:00:33'),
(29, 3, 0, 6, 'Botble\\Page\\Models\\Page', '/contact', NULL, 0, 'Contact Us', NULL, '_self', 0, '2021-08-24 08:00:33', '2021-08-24 08:00:33'),
(30, 3, 0, 8, 'Botble\\Page\\Models\\Page', '/cookie-policy', NULL, 0, 'About Us', NULL, '_self', 0, '2021-08-24 08:00:33', '2021-08-24 08:00:33'),
(31, 3, 0, 9, 'Botble\\Page\\Models\\Page', '/terms-conditions', NULL, 0, 'Terms & Conditions', NULL, '_self', 0, '2021-08-24 08:00:33', '2021-08-24 08:00:33'),
(32, 3, 0, 10, 'Botble\\Page\\Models\\Page', '/returns-exchanges', NULL, 0, 'Returns & Exchanges', NULL, '_self', 0, '2021-08-24 08:00:33', '2021-08-24 08:00:33'),
(33, 3, 0, 11, 'Botble\\Page\\Models\\Page', '/shipping-delivery', NULL, 0, 'Shipping & Delivery', NULL, '_self', 0, '2021-08-24 08:00:33', '2021-08-24 08:00:33'),
(34, 3, 0, 12, 'Botble\\Page\\Models\\Page', '/privacy-policy', NULL, 0, 'Privacy Policy', NULL, '_self', 0, '2021-08-24 08:00:33', '2021-08-24 08:00:33'),
(35, 4, 0, NULL, NULL, '/', NULL, 0, 'Trang chủ', NULL, '_self', 1, '2021-08-24 08:00:33', '2021-08-24 08:00:33'),
(36, 4, 35, 1, 'Botble\\Page\\Models\\Page', '/homepage', NULL, 0, 'Trang chủ 1', NULL, '_self', 0, '2021-08-24 08:00:33', '2021-08-24 08:00:33'),
(37, 4, 35, 2, 'Botble\\Page\\Models\\Page', '/homepage-2', NULL, 0, 'Trang chủ 2', NULL, '_self', 0, '2021-08-24 08:00:33', '2021-08-24 08:00:33'),
(38, 4, 35, 3, 'Botble\\Page\\Models\\Page', '/homepage-3', NULL, 0, 'Trang chủ 3', NULL, '_self', 0, '2021-08-24 08:00:33', '2021-08-24 08:00:33'),
(39, 4, 35, 4, 'Botble\\Page\\Models\\Page', '/homepage-4', NULL, 0, 'Trang chủ 4', NULL, '_self', 0, '2021-08-24 08:00:33', '2021-08-24 08:00:33'),
(40, 4, 0, NULL, NULL, '/products', NULL, 0, 'Bán hàng', NULL, '_self', 1, '2021-08-24 08:00:33', '2021-08-24 08:00:33'),
(41, 4, 40, NULL, NULL, '/products', NULL, 0, 'Tất cả sản phẩm', NULL, '_self', 0, '2021-08-24 08:00:33', '2021-08-24 08:00:33'),
(42, 4, 40, 1, 'Botble\\Ecommerce\\Models\\ProductCategory', '/product-categories/hot-promotions', NULL, 0, 'Danh mục sản phẩm', NULL, '_self', 0, '2021-08-24 08:00:33', '2021-08-24 08:00:33'),
(43, 4, 0, NULL, NULL, '#', NULL, 0, 'Sản phẩm', NULL, '_self', 1, '2021-08-24 08:00:33', '2021-08-24 08:00:33'),
(44, 4, 43, NULL, NULL, '/products/smart-home-speaker', NULL, 0, 'Sản phẩm Sidebar phải', NULL, '_self', 0, '2021-08-24 08:00:33', '2021-08-24 08:00:33'),
(45, 4, 43, NULL, NULL, '/products/headphone-ultra-bass', NULL, 0, 'Sản phẩm Sidebar trái', NULL, '_self', 0, '2021-08-24 08:00:33', '2021-08-24 08:00:33'),
(46, 4, 43, NULL, NULL, '/products/boxed-bluetooth-headphone', NULL, 0, 'Sản phẩm full width', NULL, '_self', 0, '2021-08-24 08:00:33', '2021-08-24 08:00:33'),
(47, 4, 0, 5, 'Botble\\Page\\Models\\Page', '/blog', NULL, 0, 'Tin tức', NULL, '_self', 1, '2021-08-24 08:00:33', '2021-08-24 08:00:33'),
(48, 4, 47, 5, 'Botble\\Page\\Models\\Page', '/blog', NULL, 0, 'Tin tức Sidebar phải', NULL, '_self', 0, '2021-08-24 08:00:33', '2021-08-24 08:00:33'),
(49, 4, 47, 13, 'Botble\\Page\\Models\\Page', '/blog-left-sidebar', NULL, 0, 'Tin tức Sidebar trái', NULL, '_self', 0, '2021-08-24 08:00:33', '2021-08-24 08:00:33'),
(50, 4, 47, NULL, NULL, '/blog/4-expert-tips-on-how-to-choose-the-right-mens-wallet', NULL, 0, 'Bài viết Sidebar phải', NULL, '_self', 0, '2021-08-24 08:00:33', '2021-08-24 08:00:33'),
(51, 4, 47, NULL, NULL, '/blog/sexy-clutches-how-to-buy-wear-a-designer-clutch-bag', NULL, 0, 'Bài viết Sidebar trái', NULL, '_self', 0, '2021-08-24 08:00:33', '2021-08-24 08:00:33'),
(52, 4, 47, NULL, NULL, '/blog/the-top-2020-handbag-trends-to-know', NULL, 0, 'Bài viết Full Width', NULL, '_self', 0, '2021-08-24 08:00:33', '2021-08-24 08:00:33'),
(53, 4, 47, NULL, NULL, '/blog/how-to-match-the-color-of-your-handbag-with-an-outfit', NULL, 0, 'Bài viết with kèm sản phẩm', NULL, '_self', 0, '2021-08-24 08:00:33', '2021-08-24 08:00:33'),
(54, 4, 0, 6, 'Botble\\Page\\Models\\Page', '/contact', NULL, 0, 'Liên hệ', NULL, '_self', 0, '2021-08-24 08:00:33', '2021-08-24 08:00:33'),
(55, 5, 0, 1, 'Botble\\Ecommerce\\Models\\ProductCategory', '/product-categories/hot-promotions', NULL, 0, 'Dành cho nam', NULL, '_self', 0, '2021-08-24 08:00:33', '2021-08-24 08:00:33'),
(56, 5, 0, 2, 'Botble\\Ecommerce\\Models\\ProductCategory', '/product-categories/electronics', NULL, 0, 'Dành cho nữ', NULL, '_self', 0, '2021-08-24 08:00:33', '2021-08-24 08:00:33'),
(57, 5, 0, 3, 'Botble\\Ecommerce\\Models\\ProductCategory', '/product-categories/home-audio-theaters', NULL, 0, 'Phụ kiện', NULL, '_self', 0, '2021-08-24 08:00:33', '2021-08-24 08:00:33'),
(58, 5, 0, 4, 'Botble\\Ecommerce\\Models\\ProductCategory', '/product-categories/tv-videos', NULL, 0, 'Giày dép', NULL, '_self', 0, '2021-08-24 08:00:33', '2021-08-24 08:00:33'),
(59, 5, 0, 5, 'Botble\\Ecommerce\\Models\\ProductCategory', '/product-categories/camera-photos-videos', NULL, 0, 'Denim', NULL, '_self', 0, '2021-08-24 08:00:33', '2021-08-24 08:00:33'),
(60, 5, 0, 6, 'Botble\\Ecommerce\\Models\\ProductCategory', '/product-categories/cellphones-accessories', NULL, 0, 'Quần áo', NULL, '_self', 0, '2021-08-24 08:00:33', '2021-08-24 08:00:33'),
(61, 6, 0, 6, 'Botble\\Page\\Models\\Page', '/contact', NULL, 0, 'Liên hệ', NULL, '_self', 0, '2021-08-24 08:00:33', '2021-08-24 08:00:33'),
(62, 6, 0, 8, 'Botble\\Page\\Models\\Page', '/cookie-policy', NULL, 0, 'Về chúng tôi', NULL, '_self', 0, '2021-08-24 08:00:33', '2021-08-24 08:00:33'),
(63, 6, 0, 9, 'Botble\\Page\\Models\\Page', '/terms-conditions', NULL, 0, 'Điều khoản & quy định', NULL, '_self', 0, '2021-08-24 08:00:33', '2021-08-24 08:00:33'),
(64, 6, 0, 10, 'Botble\\Page\\Models\\Page', '/returns-exchanges', NULL, 0, 'Chính sách đổi trả', NULL, '_self', 0, '2021-08-24 08:00:33', '2021-08-24 08:00:33'),
(65, 6, 0, 11, 'Botble\\Page\\Models\\Page', '/shipping-delivery', NULL, 0, 'Chính sách vận chuyển', NULL, '_self', 0, '2021-08-24 08:00:33', '2021-08-24 08:00:33'),
(66, 6, 0, 12, 'Botble\\Page\\Models\\Page', '/privacy-policy', NULL, 0, 'Chính sách bảo mật', NULL, '_self', 0, '2021-08-24 08:00:33', '2021-08-24 08:00:33');

-- --------------------------------------------------------

--
-- Table structure for table `meta_boxes`
--

CREATE TABLE `meta_boxes` (
  `id` bigint(20) UNSIGNED NOT NULL,
  `meta_key` varchar(255) COLLATE utf8mb4_unicode_ci NOT NULL,
  `meta_value` text COLLATE utf8mb4_unicode_ci,
  `reference_id` int(10) UNSIGNED NOT NULL,
  `reference_type` varchar(120) COLLATE utf8mb4_unicode_ci NOT NULL,
  `created_at` timestamp NULL DEFAULT NULL,
  `updated_at` timestamp NULL DEFAULT NULL
) ENGINE=InnoDB DEFAULT CHARSET=utf8mb4 COLLATE=utf8mb4_unicode_ci;

--
-- Dumping data for table `meta_boxes`
--

INSERT INTO `meta_boxes` (`id`, `meta_key`, `meta_value`, `reference_id`, `reference_type`, `created_at`, `updated_at`) VALUES
(1, 'icon', '[\"far fa-star\"]', 1, 'Botble\\Ecommerce\\Models\\ProductCategory', '2021-08-24 07:56:33', '2021-08-24 07:56:33'),
(2, 'icon', '[\"wowy-font-cpu\"]', 2, 'Botble\\Ecommerce\\Models\\ProductCategory', '2021-08-24 07:56:33', '2021-08-24 07:56:33'),
(3, 'icon', '[\"wowy-font-tshirt\"]', 11, 'Botble\\Ecommerce\\Models\\ProductCategory', '2021-08-24 07:56:33', '2021-08-24 07:56:33'),
(4, 'icon', '[\"wowy-font-desktop\"]', 12, 'Botble\\Ecommerce\\Models\\ProductCategory', '2021-08-24 07:56:33', '2021-08-24 07:56:33'),
(5, 'icon', '[\"wowy-font-home\"]', 17, 'Botble\\Ecommerce\\Models\\ProductCategory', '2021-08-24 07:56:33', '2021-08-24 07:56:33'),
(6, 'icon', '[\"wowy-font-dress\"]', 18, 'Botble\\Ecommerce\\Models\\ProductCategory', '2021-08-24 07:56:33', '2021-08-24 07:56:33'),
(7, 'icon', '[\"wowy-font-diamond\"]', 19, 'Botble\\Ecommerce\\Models\\ProductCategory', '2021-08-24 07:56:33', '2021-08-24 07:56:33'),
(8, 'icon', '[\"far fa-microchip\"]', 20, 'Botble\\Ecommerce\\Models\\ProductCategory', '2021-08-24 07:56:33', '2021-08-24 07:56:33'),
(9, 'icon', '[\"wowy-font-smartphone\"]', 25, 'Botble\\Ecommerce\\Models\\ProductCategory', '2021-08-24 07:56:33', '2021-08-24 07:56:33'),
(10, 'icon', '[\"wowy-font-teddy-bear\"]', 26, 'Botble\\Ecommerce\\Models\\ProductCategory', '2021-08-24 07:56:33', '2021-08-24 07:56:33'),
(11, 'icon', '[\"wowy-font-kite\"]', 27, 'Botble\\Ecommerce\\Models\\ProductCategory', '2021-08-24 07:56:33', '2021-08-24 07:56:33'),
(12, 'icon', '[\"far fa-book\"]', 28, 'Botble\\Ecommerce\\Models\\ProductCategory', '2021-08-24 07:56:33', '2021-08-24 07:56:33'),
(13, 'icon', '[\"far fa-car\"]', 29, 'Botble\\Ecommerce\\Models\\ProductCategory', '2021-08-24 07:56:33', '2021-08-24 07:56:33'),
(14, 'icon', '[\"wowy-font-home\"]', 30, 'Botble\\Ecommerce\\Models\\ProductCategory', '2021-08-24 07:56:33', '2021-08-24 07:56:33'),
(18, 'layout', '[\"product-right-sidebar\"]', 1, 'Botble\\Ecommerce\\Models\\Product', '2021-08-24 07:59:23', '2021-08-24 07:59:23'),
(19, 'layout', '[\"product-left-sidebar\"]', 2, 'Botble\\Ecommerce\\Models\\Product', '2021-08-24 07:59:23', '2021-08-24 07:59:23'),
(20, 'layout', '[\"product-full-width\"]', 3, 'Botble\\Ecommerce\\Models\\Product', '2021-08-24 07:59:23', '2021-08-24 07:59:23'),
(21, 'subtitle', '[\"Limited quantities.\"]', 1, 'Botble\\Ecommerce\\Models\\FlashSale', '2021-08-24 07:59:34', '2021-08-24 07:59:34'),
(22, 'image', '[\"flash-sales\\/1.jpg\"]', 1, 'Botble\\Ecommerce\\Models\\FlashSale', '2021-08-24 07:59:34', '2021-08-24 07:59:34'),
(23, 'subtitle', '[\"Computers & Laptop\"]', 2, 'Botble\\Ecommerce\\Models\\FlashSale', '2021-08-24 07:59:34', '2021-08-24 07:59:34'),
(24, 'image', '[\"flash-sales\\/2.jpg\"]', 2, 'Botble\\Ecommerce\\Models\\FlashSale', '2021-08-24 07:59:34', '2021-08-24 07:59:34'),
(25, 'vi_subtitle', '[\"Gi\\u1edbi h\\u1ea1n s\\u1ed1 l\\u01b0\\u1ee3ng\"]', 1, 'Botble\\Ecommerce\\Models\\FlashSale', '2021-08-24 07:59:34', '2021-08-24 07:59:34'),
(26, 'vi_subtitle', '[\"M\\u00e1y t\\u00ednh b\\u00e0n & Laptop\"]', 2, 'Botble\\Ecommerce\\Models\\FlashSale', '2021-08-24 07:59:34', '2021-08-24 07:59:34'),
(27, 'button_text', '[\"Shop now\"]', 1, 'Botble\\SimpleSlider\\Models\\SimpleSliderItem', '2021-08-24 08:00:11', '2021-08-24 08:00:11'),
(28, 'subtitle', '[\"Trade-In Offer\"]', 1, 'Botble\\SimpleSlider\\Models\\SimpleSliderItem', '2021-08-24 08:00:11', '2021-08-24 08:00:11'),
(29, 'highlight_text', '[\"On All Products\"]', 1, 'Botble\\SimpleSlider\\Models\\SimpleSliderItem', '2021-08-24 08:00:11', '2021-08-24 08:00:11'),
(30, 'button_text', '[\"Discover now\"]', 2, 'Botble\\SimpleSlider\\Models\\SimpleSliderItem', '2021-08-24 08:00:11', '2021-08-24 08:00:11'),
(31, 'subtitle', '[\"Tech Promotions\"]', 2, 'Botble\\SimpleSlider\\Models\\SimpleSliderItem', '2021-08-24 08:00:11', '2021-08-24 08:00:11'),
(32, 'highlight_text', '[\"Great Collection\"]', 2, 'Botble\\SimpleSlider\\Models\\SimpleSliderItem', '2021-08-24 08:00:11', '2021-08-24 08:00:11'),
(33, 'button_text', '[\"Shop now\"]', 3, 'Botble\\SimpleSlider\\Models\\SimpleSliderItem', '2021-08-24 08:00:11', '2021-08-24 08:00:11'),
(34, 'subtitle', '[\"Upcoming Offer\"]', 3, 'Botble\\SimpleSlider\\Models\\SimpleSliderItem', '2021-08-24 08:00:11', '2021-08-24 08:00:11'),
(35, 'highlight_text', '[\"Manufacturer\"]', 3, 'Botble\\SimpleSlider\\Models\\SimpleSliderItem', '2021-08-24 08:00:11', '2021-08-24 08:00:11'),
(36, 'simple_slider_style', '[\"style-2\"]', 2, 'Botble\\SimpleSlider\\Models\\SimpleSlider', '2021-08-24 08:00:11', '2021-08-24 08:00:11'),
(37, 'button_text', '[\"Shop now\"]', 4, 'Botble\\SimpleSlider\\Models\\SimpleSliderItem', '2021-08-24 08:00:11', '2021-08-24 08:00:11'),
(38, 'subtitle', '[\"Trade-In Offer\"]', 4, 'Botble\\SimpleSlider\\Models\\SimpleSliderItem', '2021-08-24 08:00:11', '2021-08-24 08:00:11'),
(39, 'highlight_text', '[\"On All Products\"]', 4, 'Botble\\SimpleSlider\\Models\\SimpleSliderItem', '2021-08-24 08:00:11', '2021-08-24 08:00:11'),
(40, 'button_text', '[\"Discover now\"]', 5, 'Botble\\SimpleSlider\\Models\\SimpleSliderItem', '2021-08-24 08:00:11', '2021-08-24 08:00:11'),
(41, 'subtitle', '[\"Tech Promotions\"]', 5, 'Botble\\SimpleSlider\\Models\\SimpleSliderItem', '2021-08-24 08:00:11', '2021-08-24 08:00:11'),
(42, 'highlight_text', '[\"Great Collection\"]', 5, 'Botble\\SimpleSlider\\Models\\SimpleSliderItem', '2021-08-24 08:00:11', '2021-08-24 08:00:11'),
(43, 'button_text', '[\"Shop now\"]', 6, 'Botble\\SimpleSlider\\Models\\SimpleSliderItem', '2021-08-24 08:00:11', '2021-08-24 08:00:11'),
(44, 'subtitle', '[\"Upcoming Offer\"]', 6, 'Botble\\SimpleSlider\\Models\\SimpleSliderItem', '2021-08-24 08:00:11', '2021-08-24 08:00:11'),
(45, 'highlight_text', '[\"Manufacturer\"]', 6, 'Botble\\SimpleSlider\\Models\\SimpleSliderItem', '2021-08-24 08:00:11', '2021-08-24 08:00:11'),
(46, 'simple_slider_style', '[\"style-3\"]', 3, 'Botble\\SimpleSlider\\Models\\SimpleSlider', '2021-08-24 08:00:11', '2021-08-24 08:00:11'),
(47, 'button_text', '[\"Shop now\"]', 7, 'Botble\\SimpleSlider\\Models\\SimpleSliderItem', '2021-08-24 08:00:11', '2021-08-24 08:00:11'),
(48, 'subtitle', '[\"Trade-In Offer\"]', 7, 'Botble\\SimpleSlider\\Models\\SimpleSliderItem', '2021-08-24 08:00:11', '2021-08-24 08:00:11'),
(49, 'highlight_text', '[\"On All Products\"]', 7, 'Botble\\SimpleSlider\\Models\\SimpleSliderItem', '2021-08-24 08:00:11', '2021-08-24 08:00:11'),
(50, 'button_text', '[\"Discover now\"]', 8, 'Botble\\SimpleSlider\\Models\\SimpleSliderItem', '2021-08-24 08:00:11', '2021-08-24 08:00:11'),
(51, 'subtitle', '[\"Tech Promotions\"]', 8, 'Botble\\SimpleSlider\\Models\\SimpleSliderItem', '2021-08-24 08:00:11', '2021-08-24 08:00:11'),
(52, 'highlight_text', '[\"Great Collection\"]', 8, 'Botble\\SimpleSlider\\Models\\SimpleSliderItem', '2021-08-24 08:00:11', '2021-08-24 08:00:11'),
(53, 'simple_slider_style', '[\"style-4\"]', 4, 'Botble\\SimpleSlider\\Models\\SimpleSlider', '2021-08-24 08:00:11', '2021-08-24 08:00:11'),
(54, 'button_text', '[\"Shop now\"]', 9, 'Botble\\SimpleSlider\\Models\\SimpleSliderItem', '2021-08-24 08:00:11', '2021-08-24 08:00:11'),
(55, 'subtitle', '[\"Trade-In Offer\"]', 9, 'Botble\\SimpleSlider\\Models\\SimpleSliderItem', '2021-08-24 08:00:11', '2021-08-24 08:00:11'),
(56, 'highlight_text', '[\"On All Products\"]', 9, 'Botble\\SimpleSlider\\Models\\SimpleSliderItem', '2021-08-24 08:00:11', '2021-08-24 08:00:11'),
(57, 'button_text', '[\"Discover now\"]', 10, 'Botble\\SimpleSlider\\Models\\SimpleSliderItem', '2021-08-24 08:00:11', '2021-08-24 08:00:11'),
(58, 'subtitle', '[\"Tech Promotions\"]', 10, 'Botble\\SimpleSlider\\Models\\SimpleSliderItem', '2021-08-24 08:00:12', '2021-08-24 08:00:12'),
(59, 'highlight_text', '[\"Great Collection\"]', 10, 'Botble\\SimpleSlider\\Models\\SimpleSliderItem', '2021-08-24 08:00:12', '2021-08-24 08:00:12'),
(60, 'button_text', '[\"Shop now\"]', 11, 'Botble\\SimpleSlider\\Models\\SimpleSliderItem', '2021-08-24 08:00:12', '2021-08-24 08:00:12'),
(61, 'subtitle', '[\"Upcoming Offer\"]', 11, 'Botble\\SimpleSlider\\Models\\SimpleSliderItem', '2021-08-24 08:00:12', '2021-08-24 08:00:12'),
(62, 'highlight_text', '[\"Manufacturer\"]', 11, 'Botble\\SimpleSlider\\Models\\SimpleSliderItem', '2021-08-24 08:00:12', '2021-08-24 08:00:12'),
(63, 'button_text', '[\"Mua ngay\"]', 12, 'Botble\\SimpleSlider\\Models\\SimpleSliderItem', '2021-08-24 08:00:12', '2021-08-24 08:00:12'),
(64, 'subtitle', '[\"Khuy\\u1ebfn m\\u00e3i\"]', 12, 'Botble\\SimpleSlider\\Models\\SimpleSliderItem', '2021-08-24 08:00:12', '2021-08-24 08:00:12'),
(65, 'highlight_text', '[\"T\\u1ea5t c\\u1ea3 s\\u1ea3n ph\\u1ea9m\"]', 12, 'Botble\\SimpleSlider\\Models\\SimpleSliderItem', '2021-08-24 08:00:12', '2021-08-24 08:00:12'),
(66, 'button_text', '[\"Kh\\u00e1m ph\\u00e1 ngay\"]', 13, 'Botble\\SimpleSlider\\Models\\SimpleSliderItem', '2021-08-24 08:00:12', '2021-08-24 08:00:12'),
(67, 'subtitle', '[\"Khuy\\u1ebfn m\\u00e3i s\\u1ea3n ph\\u1ea9m c\\u00f4ng ngh\\u1ec7\"]', 13, 'Botble\\SimpleSlider\\Models\\SimpleSliderItem', '2021-08-24 08:00:12', '2021-08-24 08:00:12'),
(68, 'highlight_text', '[\"B\\u1ed9 s\\u01b0u t\\u1eadp t\\u1ed1t nh\\u1ea5t\"]', 13, 'Botble\\SimpleSlider\\Models\\SimpleSliderItem', '2021-08-24 08:00:12', '2021-08-24 08:00:12'),
(69, 'button_text', '[\"Mua ngay\"]', 14, 'Botble\\SimpleSlider\\Models\\SimpleSliderItem', '2021-08-24 08:00:12', '2021-08-24 08:00:12'),
(70, 'subtitle', '[\"Khuy\\u1ebfn m\\u00e3i s\\u1eafp t\\u1edbi\"]', 14, 'Botble\\SimpleSlider\\Models\\SimpleSliderItem', '2021-08-24 08:00:12', '2021-08-24 08:00:12'),
(71, 'highlight_text', '[\"Nh\\u00e0 cung c\\u1ea5p\"]', 14, 'Botble\\SimpleSlider\\Models\\SimpleSliderItem', '2021-08-24 08:00:12', '2021-08-24 08:00:12'),
(72, 'simple_slider_style', '[\"style-2\"]', 6, 'Botble\\SimpleSlider\\Models\\SimpleSlider', '2021-08-24 08:00:12', '2021-08-24 08:00:12'),
(73, 'button_text', '[\"Mua ngay\"]', 15, 'Botble\\SimpleSlider\\Models\\SimpleSliderItem', '2021-08-24 08:00:12', '2021-08-24 08:00:12'),
(74, 'subtitle', '[\"Khuy\\u1ebfn m\\u00e3i\"]', 15, 'Botble\\SimpleSlider\\Models\\SimpleSliderItem', '2021-08-24 08:00:12', '2021-08-24 08:00:12'),
(75, 'highlight_text', '[\"T\\u1ea5t c\\u1ea3 s\\u1ea3n ph\\u1ea9m\"]', 15, 'Botble\\SimpleSlider\\Models\\SimpleSliderItem', '2021-08-24 08:00:12', '2021-08-24 08:00:12'),
(76, 'button_text', '[\"Kh\\u00e1m ph\\u00e1 ngay\"]', 16, 'Botble\\SimpleSlider\\Models\\SimpleSliderItem', '2021-08-24 08:00:12', '2021-08-24 08:00:12'),
(77, 'subtitle', '[\"Khuy\\u1ebfn m\\u00e3i s\\u1ea3n ph\\u1ea9m c\\u00f4ng ngh\\u1ec7\"]', 16, 'Botble\\SimpleSlider\\Models\\SimpleSliderItem', '2021-08-24 08:00:12', '2021-08-24 08:00:12'),
(78, 'highlight_text', '[\"B\\u1ed9 s\\u01b0u t\\u1eadp t\\u1ed1t nh\\u1ea5t\"]', 16, 'Botble\\SimpleSlider\\Models\\SimpleSliderItem', '2021-08-24 08:00:12', '2021-08-24 08:00:12'),
(79, 'button_text', '[\"Mua ngay\"]', 17, 'Botble\\SimpleSlider\\Models\\SimpleSliderItem', '2021-08-24 08:00:12', '2021-08-24 08:00:12'),
(80, 'subtitle', '[\"Khuy\\u1ebfn m\\u00e3i s\\u1eafp t\\u1edbi\"]', 17, 'Botble\\SimpleSlider\\Models\\SimpleSliderItem', '2021-08-24 08:00:12', '2021-08-24 08:00:12'),
(81, 'highlight_text', '[\"Nh\\u00e0 cung c\\u1ea5p\"]', 17, 'Botble\\SimpleSlider\\Models\\SimpleSliderItem', '2021-08-24 08:00:12', '2021-08-24 08:00:12'),
(82, 'simple_slider_style', '[\"style-3\"]', 7, 'Botble\\SimpleSlider\\Models\\SimpleSlider', '2021-08-24 08:00:12', '2021-08-24 08:00:12'),
(83, 'button_text', '[\"Mua ngay\"]', 18, 'Botble\\SimpleSlider\\Models\\SimpleSliderItem', '2021-08-24 08:00:12', '2021-08-24 08:00:12'),
(84, 'subtitle', '[\"Khuy\\u1ebfn m\\u00e3i\"]', 18, 'Botble\\SimpleSlider\\Models\\SimpleSliderItem', '2021-08-24 08:00:12', '2021-08-24 08:00:12'),
(85, 'highlight_text', '[\"T\\u1ea5t c\\u1ea3 s\\u1ea3n ph\\u1ea9m\"]', 18, 'Botble\\SimpleSlider\\Models\\SimpleSliderItem', '2021-08-24 08:00:12', '2021-08-24 08:00:12'),
(86, 'button_text', '[\"Kh\\u00e1m ph\\u00e1 ngay\"]', 19, 'Botble\\SimpleSlider\\Models\\SimpleSliderItem', '2021-08-24 08:00:12', '2021-08-24 08:00:12'),
(87, 'subtitle', '[\"Khuy\\u1ebfn m\\u00e3i s\\u1ea3n ph\\u1ea9m c\\u00f4ng ngh\\u1ec7\"]', 19, 'Botble\\SimpleSlider\\Models\\SimpleSliderItem', '2021-08-24 08:00:12', '2021-08-24 08:00:12'),
(88, 'highlight_text', '[\"B\\u1ed9 s\\u01b0u t\\u1eadp t\\u1ed1t nh\\u1ea5t\"]', 19, 'Botble\\SimpleSlider\\Models\\SimpleSliderItem', '2021-08-24 08:00:12', '2021-08-24 08:00:12'),
(89, 'simple_slider_style', '[\"style-4\"]', 8, 'Botble\\SimpleSlider\\Models\\SimpleSlider', '2021-08-24 08:00:12', '2021-08-24 08:00:12'),
(90, 'button_text', '[\"Mua ngay\"]', 20, 'Botble\\SimpleSlider\\Models\\SimpleSliderItem', '2021-08-24 08:00:12', '2021-08-24 08:00:12'),
(91, 'subtitle', '[\"Khuy\\u1ebfn m\\u00e3i\"]', 20, 'Botble\\SimpleSlider\\Models\\SimpleSliderItem', '2021-08-24 08:00:12', '2021-08-24 08:00:12'),
(92, 'highlight_text', '[\"T\\u1ea5t c\\u1ea3 s\\u1ea3n ph\\u1ea9m\"]', 20, 'Botble\\SimpleSlider\\Models\\SimpleSliderItem', '2021-08-24 08:00:12', '2021-08-24 08:00:12'),
(93, 'button_text', '[\"Kh\\u00e1m ph\\u00e1 ngay\"]', 21, 'Botble\\SimpleSlider\\Models\\SimpleSliderItem', '2021-08-24 08:00:12', '2021-08-24 08:00:12'),
(94, 'subtitle', '[\"Khuy\\u1ebfn m\\u00e3i s\\u1ea3n ph\\u1ea9m c\\u00f4ng ngh\\u1ec7\"]', 21, 'Botble\\SimpleSlider\\Models\\SimpleSliderItem', '2021-08-24 08:00:12', '2021-08-24 08:00:12'),
(95, 'highlight_text', '[\"B\\u1ed9 s\\u01b0u t\\u1eadp t\\u1ed1t nh\\u1ea5t\"]', 21, 'Botble\\SimpleSlider\\Models\\SimpleSliderItem', '2021-08-24 08:00:12', '2021-08-24 08:00:12'),
(96, 'button_text', '[\"Mua ngay\"]', 22, 'Botble\\SimpleSlider\\Models\\SimpleSliderItem', '2021-08-24 08:00:12', '2021-08-24 08:00:12'),
(97, 'subtitle', '[\"Khuy\\u1ebfn m\\u00e3i s\\u1eafp t\\u1edbi\"]', 22, 'Botble\\SimpleSlider\\Models\\SimpleSliderItem', '2021-08-24 08:00:12', '2021-08-24 08:00:12'),
(98, 'highlight_text', '[\"Nh\\u00e0 cung c\\u1ea5p\"]', 22, 'Botble\\SimpleSlider\\Models\\SimpleSliderItem', '2021-08-24 08:00:12', '2021-08-24 08:00:12'),
(99, 'layout', '[\"blog-right-sidebar\"]', 1, 'Botble\\Blog\\Models\\Post', '2021-08-24 08:00:26', '2021-08-24 08:00:26'),
(100, 'layout', '[\"blog-left-sidebar\"]', 2, 'Botble\\Blog\\Models\\Post', '2021-08-24 08:00:26', '2021-08-24 08:00:26'),
(101, 'layout', '[\"blog-full-width\"]', 3, 'Botble\\Blog\\Models\\Post', '2021-08-24 08:00:26', '2021-08-24 08:00:26'),
(102, 'layout', '[\"blog-full-width\"]', 4, 'Botble\\Blog\\Models\\Post', '2021-08-24 08:00:26', '2021-08-24 08:00:26'),
(103, 'layout', '[\"blog-right-sidebar\"]', 12, 'Botble\\Blog\\Models\\Post', '2021-08-24 08:00:27', '2021-08-24 08:00:27'),
(104, 'layout', '[\"blog-left-sidebar\"]', 13, 'Botble\\Blog\\Models\\Post', '2021-08-24 08:00:27', '2021-08-24 08:00:27'),
(105, 'layout', '[\"blog-full-width\"]', 14, 'Botble\\Blog\\Models\\Post', '2021-08-24 08:00:27', '2021-08-24 08:00:27'),
(106, 'layout', '[\"blog-full-width\"]', 15, 'Botble\\Blog\\Models\\Post', '2021-08-24 08:00:27', '2021-08-24 08:00:27'),
(107, 'header_style', '[\"header-style-2\"]', 2, 'Botble\\Page\\Models\\Page', '2021-08-24 08:00:27', '2021-08-24 08:00:27'),
(108, 'expanding_product_categories_on_the_homepage', '[\"yes\"]', 2, 'Botble\\Page\\Models\\Page', '2021-08-24 08:00:27', '2021-08-24 08:00:27'),
(109, 'header_style', '[\"header-style-3\"]', 3, 'Botble\\Page\\Models\\Page', '2021-08-24 08:00:27', '2021-08-24 08:00:27'),
(110, 'header_style', '[\"header-style-4\"]', 4, 'Botble\\Page\\Models\\Page', '2021-08-24 08:00:27', '2021-08-24 08:00:27'),
(111, 'header_style', '[\"header-style-2\"]', 15, 'Botble\\Page\\Models\\Page', '2021-08-24 08:00:27', '2021-08-24 08:00:27'),
(112, 'expanding_product_categories_on_the_homepage', '[\"yes\"]', 15, 'Botble\\Page\\Models\\Page', '2021-08-24 08:00:27', '2021-08-24 08:00:27'),
(113, 'header_style', '[\"header-style-3\"]', 16, 'Botble\\Page\\Models\\Page', '2021-08-24 08:00:27', '2021-08-24 08:00:27'),
(114, 'header_style', '[\"header-style-4\"]', 17, 'Botble\\Page\\Models\\Page', '2021-08-24 08:00:27', '2021-08-24 08:00:27'),
(115, 'button_text', '[\"Shop now\"]', 1, 'Botble\\Ads\\Models\\Ads', '2021-08-24 08:00:33', '2021-08-24 08:00:33'),
(116, 'subtitle', '[\"Save 20% on\\niPhone 12\"]', 1, 'Botble\\Ads\\Models\\Ads', '2021-08-24 08:00:33', '2021-08-24 08:00:33'),
(117, 'button_text', '[\"Shop now\"]', 2, 'Botble\\Ads\\Models\\Ads', '2021-08-24 08:00:33', '2021-08-24 08:00:33'),
(118, 'subtitle', '[\"Great Camera\\nCollection\"]', 2, 'Botble\\Ads\\Models\\Ads', '2021-08-24 08:00:33', '2021-08-24 08:00:33'),
(119, 'button_text', '[\"Shop now\"]', 3, 'Botble\\Ads\\Models\\Ads', '2021-08-24 08:00:33', '2021-08-24 08:00:33'),
(120, 'subtitle', '[\"Shop Today\\u2019s\\nDeals & Offers\"]', 3, 'Botble\\Ads\\Models\\Ads', '2021-08-24 08:00:33', '2021-08-24 08:00:33'),
(121, 'button_text', '[\"Shop now\"]', 4, 'Botble\\Ads\\Models\\Ads', '2021-08-24 08:00:33', '2021-08-24 08:00:33'),
(122, 'subtitle', '[\"Save 17% on\\nAssus Laptop\"]', 4, 'Botble\\Ads\\Models\\Ads', '2021-08-24 08:00:33', '2021-08-24 08:00:33'),
(123, 'button_text', '[\"Shop now\"]', 5, 'Botble\\Ads\\Models\\Ads', '2021-08-24 08:00:33', '2021-08-24 08:00:33'),
(124, 'subtitle', '[\"Save 20% on\\niPhone 12\"]', 5, 'Botble\\Ads\\Models\\Ads', '2021-08-24 08:00:33', '2021-08-24 08:00:33'),
(125, 'button_text', '[\"Learn more\"]', 6, 'Botble\\Ads\\Models\\Ads', '2021-08-24 08:00:33', '2021-08-24 08:00:33'),
(126, 'subtitle', '[\"We\'re an Apple\\nAuthorised Service Provider\"]', 6, 'Botble\\Ads\\Models\\Ads', '2021-08-24 08:00:33', '2021-08-24 08:00:33');

-- --------------------------------------------------------

--
